{"id":1046,"date":"2020-09-23T07:42:14","date_gmt":"2020-09-23T05:42:14","guid":{"rendered":"https:\/\/avp.ro\/?page_id=1046"},"modified":"2025-02-13T10:11:15","modified_gmt":"2025-02-13T08:11:15","slug":"lista-documentelor-de-interes-public-elaborate-de-institutia-avocatul-poporului","status":"publish","type":"page","link":"https:\/\/avp.ro\/index.php\/lista-documentelor-de-interes-public-elaborate-de-institutia-avocatul-poporului\/","title":{"rendered":"Lista documentelor de interes public elaborate de institu\u021bia Avocatul Poporului"},"content":{"rendered":"<p align=\"center\"><strong>\u00a0<\/strong><\/p>\n<p><strong>I. Documentele privind activitatea institu\u0163iei Avocatul Poporului:<\/strong><\/p>\n<p>a.\u00a0<a href=\"https:\/\/avp.ro\/index.php\/activitatea-avp\/rapoarte-anuale\/\">Raportul anual \u2013 se public\u0103 \u00een Monitorul Oficial al Rom\u00e2niei, Partea a II-a, dup\u0103 aprobarea lui \u00een \u015fedin\u0163a comun\u0103 a Camerei Deputa\u0163ilor \u015fi Senatului;<\/a><\/p>\n<p>b.\u00a0<a href=\"https:\/\/avp.ro\/index.php\/activitatea-avp\/rapoarte-speciale\/\">Rapoartele speciale;<\/a><\/p>\n<p>c.\u00a0<a href=\"https:\/\/avp.ro\/index.php\/activitatea-avp\/recomandari\/\">Recomand\u0103rile;<\/a><\/p>\n<p>d.\u00a0<a href=\"https:\/\/avp.ro\/index.php\/activitatea-avp\/rapoarte-anuale\/\">Situa\u0163iile statistice privind audien\u0163ele \u015fi dispecerat;<\/a><\/p>\n<p><a href=\"https:\/\/old.avpoporului.ro\/index.php?option=com_content&amp;view=article&amp;id=274&amp;Itemid=40&amp;lang=ro-ro\">e. Ordinele privind organizarea \u015fi func\u0163ionarea institu\u0163iei Avocatul Poporului.<\/a><\/p>\n<p>&nbsp;<\/p>\n<p><strong>II. Documentele privind rela\u0163iile externe \u015fi protocol:<\/strong><\/p>\n<p>a. Programul deplas\u0103rilor \u015fi primirilor delega\u0163iilor str\u0103ine;<\/p>\n<p>b. Componen\u0163a delega\u0163iilor participante la ac\u0163iuni interne \u015fi externe;<\/p>\n<p>&nbsp;<\/p>\n<p><strong>III. Documentele privind rela\u0163iile cu presa, rela\u0163ii publice \u015fi de imagine:<\/strong><\/p>\n<p>a.\u00a0<a href=\"https:\/\/avp.ro\/index.php\/relatii-cu-presa\/comunicate-de-presa\/\">Comunicatele de pres\u0103;<\/a><\/p>\n<p>b. Acredit\u0103rile pentru ziari\u015fti;<\/p>\n<p>c. Informa\u0163ii destinate paginii de internet a institu\u0163iei Avocatul Poporului.<\/p>\n<p>&nbsp;<\/p>\n<p><strong>IV. Informa\u0163iile privind resursele umane:<\/strong><\/p>\n<p>a. <a href=\"https:\/\/avp.ro\/wp-content\/uploads\/2025\/02\/ORGANIGRAMA-FEBRUARIE-2025.pdf\">Structura organizatoric\u0103<\/a>;<\/p>\n<p>b. <a href=\"https:\/\/avp.ro\/wp-content\/uploads\/2024\/04\/atributiile-compartimentelor-din-cadrul-institutiei-.pdf\">Atribu\u0163iile compartimentelor din cadrul institu\u0163iei Avocatul Poporului<\/a>;<\/p>\n<p>c.\u00a0<a href=\"https:\/\/avp.ro\/index.php\/prezentare\/echipa-avocatului-poporului\/\">Lista cuprinz\u00e2nd numele \u015fi prenumele persoanelor din conducerea institu\u0163iei Avocatul Poporului;<\/a><\/p>\n<p>&nbsp;<\/p>\n<p><strong>V. Informa\u0163iile cu caracter economico-financiar:<\/strong><\/p>\n<p>a.\u00a0<a href=\"https:\/\/avp.ro\/index.php\/bugetul-de-cheltuieli\/\">Bugetul de cheltuieli, aprobat prin Legea bugetului de stat;<\/a><\/p>\n<p>b.\u00a0<a href=\"https:\/\/avp.ro\/index.php\/situatii-financiare-ale-institutiei-avocatul-poporului-asa-cum-se-intocmesc-si-se-prezinta-trimestrial-si-anual-la-ministerul-de-finante\/\">Situa\u021bii financiare ale institu\u021biei Avocatul Poporului, a\u015fa cum se \u00eentocmesc \u015fi se prezint\u0103 trimestrial \u0219i anual la Ministerul de Finan\u0163e;<\/a><\/p>\n<p>c.\u00a0<a href=\"https:\/\/avp.ro\/index.php\/executie-bugetara-lunara\/\">Execu\u021bie bugetar\u0103 lunar\u0103;<\/a><\/p>\n<p>d.\u00a0<a href=\"https:\/\/avp.ro\/index.php\/planul-anual-de-achizitii-publice\/\">Planul anual de achizi\u021bii publice;<\/a><\/p>\n<p>e.\u00a0<a href=\"https:\/\/avp.ro\/index.php\/resurse\/transparenta-veniturilor-salariale\/\">Transparen\u021ba salarial\u0103;<\/a><\/p>\n<p>f.\u00a0\u00a0<a href=\"https:\/\/avp.ro\/index.php\/centralizatorul-contractelor-incheiate-de-institutia-avocatul-poporului-cu-o-valoare-mai-mare-de-5-000-euro\/\">Centralizatorul contractelor \u00eencheiate de institu\u021bia Avocatul Poporului, cu o valoare mai mare de 5.000 euro.<\/a><\/p>\n<p>&nbsp;<\/p>\n","protected":false},"excerpt":{"rendered":"<p>\u00a0 I. Documentele privind activitatea institu\u0163iei Avocatul Poporului: a.\u00a0Raportul anual \u2013 se public\u0103 \u00een Monitorul Oficial al Rom\u00e2niei, Partea a II-a, dup\u0103 aprobarea lui \u00een \u015fedin\u0163a comun\u0103 a Camerei Deputa\u0163ilor&hellip; <\/p>\n","protected":false},"author":1,"featured_media":0,"parent":0,"menu_order":0,"comment_status":"closed","ping_status":"closed","template":"","meta":{"footnotes":""},"class_list":["post-1046","page","type-page","status-publish","hentry"],"yoast_head":"<!-- This site is optimized with the Yoast SEO plugin v27.4 - https:\/\/yoast.com\/product\/yoast-seo-wordpress\/ -->\n<title>Lista documentelor de interes public elaborate de institu\u021bia Avocatul Poporului - Institu\u021bia Avocatul Poporului<\/title>\n<meta name=\"robots\" content=\"index, follow, max-snippet:-1, max-image-preview:large, max-video-preview:-1\" \/>\n<link rel=\"canonical\" href=\"https:\/\/avp.ro\/index.php\/lista-documentelor-de-interes-public-elaborate-de-institutia-avocatul-poporului\/\" \/>\n<meta property=\"og:locale\" content=\"en_US\" \/>\n<meta property=\"og:type\" content=\"article\" \/>\n<meta property=\"og:title\" content=\"Lista documentelor de interes public elaborate de institu\u021bia Avocatul Poporului - Institu\u021bia Avocatul Poporului\" \/>\n<meta property=\"og:description\" content=\"\u00a0 I. Documentele privind activitatea institu\u0163iei Avocatul Poporului: a.\u00a0Raportul anual \u2013 se public\u0103 \u00een Monitorul Oficial al Rom\u00e2niei, Partea a II-a, dup\u0103 aprobarea lui \u00een \u015fedin\u0163a comun\u0103 a Camerei Deputa\u0163ilor&hellip;\" \/>\n<meta property=\"og:url\" content=\"https:\/\/avp.ro\/index.php\/lista-documentelor-de-interes-public-elaborate-de-institutia-avocatul-poporului\/\" \/>\n<meta property=\"og:site_name\" content=\"Institu\u021bia Avocatul Poporului\" \/>\n<meta property=\"article:modified_time\" content=\"2025-02-13T08:11:15+00:00\" \/>\n<meta name=\"twitter:card\" content=\"summary_large_image\" \/>\n<meta name=\"twitter:label1\" content=\"Est. reading time\" \/>\n\t<meta name=\"twitter:data1\" content=\"1 minute\" \/>\n<script type=\"application\/ld+json\" class=\"yoast-schema-graph\">{\"@context\":\"https:\\\/\\\/schema.org\",\"@graph\":[{\"@type\":\"WebPage\",\"@id\":\"https:\\\/\\\/avp.ro\\\/index.php\\\/lista-documentelor-de-interes-public-elaborate-de-institutia-avocatul-poporului\\\/\",\"url\":\"https:\\\/\\\/avp.ro\\\/index.php\\\/lista-documentelor-de-interes-public-elaborate-de-institutia-avocatul-poporului\\\/\",\"name\":\"Lista documentelor de interes public elaborate de institu\u021bia Avocatul Poporului - Institu\u021bia Avocatul Poporului\",\"isPartOf\":{\"@id\":\"https:\\\/\\\/avp.ro\\\/#website\"},\"datePublished\":\"2020-09-23T05:42:14+00:00\",\"dateModified\":\"2025-02-13T08:11:15+00:00\",\"breadcrumb\":{\"@id\":\"https:\\\/\\\/avp.ro\\\/index.php\\\/lista-documentelor-de-interes-public-elaborate-de-institutia-avocatul-poporului\\\/#breadcrumb\"},\"inLanguage\":\"en-US\",\"potentialAction\":[{\"@type\":\"ReadAction\",\"target\":[\"https:\\\/\\\/avp.ro\\\/index.php\\\/lista-documentelor-de-interes-public-elaborate-de-institutia-avocatul-poporului\\\/\"]}]},{\"@type\":\"BreadcrumbList\",\"@id\":\"https:\\\/\\\/avp.ro\\\/index.php\\\/lista-documentelor-de-interes-public-elaborate-de-institutia-avocatul-poporului\\\/#breadcrumb\",\"itemListElement\":[{\"@type\":\"ListItem\",\"position\":1,\"name\":\"Home\",\"item\":\"https:\\\/\\\/avp.ro\\\/\"},{\"@type\":\"ListItem\",\"position\":2,\"name\":\"Lista documentelor de interes public elaborate de institu\u021bia Avocatul Poporului\"}]},{\"@type\":\"WebSite\",\"@id\":\"https:\\\/\\\/avp.ro\\\/#website\",\"url\":\"https:\\\/\\\/avp.ro\\\/\",\"name\":\"Institu\u021bia Avocatul Poporului\",\"description\":\"People\u2019s Advocate institution - Office of the Ombudsman\",\"publisher\":{\"@id\":\"https:\\\/\\\/avp.ro\\\/#organization\"},\"potentialAction\":[{\"@type\":\"SearchAction\",\"target\":{\"@type\":\"EntryPoint\",\"urlTemplate\":\"https:\\\/\\\/avp.ro\\\/?s={search_term_string}\"},\"query-input\":{\"@type\":\"PropertyValueSpecification\",\"valueRequired\":true,\"valueName\":\"search_term_string\"}}],\"inLanguage\":\"en-US\"},{\"@type\":\"Organization\",\"@id\":\"https:\\\/\\\/avp.ro\\\/#organization\",\"name\":\"Institutia Avocatul Poporului\",\"url\":\"https:\\\/\\\/avp.ro\\\/\",\"logo\":{\"@type\":\"ImageObject\",\"inLanguage\":\"en-US\",\"@id\":\"https:\\\/\\\/avp.ro\\\/#\\\/schema\\\/logo\\\/image\\\/\",\"url\":\"https:\\\/\\\/avp.ro\\\/wp-content\\\/uploads\\\/2020\\\/09\\\/cropped-AP.jpg\",\"contentUrl\":\"https:\\\/\\\/avp.ro\\\/wp-content\\\/uploads\\\/2020\\\/09\\\/cropped-AP.jpg\",\"width\":160,\"height\":146,\"caption\":\"Institutia Avocatul Poporului\"},\"image\":{\"@id\":\"https:\\\/\\\/avp.ro\\\/#\\\/schema\\\/logo\\\/image\\\/\"}}]}<\/script>\n<!-- \/ Yoast SEO plugin. -->","yoast_head_json":{"title":"Lista documentelor de interes public elaborate de institu\u021bia Avocatul Poporului - Institu\u021bia Avocatul Poporului","robots":{"index":"index","follow":"follow","max-snippet":"max-snippet:-1","max-image-preview":"max-image-preview:large","max-video-preview":"max-video-preview:-1"},"canonical":"https:\/\/avp.ro\/index.php\/lista-documentelor-de-interes-public-elaborate-de-institutia-avocatul-poporului\/","og_locale":"en_US","og_type":"article","og_title":"Lista documentelor de interes public elaborate de institu\u021bia Avocatul Poporului - Institu\u021bia Avocatul Poporului","og_description":"\u00a0 I. Documentele privind activitatea institu\u0163iei Avocatul Poporului: a.\u00a0Raportul anual \u2013 se public\u0103 \u00een Monitorul Oficial al Rom\u00e2niei, Partea a II-a, dup\u0103 aprobarea lui \u00een \u015fedin\u0163a comun\u0103 a Camerei Deputa\u0163ilor&hellip;","og_url":"https:\/\/avp.ro\/index.php\/lista-documentelor-de-interes-public-elaborate-de-institutia-avocatul-poporului\/","og_site_name":"Institu\u021bia Avocatul Poporului","article_modified_time":"2025-02-13T08:11:15+00:00","twitter_card":"summary_large_image","twitter_misc":{"Est. reading time":"1 minute"},"schema":{"@context":"https:\/\/schema.org","@graph":[{"@type":"WebPage","@id":"https:\/\/avp.ro\/index.php\/lista-documentelor-de-interes-public-elaborate-de-institutia-avocatul-poporului\/","url":"https:\/\/avp.ro\/index.php\/lista-documentelor-de-interes-public-elaborate-de-institutia-avocatul-poporului\/","name":"Lista documentelor de interes public elaborate de institu\u021bia Avocatul Poporului - Institu\u021bia Avocatul Poporului","isPartOf":{"@id":"https:\/\/avp.ro\/#website"},"datePublished":"2020-09-23T05:42:14+00:00","dateModified":"2025-02-13T08:11:15+00:00","breadcrumb":{"@id":"https:\/\/avp.ro\/index.php\/lista-documentelor-de-interes-public-elaborate-de-institutia-avocatul-poporului\/#breadcrumb"},"inLanguage":"en-US","potentialAction":[{"@type":"ReadAction","target":["https:\/\/avp.ro\/index.php\/lista-documentelor-de-interes-public-elaborate-de-institutia-avocatul-poporului\/"]}]},{"@type":"BreadcrumbList","@id":"https:\/\/avp.ro\/index.php\/lista-documentelor-de-interes-public-elaborate-de-institutia-avocatul-poporului\/#breadcrumb","itemListElement":[{"@type":"ListItem","position":1,"name":"Home","item":"https:\/\/avp.ro\/"},{"@type":"ListItem","position":2,"name":"Lista documentelor de interes public elaborate de institu\u021bia Avocatul Poporului"}]},{"@type":"WebSite","@id":"https:\/\/avp.ro\/#website","url":"https:\/\/avp.ro\/","name":"Institu\u021bia Avocatul Poporului","description":"People\u2019s Advocate institution - Office of the Ombudsman","publisher":{"@id":"https:\/\/avp.ro\/#organization"},"potentialAction":[{"@type":"SearchAction","target":{"@type":"EntryPoint","urlTemplate":"https:\/\/avp.ro\/?s={search_term_string}"},"query-input":{"@type":"PropertyValueSpecification","valueRequired":true,"valueName":"search_term_string"}}],"inLanguage":"en-US"},{"@type":"Organization","@id":"https:\/\/avp.ro\/#organization","name":"Institutia Avocatul Poporului","url":"https:\/\/avp.ro\/","logo":{"@type":"ImageObject","inLanguage":"en-US","@id":"https:\/\/avp.ro\/#\/schema\/logo\/image\/","url":"https:\/\/avp.ro\/wp-content\/uploads\/2020\/09\/cropped-AP.jpg","contentUrl":"https:\/\/avp.ro\/wp-content\/uploads\/2020\/09\/cropped-AP.jpg","width":160,"height":146,"caption":"Institutia Avocatul Poporului"},"image":{"@id":"https:\/\/avp.ro\/#\/schema\/logo\/image\/"}}]}},"_links":{"self":[{"href":"https:\/\/avp.ro\/index.php\/wp-json\/wp\/v2\/pages\/1046","targetHints":{"allow":["GET"]}}],"collection":[{"href":"https:\/\/avp.ro\/index.php\/wp-json\/wp\/v2\/pages"}],"about":[{"href":"https:\/\/avp.ro\/index.php\/wp-json\/wp\/v2\/types\/page"}],"author":[{"embeddable":true,"href":"https:\/\/avp.ro\/index.php\/wp-json\/wp\/v2\/users\/1"}],"replies":[{"embeddable":true,"href":"https:\/\/avp.ro\/index.php\/wp-json\/wp\/v2\/comments?post=1046"}],"version-history":[{"count":26,"href":"https:\/\/avp.ro\/index.php\/wp-json\/wp\/v2\/pages\/1046\/revisions"}],"predecessor-version":[{"id":13157,"href":"https:\/\/avp.ro\/index.php\/wp-json\/wp\/v2\/pages\/1046\/revisions\/13157"}],"wp:attachment":[{"href":"https:\/\/avp.ro\/index.php\/wp-json\/wp\/v2\/media?parent=1046"}],"curies":[{"name":"wp","href":"https:\/\/api.w.org\/{rel}","templated":true}]}}