{"id":10788,"date":"2024-02-28T12:39:11","date_gmt":"2024-02-28T10:39:11","guid":{"rendered":"https:\/\/avp.ro\/?page_id=10788"},"modified":"2025-07-24T10:57:34","modified_gmt":"2025-07-24T08:57:34","slug":"centre-de-retinere-si-arestare-preventiva-2024","status":"publish","type":"page","link":"https:\/\/avp.ro\/index.php\/centre-de-retinere-si-arestare-preventiva-2024\/","title":{"rendered":"CENTRE DE RE\u021aINERE \u0218I ARESTARE PREVENTIV\u0102 2024"},"content":{"rendered":"<p>11. <a href=\"https:\/\/avp.ro\/wp-content\/uploads\/2025\/01\/RV-IPJ-CRAP-CJ.pdf\">Raportul privind vizita efectuat\u0103 la Centrul de Re\u021binere \u0219i Arestare Preventiv\u0103 din cadrul IPJ Cluj<\/a><\/p>\n<p style=\"padding-left: 40px;\"><a href=\"https:\/\/avp.ro\/wp-content\/uploads\/2025\/02\/Rasp-IPJ-CRAP-CJ.pdf\">-R\u0103spunsul conducerii Inspectoratului de Poli\u021bie Jude\u021bean Cluj, privind vizita la Centrul de Re\u021binere \u0219i Arestare Preventiv\u0103 Cluj<\/a><\/p>\n<p style=\"padding-left: 40px;\"><a href=\"https:\/\/avp.ro\/wp-content\/uploads\/2025\/07\/Rasp-revenire-IPJ-CRAP-CJ-.pdf\">-R\u0103spunsul conducerii Inspectoratului de Poli\u021bie Jude\u021bean Cluj, urmare a efectu\u0103rii unui demers suplimentar privind implementarea recomand\u0103rilor din Raportul de vizit\u0103 la Centrul de Re\u021binere \u0219i Arestare Preventiv\u0103 Cluj<\/a><\/p>\n<p>10. <a href=\"https:\/\/avp.ro\/wp-content\/uploads\/2024\/11\/Raport-CRAP-Olt-APROBAT-afisare-site.pdf\">Raportul privind vizita efectuat\u0103 la Centrul de Re\u021binere \u0219i Arestare Preventiv\u0103 Olt, din cadrul IPJ Olt<\/a><\/p>\n<p style=\"padding-left: 40px;\"><a href=\"https:\/\/avp.ro\/wp-content\/uploads\/2025\/06\/Raspuns-recomandari-IPJ-CRAP-OLT.pdf\">-R\u0103spunsul conducerii Centrului de Re\u021binere \u0219i Arestare Preventiv\u0103 (CRAP) Olt, din cadrul IPJ Olt<\/a><\/p>\n<p>9. <a href=\"https:\/\/avp.ro\/wp-content\/uploads\/2024\/09\/raspuns-crap-tulcea.pdf\">Raportul privind vizita efectuat\u0103 la Centrul de Re\u021binere \u0219i Arestare Preventiv\u0103 Tulcea<\/a><\/p>\n<p style=\"padding-left: 40px;\"><a href=\"https:\/\/avp.ro\/wp-content\/uploads\/2024\/10\/raspuns-9-crap-tulcea.pdf\">&#8211; R\u0103spunsul Centrului de Re\u021binere \u0219i Arestare Preventiv\u0103 Tulcea<\/a><\/p>\n<p>8. <a href=\"https:\/\/avp.ro\/wp-content\/uploads\/2024\/08\/Raport-de-vizita-IPJ-CRAP-Bihor.pdf\">Raportul privind vizita efectuat\u0103 la Centrul de Re\u021binere \u0219i Arestare Preventiv\u0103 din cadrul Inspectoratului de Poli\u021bie Jude\u021bean Bihor<\/a><\/p>\n<p style=\"padding-left: 40px;\"><a href=\"https:\/\/avp.ro\/wp-content\/uploads\/2024\/08\/Rasp-IPJ-CRAP-BH.pdf\">-R\u0103spunsul conducerii Inspectoratului de Poli\u021bie Jude\u021bean Bihor privind vizita la Centrul de Re\u021binere \u0219i Arestare Preventiv\u0103 Bihor<\/a><\/p>\n<p>7. <a href=\"https:\/\/avp.ro\/wp-content\/uploads\/2024\/07\/RV-CRAP-1-Buc_16.05.2024_jurist_BLURAT.pdf\">Raportul privind vizita efectuat\u0103 la Centrul de Re\u021binere \u0219i Arestare Preventiv\u0103 Nr. 1 Bucure\u0219ti din cadrul D.G.P.M.B.<\/a><\/p>\n<p style=\"padding-left: 40px;\"><a href=\"https:\/\/avp.ro\/wp-content\/uploads\/2024\/08\/Raspuns-DGPMB-pt-CRAP-1-Buc._24335_02.08.2024.pdf\">-R\u0103spunsul D.G.P.M.B. pentru Centrul de Re\u021binere \u0219i Arestare Preventiv\u0103 Nr. 1 Bucure\u0219ti<\/a><\/p>\n<p>6. <a href=\"https:\/\/avp.ro\/wp-content\/uploads\/2024\/06\/RV-CRAP-Buzau-din-2024.pdf\">Raportul privind vizita efectuat\u0103 la Centrul de Re\u021binere \u0219i Arestare Preventiv\u0103 din cadrul I.P.J. Buz\u0103u<\/a><\/p>\n<p style=\"padding-left: 40px;\"><a href=\"https:\/\/avp.ro\/wp-content\/uploads\/2024\/07\/Rsp-CRAP-BZ-21338.pdf\">-R\u0103spunsul Centrului de Re\u021binere \u0219i Arestare Preventiv\u0103 Buz\u0103u\u00a0<\/a><\/p>\n<p style=\"padding-left: 40px;\"><a href=\"https:\/\/avp.ro\/wp-content\/uploads\/2024\/07\/Rsp-CMJ-Buzau-21338-1.pdf\">-R\u0103spunsul Centrului Medical Jude\u021bean Buz\u0103u<\/a><\/p>\n<p>5. <a href=\"https:\/\/avp.ro\/wp-content\/uploads\/2024\/04\/CRAP-Teleorman.pdf\">Raportul privind vizita efectuat\u0103 la Centrul de Re\u021binere \u0219i Arestare Preventiv\u0103 Teleorman<\/a><\/p>\n<p style=\"padding-left: 40px;\"><a href=\"https:\/\/avp.ro\/wp-content\/uploads\/2024\/05\/Raspuns-CRAP-Telorman.pdf\">-R\u0103spunsul Centrului de Re\u021binere \u0219i Arestare Preventiv\u0103 Teleorman<\/a><\/p>\n<p>4. <a href=\"https:\/\/avp.ro\/wp-content\/uploads\/2024\/04\/Raport-vizita-CRAP-PH.pdf\">Raportul privind vizita efectuat\u0103 la Centrul de Re\u021binere \u0219i Arestare Preventiv\u0103 din cadrul Inspectoratului Jude\u021bean de Poli\u021bie Prahova<\/a><\/p>\n<p style=\"padding-left: 40px;\"><a href=\"https:\/\/avp.ro\/wp-content\/uploads\/2024\/06\/Raspuns-IPJ-Prahova.pdf\">-R\u0103spunsul I.P.J. Prahova\u00a0<\/a><\/p>\n<p>3. <a href=\"https:\/\/avp.ro\/wp-content\/uploads\/2024\/04\/RV-CRAP-DB-28_03_2024.pdf\">Raportul privind vizita efectuat\u0103 la Centrul de Re\u021binere \u0219i Arestare Preventiv\u0103 D\u00e2mbovi\u021ba<\/a><\/p>\n<p style=\"padding-left: 40px;\"><a href=\"https:\/\/avp.ro\/wp-content\/uploads\/2024\/06\/Raspuns-IGPR-pt-CRAP-DB-16272_2024.pdf\">-R\u0103spunsul Inspectoratului General al Poli\u021biei Rom\u00e2ne<\/a><\/p>\n<p style=\"padding-left: 40px;\"><a href=\"https:\/\/avp.ro\/wp-content\/uploads\/2024\/06\/Raspuns-CRAP-DB-16246_22.05.2024.pdf\">-R\u0103spunsul Centrului de Re\u021binere \u0219i Arestare Preventiv\u0103 D\u00e2mbovi\u021ba<\/a><\/p>\n<p style=\"padding-left: 40px;\"><a href=\"https:\/\/avp.ro\/wp-content\/uploads\/2024\/06\/Raspuns-Dir-Med-MAI_19119_17062024.pdf\">-R\u0103spunsul Direc\u021biei Medicale a Ministerului Afacerilor Interne<\/a><\/p>\n<p>2. <a href=\"https:\/\/avp.ro\/wp-content\/uploads\/2024\/04\/crap-Calarasi.pdf\">Raportul privind vizita efectuat\u0103 la Centrul de Re\u021binere \u0219i Arestare Preventiv\u0103 C\u0103l\u0103ra\u0219i<\/a><\/p>\n<p style=\"padding-left: 40px;\"><a href=\"https:\/\/avp.ro\/wp-content\/uploads\/2024\/05\/Raspuns-CRAP-Calarasi.pdf\">-R\u0103spunsul Centrului de Re\u021binere \u0219i Arestare Preventiv\u0103 C\u0103l\u0103ra\u0219i<\/a><\/p>\n<p>1. <a href=\"https:\/\/avp.ro\/wp-content\/uploads\/2024\/02\/Raport-vizita-CRAP-Bacau.pdf\">Raportul privind vizita efectuat\u0103 la Centrul de Re\u021binere \u0219i Arestare Preventiv\u0103 Bac\u0103u<\/a><\/p>\n<p style=\"padding-left: 40px;\"><a href=\"https:\/\/avp.ro\/wp-content\/uploads\/2024\/04\/Raspuns-IPJ-Bacau.pdf\">-R\u0103spunsul conducerii Inspectoratului Jude\u021bean de Poli\u021bie Bac\u0103u, 16 aprilie 2024<\/a><\/p>\n<p style=\"padding-left: 40px;\"><a href=\"https:\/\/avp.ro\/wp-content\/uploads\/2024\/06\/Raspuns-IPJ-Bacau.pdf\">-R\u0103spunsul conducerii Inspectoratului Jude\u021bean de Poli\u021bie Bac\u0103u, 5 iunie 2024<\/a><\/p>\n<p>&nbsp;<\/p>\n","protected":false},"excerpt":{"rendered":"<p>11. Raportul privind vizita efectuat\u0103 la Centrul de Re\u021binere \u0219i Arestare Preventiv\u0103 din cadrul IPJ Cluj -R\u0103spunsul conducerii Inspectoratului de Poli\u021bie Jude\u021bean Cluj, privind vizita la Centrul de Re\u021binere \u0219i&hellip; <\/p>\n","protected":false},"author":1,"featured_media":0,"parent":0,"menu_order":0,"comment_status":"closed","ping_status":"closed","template":"","meta":{"footnotes":""},"class_list":["post-10788","page","type-page","status-publish","hentry"],"yoast_head":"<!-- This site is optimized with the Yoast SEO plugin v27.3 - https:\/\/yoast.com\/product\/yoast-seo-wordpress\/ -->\n<title>CENTRE DE RE\u021aINERE \u0218I ARESTARE PREVENTIV\u0102 2024 - Institu\u021bia Avocatul Poporului<\/title>\n<meta name=\"robots\" content=\"index, follow, max-snippet:-1, max-image-preview:large, max-video-preview:-1\" \/>\n<link rel=\"canonical\" href=\"https:\/\/avp.ro\/index.php\/centre-de-retinere-si-arestare-preventiva-2024\/\" \/>\n<meta property=\"og:locale\" content=\"en_US\" \/>\n<meta property=\"og:type\" content=\"article\" \/>\n<meta property=\"og:title\" content=\"CENTRE DE RE\u021aINERE \u0218I ARESTARE PREVENTIV\u0102 2024 - Institu\u021bia Avocatul Poporului\" \/>\n<meta property=\"og:description\" content=\"11. Raportul privind vizita efectuat\u0103 la Centrul de Re\u021binere \u0219i Arestare Preventiv\u0103 din cadrul IPJ Cluj -R\u0103spunsul conducerii Inspectoratului de Poli\u021bie Jude\u021bean Cluj, privind vizita la Centrul de Re\u021binere \u0219i&hellip;\" \/>\n<meta property=\"og:url\" content=\"https:\/\/avp.ro\/index.php\/centre-de-retinere-si-arestare-preventiva-2024\/\" \/>\n<meta property=\"og:site_name\" content=\"Institu\u021bia Avocatul Poporului\" \/>\n<meta property=\"article:modified_time\" content=\"2025-07-24T08:57:34+00:00\" \/>\n<meta name=\"twitter:card\" content=\"summary_large_image\" \/>\n<meta name=\"twitter:label1\" content=\"Est. reading time\" \/>\n\t<meta name=\"twitter:data1\" content=\"2 minutes\" \/>\n<script type=\"application\/ld+json\" class=\"yoast-schema-graph\">{\"@context\":\"https:\\\/\\\/schema.org\",\"@graph\":[{\"@type\":\"WebPage\",\"@id\":\"https:\\\/\\\/avp.ro\\\/index.php\\\/centre-de-retinere-si-arestare-preventiva-2024\\\/\",\"url\":\"https:\\\/\\\/avp.ro\\\/index.php\\\/centre-de-retinere-si-arestare-preventiva-2024\\\/\",\"name\":\"CENTRE DE RE\u021aINERE \u0218I ARESTARE PREVENTIV\u0102 2024 - Institu\u021bia Avocatul Poporului\",\"isPartOf\":{\"@id\":\"https:\\\/\\\/avp.ro\\\/#website\"},\"datePublished\":\"2024-02-28T10:39:11+00:00\",\"dateModified\":\"2025-07-24T08:57:34+00:00\",\"breadcrumb\":{\"@id\":\"https:\\\/\\\/avp.ro\\\/index.php\\\/centre-de-retinere-si-arestare-preventiva-2024\\\/#breadcrumb\"},\"inLanguage\":\"en-US\",\"potentialAction\":[{\"@type\":\"ReadAction\",\"target\":[\"https:\\\/\\\/avp.ro\\\/index.php\\\/centre-de-retinere-si-arestare-preventiva-2024\\\/\"]}]},{\"@type\":\"BreadcrumbList\",\"@id\":\"https:\\\/\\\/avp.ro\\\/index.php\\\/centre-de-retinere-si-arestare-preventiva-2024\\\/#breadcrumb\",\"itemListElement\":[{\"@type\":\"ListItem\",\"position\":1,\"name\":\"Home\",\"item\":\"https:\\\/\\\/avp.ro\\\/\"},{\"@type\":\"ListItem\",\"position\":2,\"name\":\"CENTRE DE RE\u021aINERE \u0218I ARESTARE PREVENTIV\u0102 2024\"}]},{\"@type\":\"WebSite\",\"@id\":\"https:\\\/\\\/avp.ro\\\/#website\",\"url\":\"https:\\\/\\\/avp.ro\\\/\",\"name\":\"Institu\u021bia Avocatul Poporului\",\"description\":\"People\u2019s Advocate institution - Office of the Ombudsman\",\"publisher\":{\"@id\":\"https:\\\/\\\/avp.ro\\\/#organization\"},\"potentialAction\":[{\"@type\":\"SearchAction\",\"target\":{\"@type\":\"EntryPoint\",\"urlTemplate\":\"https:\\\/\\\/avp.ro\\\/?s={search_term_string}\"},\"query-input\":{\"@type\":\"PropertyValueSpecification\",\"valueRequired\":true,\"valueName\":\"search_term_string\"}}],\"inLanguage\":\"en-US\"},{\"@type\":\"Organization\",\"@id\":\"https:\\\/\\\/avp.ro\\\/#organization\",\"name\":\"Institutia Avocatul Poporului\",\"url\":\"https:\\\/\\\/avp.ro\\\/\",\"logo\":{\"@type\":\"ImageObject\",\"inLanguage\":\"en-US\",\"@id\":\"https:\\\/\\\/avp.ro\\\/#\\\/schema\\\/logo\\\/image\\\/\",\"url\":\"https:\\\/\\\/avp.ro\\\/wp-content\\\/uploads\\\/2020\\\/09\\\/cropped-AP.jpg\",\"contentUrl\":\"https:\\\/\\\/avp.ro\\\/wp-content\\\/uploads\\\/2020\\\/09\\\/cropped-AP.jpg\",\"width\":160,\"height\":146,\"caption\":\"Institutia Avocatul Poporului\"},\"image\":{\"@id\":\"https:\\\/\\\/avp.ro\\\/#\\\/schema\\\/logo\\\/image\\\/\"}}]}<\/script>\n<!-- \/ Yoast SEO plugin. -->","yoast_head_json":{"title":"CENTRE DE RE\u021aINERE \u0218I ARESTARE PREVENTIV\u0102 2024 - Institu\u021bia Avocatul Poporului","robots":{"index":"index","follow":"follow","max-snippet":"max-snippet:-1","max-image-preview":"max-image-preview:large","max-video-preview":"max-video-preview:-1"},"canonical":"https:\/\/avp.ro\/index.php\/centre-de-retinere-si-arestare-preventiva-2024\/","og_locale":"en_US","og_type":"article","og_title":"CENTRE DE RE\u021aINERE \u0218I ARESTARE PREVENTIV\u0102 2024 - Institu\u021bia Avocatul Poporului","og_description":"11. Raportul privind vizita efectuat\u0103 la Centrul de Re\u021binere \u0219i Arestare Preventiv\u0103 din cadrul IPJ Cluj -R\u0103spunsul conducerii Inspectoratului de Poli\u021bie Jude\u021bean Cluj, privind vizita la Centrul de Re\u021binere \u0219i&hellip;","og_url":"https:\/\/avp.ro\/index.php\/centre-de-retinere-si-arestare-preventiva-2024\/","og_site_name":"Institu\u021bia Avocatul Poporului","article_modified_time":"2025-07-24T08:57:34+00:00","twitter_card":"summary_large_image","twitter_misc":{"Est. reading time":"2 minutes"},"schema":{"@context":"https:\/\/schema.org","@graph":[{"@type":"WebPage","@id":"https:\/\/avp.ro\/index.php\/centre-de-retinere-si-arestare-preventiva-2024\/","url":"https:\/\/avp.ro\/index.php\/centre-de-retinere-si-arestare-preventiva-2024\/","name":"CENTRE DE RE\u021aINERE \u0218I ARESTARE PREVENTIV\u0102 2024 - Institu\u021bia Avocatul Poporului","isPartOf":{"@id":"https:\/\/avp.ro\/#website"},"datePublished":"2024-02-28T10:39:11+00:00","dateModified":"2025-07-24T08:57:34+00:00","breadcrumb":{"@id":"https:\/\/avp.ro\/index.php\/centre-de-retinere-si-arestare-preventiva-2024\/#breadcrumb"},"inLanguage":"en-US","potentialAction":[{"@type":"ReadAction","target":["https:\/\/avp.ro\/index.php\/centre-de-retinere-si-arestare-preventiva-2024\/"]}]},{"@type":"BreadcrumbList","@id":"https:\/\/avp.ro\/index.php\/centre-de-retinere-si-arestare-preventiva-2024\/#breadcrumb","itemListElement":[{"@type":"ListItem","position":1,"name":"Home","item":"https:\/\/avp.ro\/"},{"@type":"ListItem","position":2,"name":"CENTRE DE RE\u021aINERE \u0218I ARESTARE PREVENTIV\u0102 2024"}]},{"@type":"WebSite","@id":"https:\/\/avp.ro\/#website","url":"https:\/\/avp.ro\/","name":"Institu\u021bia Avocatul Poporului","description":"People\u2019s Advocate institution - Office of the Ombudsman","publisher":{"@id":"https:\/\/avp.ro\/#organization"},"potentialAction":[{"@type":"SearchAction","target":{"@type":"EntryPoint","urlTemplate":"https:\/\/avp.ro\/?s={search_term_string}"},"query-input":{"@type":"PropertyValueSpecification","valueRequired":true,"valueName":"search_term_string"}}],"inLanguage":"en-US"},{"@type":"Organization","@id":"https:\/\/avp.ro\/#organization","name":"Institutia Avocatul Poporului","url":"https:\/\/avp.ro\/","logo":{"@type":"ImageObject","inLanguage":"en-US","@id":"https:\/\/avp.ro\/#\/schema\/logo\/image\/","url":"https:\/\/avp.ro\/wp-content\/uploads\/2020\/09\/cropped-AP.jpg","contentUrl":"https:\/\/avp.ro\/wp-content\/uploads\/2020\/09\/cropped-AP.jpg","width":160,"height":146,"caption":"Institutia Avocatul Poporului"},"image":{"@id":"https:\/\/avp.ro\/#\/schema\/logo\/image\/"}}]}},"_links":{"self":[{"href":"https:\/\/avp.ro\/index.php\/wp-json\/wp\/v2\/pages\/10788","targetHints":{"allow":["GET"]}}],"collection":[{"href":"https:\/\/avp.ro\/index.php\/wp-json\/wp\/v2\/pages"}],"about":[{"href":"https:\/\/avp.ro\/index.php\/wp-json\/wp\/v2\/types\/page"}],"author":[{"embeddable":true,"href":"https:\/\/avp.ro\/index.php\/wp-json\/wp\/v2\/users\/1"}],"replies":[{"embeddable":true,"href":"https:\/\/avp.ro\/index.php\/wp-json\/wp\/v2\/comments?post=10788"}],"version-history":[{"count":27,"href":"https:\/\/avp.ro\/index.php\/wp-json\/wp\/v2\/pages\/10788\/revisions"}],"predecessor-version":[{"id":14037,"href":"https:\/\/avp.ro\/index.php\/wp-json\/wp\/v2\/pages\/10788\/revisions\/14037"}],"wp:attachment":[{"href":"https:\/\/avp.ro\/index.php\/wp-json\/wp\/v2\/media?parent=10788"}],"curies":[{"name":"wp","href":"https:\/\/api.w.org\/{rel}","templated":true}]}}