{"id":10810,"date":"2024-03-01T13:02:32","date_gmt":"2024-03-01T11:02:32","guid":{"rendered":"https:\/\/avp.ro\/?page_id=10810"},"modified":"2025-02-05T17:27:58","modified_gmt":"2025-02-05T15:27:58","slug":"centre-pentru-migranti-2024","status":"publish","type":"page","link":"https:\/\/avp.ro\/index.php\/centre-pentru-migranti-2024\/","title":{"rendered":"CENTRE PENTRU MIGRAN\u021aI 2024"},"content":{"rendered":"<p>&nbsp;<\/p>\n<p>7. <a href=\"https:\/\/avp.ro\/wp-content\/uploads\/2024\/11\/RV-STPF-C-ta_Camera-de-Triere_16oct2024_BLURAT.pdf\">Raportul privind vizita efectuat\u0103 la Serviciul Teritorial al Poli\u021biei de Frontier\u0103 Constan\u021ba \u2013 Camera de Triere<\/a><\/p>\n<p style=\"padding-left: 40px;\"><a href=\"https:\/\/avp.ro\/wp-content\/uploads\/2024\/12\/Raspuns-Garda-de-Coasta-C-ta_38461.pdf\">-R\u0103spunsul Serviciului Teritorial al Poli\u021biei de Frontier\u0103 Constan\u021ba<\/a><\/p>\n<p>6. <a href=\"https:\/\/avp.ro\/wp-content\/uploads\/2024\/10\/Raport-CRPCSA-Radauti.pdf\">Raportul privind vizita efectuat\u0103 la Centrul Regional de Proceduri \u0219i Cazare pentru Solicitan\u021bii de Azil R\u0103d\u0103u\u021bi, jude\u021bul Suceava\u00a0<\/a><\/p>\n<p style=\"padding-left: 40px;\"><a href=\"https:\/\/avp.ro\/wp-content\/uploads\/2025\/02\/Raspuns-CRPCSA-Radauti.pdf\">-R\u0103spunsul Inspectoratului General pentru Imigr\u0103ri<\/a><\/p>\n<p>5. <a href=\"https:\/\/avp.ro\/wp-content\/uploads\/2024\/09\/Raport-vizita-camera-de-triere-STPF-Tulcea.pdf\">Raportul privind vizita efectuat\u0103 la Camera de Triere din cadrul Serviciului Teritorial al Poli\u021biei de Frontier\u0103 Tulcea<\/a><\/p>\n<p style=\"padding-left: 40px;\"><a href=\"https:\/\/avp.ro\/wp-content\/uploads\/2024\/11\/Raspuns-STPF-Tulcea.pdf\">-R\u0103spunsul Serviciului Teritorial al Poli\u021biei de Frontier\u0103 Tulcea<\/a><\/p>\n<p style=\"padding-left: 40px;\">*fa\u021b\u0103 de r\u0103spunsul S.T.P.F. Tulcea, a fost sesizat\u0103 autoritatea ierarhic superioar\u0103<\/p>\n<p style=\"padding-left: 40px;\"><a href=\"https:\/\/avp.ro\/wp-content\/uploads\/2025\/02\/Raspuns-Garda-de-Coasta.pdf\">-R\u0103spunsul G\u0103rzii de Coast\u0103\u00a0<\/a><\/p>\n<p>4. <a href=\"https:\/\/avp.ro\/wp-content\/uploads\/2024\/08\/Raport-CRPCSA-Timisoara.pdf\">Raportul privind vizita efectuat\u0103 la Centrul Regional de Proceduri \u0219i Cazare a Solicitan\u021bilor de Azil Timi\u0219oara, jud Timi\u0219<\/a><\/p>\n<p style=\"padding-left: 40px;\"><a href=\"https:\/\/avp.ro\/wp-content\/uploads\/2024\/09\/Raspuns-recomandari-IGI-CRPCSA-Timisoara.pdf\">-R\u0103spunsul Inspectoratului General pentru Imigr\u0103ri \u2013 CRCPSA Timi\u0219oara<\/a><\/p>\n<p>3. <a href=\"https:\/\/avp.ro\/wp-content\/uploads\/2024\/07\/Raport-CCSLCP-Otopeni.pdf\">Raportul privind vizita efectuat\u0103 la Centrul de Cazare a Str\u0103inilor Lua\u021bi \u00een Custodie Public\u0103 Otopeni, jude\u021bul Ilfov<\/a><\/p>\n<p style=\"padding-left: 40px;\"><a href=\"https:\/\/avp.ro\/wp-content\/uploads\/2025\/02\/Raspuns-IGI-vizita-centru-Otopeni.pdf\">-R\u0103spunsul Inspectoratului General pentru Imigr\u0103ri &#8211; ianuarie 2025<\/a><\/p>\n<p style=\"padding-left: 40px;\"><a href=\"https:\/\/avp.ro\/wp-content\/uploads\/2025\/02\/Raspuns-IGI.pdf\">-R\u0103spunsul Inspectoratului General pentru Imigr\u0103ri &#8211; august 2024<\/a><\/p>\n<p>2. <a href=\"https:\/\/avp.ro\/wp-content\/uploads\/2024\/07\/Raport-CRPCSA-Maramures-Somcuta-Mare.pdf\">Raport privind vizita efectuat\u0103 la Centrul Regional de Proceduri \u0219i Cazare a Solicitan\u021bilor de Azil Maramure\u0219- \u0218omcuta Mare<\/a><\/p>\n<p style=\"padding-left: 40px;\"><a href=\"https:\/\/avp.ro\/wp-content\/uploads\/2024\/08\/Raspuns-IGI-CRPCSA-Maramures-Somcuta-Mare.pdf\">-R\u0103spunsul Inspectoratului General pentru Imigr\u0103ri privind vizita la Centrul Regional de Proceduri \u0219i Cazare a Solicitan\u021bilor de Azil Maramure\u0219- \u0218omcuta Mare<\/a><\/p>\n<p>1<em>. <\/em><a href=\"https:\/\/avp.ro\/wp-content\/uploads\/2024\/03\/RV-Solicitanti-Azil-GR_2024_blurat.pdf\">Raport privind vizita efectuat\u0103 la Centrul Regional de Proceduri \u0219i Cazare a Solicitan\u021bilor de Azil Giurgiu<\/a><\/p>\n<p style=\"padding-left: 40px;\"><a href=\"https:\/\/avp.ro\/wp-content\/uploads\/2024\/04\/Raspuns-Sol-Azil-GR-11386_2024.pdf\">-R\u0103spunsul Inspectoratului General pentru Imigr\u0103ri pentru Centrul Regional de Proceduri \u0219i Cazare a Solicitan\u021bilor de Azil Giurgiu<\/a><\/p>\n","protected":false},"excerpt":{"rendered":"<p>&nbsp; 7. Raportul privind vizita efectuat\u0103 la Serviciul Teritorial al Poli\u021biei de Frontier\u0103 Constan\u021ba \u2013 Camera de Triere -R\u0103spunsul Serviciului Teritorial al Poli\u021biei de Frontier\u0103 Constan\u021ba 6. Raportul privind vizita&hellip; <\/p>\n","protected":false},"author":1,"featured_media":0,"parent":0,"menu_order":0,"comment_status":"closed","ping_status":"closed","template":"","meta":{"footnotes":""},"class_list":["post-10810","page","type-page","status-publish","hentry"],"yoast_head":"<!-- This site is optimized with the Yoast SEO plugin v27.3 - https:\/\/yoast.com\/product\/yoast-seo-wordpress\/ -->\n<title>CENTRE PENTRU MIGRAN\u021aI 2024 - Institu\u021bia Avocatul Poporului<\/title>\n<meta name=\"robots\" content=\"index, follow, max-snippet:-1, max-image-preview:large, max-video-preview:-1\" \/>\n<link rel=\"canonical\" href=\"https:\/\/avp.ro\/index.php\/centre-pentru-migranti-2024\/\" \/>\n<meta property=\"og:locale\" content=\"en_US\" \/>\n<meta property=\"og:type\" content=\"article\" \/>\n<meta property=\"og:title\" content=\"CENTRE PENTRU MIGRAN\u021aI 2024 - Institu\u021bia Avocatul Poporului\" \/>\n<meta property=\"og:description\" content=\"&nbsp; 7. Raportul privind vizita efectuat\u0103 la Serviciul Teritorial al Poli\u021biei de Frontier\u0103 Constan\u021ba \u2013 Camera de Triere -R\u0103spunsul Serviciului Teritorial al Poli\u021biei de Frontier\u0103 Constan\u021ba 6. Raportul privind vizita&hellip;\" \/>\n<meta property=\"og:url\" content=\"https:\/\/avp.ro\/index.php\/centre-pentru-migranti-2024\/\" \/>\n<meta property=\"og:site_name\" content=\"Institu\u021bia Avocatul Poporului\" \/>\n<meta property=\"article:modified_time\" content=\"2025-02-05T15:27:58+00:00\" \/>\n<meta name=\"twitter:card\" content=\"summary_large_image\" \/>\n<meta name=\"twitter:label1\" content=\"Est. reading time\" \/>\n\t<meta name=\"twitter:data1\" content=\"1 minute\" \/>\n<script type=\"application\/ld+json\" class=\"yoast-schema-graph\">{\"@context\":\"https:\\\/\\\/schema.org\",\"@graph\":[{\"@type\":\"WebPage\",\"@id\":\"https:\\\/\\\/avp.ro\\\/index.php\\\/centre-pentru-migranti-2024\\\/\",\"url\":\"https:\\\/\\\/avp.ro\\\/index.php\\\/centre-pentru-migranti-2024\\\/\",\"name\":\"CENTRE PENTRU MIGRAN\u021aI 2024 - Institu\u021bia Avocatul Poporului\",\"isPartOf\":{\"@id\":\"https:\\\/\\\/avp.ro\\\/#website\"},\"datePublished\":\"2024-03-01T11:02:32+00:00\",\"dateModified\":\"2025-02-05T15:27:58+00:00\",\"breadcrumb\":{\"@id\":\"https:\\\/\\\/avp.ro\\\/index.php\\\/centre-pentru-migranti-2024\\\/#breadcrumb\"},\"inLanguage\":\"en-US\",\"potentialAction\":[{\"@type\":\"ReadAction\",\"target\":[\"https:\\\/\\\/avp.ro\\\/index.php\\\/centre-pentru-migranti-2024\\\/\"]}]},{\"@type\":\"BreadcrumbList\",\"@id\":\"https:\\\/\\\/avp.ro\\\/index.php\\\/centre-pentru-migranti-2024\\\/#breadcrumb\",\"itemListElement\":[{\"@type\":\"ListItem\",\"position\":1,\"name\":\"Home\",\"item\":\"https:\\\/\\\/avp.ro\\\/\"},{\"@type\":\"ListItem\",\"position\":2,\"name\":\"CENTRE PENTRU MIGRAN\u021aI 2024\"}]},{\"@type\":\"WebSite\",\"@id\":\"https:\\\/\\\/avp.ro\\\/#website\",\"url\":\"https:\\\/\\\/avp.ro\\\/\",\"name\":\"Institu\u021bia Avocatul Poporului\",\"description\":\"People\u2019s Advocate institution - Office of the Ombudsman\",\"publisher\":{\"@id\":\"https:\\\/\\\/avp.ro\\\/#organization\"},\"potentialAction\":[{\"@type\":\"SearchAction\",\"target\":{\"@type\":\"EntryPoint\",\"urlTemplate\":\"https:\\\/\\\/avp.ro\\\/?s={search_term_string}\"},\"query-input\":{\"@type\":\"PropertyValueSpecification\",\"valueRequired\":true,\"valueName\":\"search_term_string\"}}],\"inLanguage\":\"en-US\"},{\"@type\":\"Organization\",\"@id\":\"https:\\\/\\\/avp.ro\\\/#organization\",\"name\":\"Institutia Avocatul Poporului\",\"url\":\"https:\\\/\\\/avp.ro\\\/\",\"logo\":{\"@type\":\"ImageObject\",\"inLanguage\":\"en-US\",\"@id\":\"https:\\\/\\\/avp.ro\\\/#\\\/schema\\\/logo\\\/image\\\/\",\"url\":\"https:\\\/\\\/avp.ro\\\/wp-content\\\/uploads\\\/2020\\\/09\\\/cropped-AP.jpg\",\"contentUrl\":\"https:\\\/\\\/avp.ro\\\/wp-content\\\/uploads\\\/2020\\\/09\\\/cropped-AP.jpg\",\"width\":160,\"height\":146,\"caption\":\"Institutia Avocatul Poporului\"},\"image\":{\"@id\":\"https:\\\/\\\/avp.ro\\\/#\\\/schema\\\/logo\\\/image\\\/\"}}]}<\/script>\n<!-- \/ Yoast SEO plugin. -->","yoast_head_json":{"title":"CENTRE PENTRU MIGRAN\u021aI 2024 - Institu\u021bia Avocatul Poporului","robots":{"index":"index","follow":"follow","max-snippet":"max-snippet:-1","max-image-preview":"max-image-preview:large","max-video-preview":"max-video-preview:-1"},"canonical":"https:\/\/avp.ro\/index.php\/centre-pentru-migranti-2024\/","og_locale":"en_US","og_type":"article","og_title":"CENTRE PENTRU MIGRAN\u021aI 2024 - Institu\u021bia Avocatul Poporului","og_description":"&nbsp; 7. Raportul privind vizita efectuat\u0103 la Serviciul Teritorial al Poli\u021biei de Frontier\u0103 Constan\u021ba \u2013 Camera de Triere -R\u0103spunsul Serviciului Teritorial al Poli\u021biei de Frontier\u0103 Constan\u021ba 6. Raportul privind vizita&hellip;","og_url":"https:\/\/avp.ro\/index.php\/centre-pentru-migranti-2024\/","og_site_name":"Institu\u021bia Avocatul Poporului","article_modified_time":"2025-02-05T15:27:58+00:00","twitter_card":"summary_large_image","twitter_misc":{"Est. reading time":"1 minute"},"schema":{"@context":"https:\/\/schema.org","@graph":[{"@type":"WebPage","@id":"https:\/\/avp.ro\/index.php\/centre-pentru-migranti-2024\/","url":"https:\/\/avp.ro\/index.php\/centre-pentru-migranti-2024\/","name":"CENTRE PENTRU MIGRAN\u021aI 2024 - Institu\u021bia Avocatul Poporului","isPartOf":{"@id":"https:\/\/avp.ro\/#website"},"datePublished":"2024-03-01T11:02:32+00:00","dateModified":"2025-02-05T15:27:58+00:00","breadcrumb":{"@id":"https:\/\/avp.ro\/index.php\/centre-pentru-migranti-2024\/#breadcrumb"},"inLanguage":"en-US","potentialAction":[{"@type":"ReadAction","target":["https:\/\/avp.ro\/index.php\/centre-pentru-migranti-2024\/"]}]},{"@type":"BreadcrumbList","@id":"https:\/\/avp.ro\/index.php\/centre-pentru-migranti-2024\/#breadcrumb","itemListElement":[{"@type":"ListItem","position":1,"name":"Home","item":"https:\/\/avp.ro\/"},{"@type":"ListItem","position":2,"name":"CENTRE PENTRU MIGRAN\u021aI 2024"}]},{"@type":"WebSite","@id":"https:\/\/avp.ro\/#website","url":"https:\/\/avp.ro\/","name":"Institu\u021bia Avocatul Poporului","description":"People\u2019s Advocate institution - Office of the Ombudsman","publisher":{"@id":"https:\/\/avp.ro\/#organization"},"potentialAction":[{"@type":"SearchAction","target":{"@type":"EntryPoint","urlTemplate":"https:\/\/avp.ro\/?s={search_term_string}"},"query-input":{"@type":"PropertyValueSpecification","valueRequired":true,"valueName":"search_term_string"}}],"inLanguage":"en-US"},{"@type":"Organization","@id":"https:\/\/avp.ro\/#organization","name":"Institutia Avocatul Poporului","url":"https:\/\/avp.ro\/","logo":{"@type":"ImageObject","inLanguage":"en-US","@id":"https:\/\/avp.ro\/#\/schema\/logo\/image\/","url":"https:\/\/avp.ro\/wp-content\/uploads\/2020\/09\/cropped-AP.jpg","contentUrl":"https:\/\/avp.ro\/wp-content\/uploads\/2020\/09\/cropped-AP.jpg","width":160,"height":146,"caption":"Institutia Avocatul Poporului"},"image":{"@id":"https:\/\/avp.ro\/#\/schema\/logo\/image\/"}}]}},"_links":{"self":[{"href":"https:\/\/avp.ro\/index.php\/wp-json\/wp\/v2\/pages\/10810","targetHints":{"allow":["GET"]}}],"collection":[{"href":"https:\/\/avp.ro\/index.php\/wp-json\/wp\/v2\/pages"}],"about":[{"href":"https:\/\/avp.ro\/index.php\/wp-json\/wp\/v2\/types\/page"}],"author":[{"embeddable":true,"href":"https:\/\/avp.ro\/index.php\/wp-json\/wp\/v2\/users\/1"}],"replies":[{"embeddable":true,"href":"https:\/\/avp.ro\/index.php\/wp-json\/wp\/v2\/comments?post=10810"}],"version-history":[{"count":25,"href":"https:\/\/avp.ro\/index.php\/wp-json\/wp\/v2\/pages\/10810\/revisions"}],"predecessor-version":[{"id":13112,"href":"https:\/\/avp.ro\/index.php\/wp-json\/wp\/v2\/pages\/10810\/revisions\/13112"}],"wp:attachment":[{"href":"https:\/\/avp.ro\/index.php\/wp-json\/wp\/v2\/media?parent=10810"}],"curies":[{"name":"wp","href":"https:\/\/api.w.org\/{rel}","templated":true}]}}