{"id":12366,"date":"2024-09-19T12:01:41","date_gmt":"2024-09-19T10:01:41","guid":{"rendered":"https:\/\/avp.ro\/?page_id=12366"},"modified":"2024-09-30T10:25:06","modified_gmt":"2024-09-30T08:25:06","slug":"avertizor-in-interes-public","status":"publish","type":"page","link":"https:\/\/avp.ro\/index.php\/cum-sesizez-avocatul-poporului\/avertizor-in-interes-public\/","title":{"rendered":"Avertizor \u00een interes public"},"content":{"rendered":"<p>&nbsp;<\/p>\n<p style=\"text-align: center;\"><strong>INFORMARE<\/strong><\/p>\n<p style=\"text-align: center;\"><strong>privind instituirea canalului intern de raportare la nivelul institu\u021biei Avocatul Poporului, conform Legii nr. 361\/2022 privind protec\u021bia avertizorilor \u00een interes public<\/strong><\/p>\n<p>&nbsp;<\/p>\n<p style=\"text-align: justify;\"><strong>Persoana desemnat\u0103 responsabil\u0103 cu primirea, \u00eenregistrarea \u0219i solu\u021bionarea raport\u0103rilor interne a unor \u00eenc\u0103lc\u0103ri ale legii \u00een cadrul institu\u021biei Avocatul Poporului: Andrei Plave\u021b, consilier<\/strong><\/p>\n<p style=\"text-align: justify;\"><strong>Tel: 021.312.49.32<\/strong><\/p>\n<p style=\"text-align: justify;\"><strong>Email: <\/strong><a href=\"&#x6d;&#x61;&#105;&#108;t&#x6f;&#x3a;&#x61;&#118;&#101;r&#x74;&#x69;&#x7a;&#111;&#114;&#46;&#x69;&#x6e;&#x74;&#101;&#103;r&#x69;&#x74;&#x61;&#116;e&#64;&#x61;&#x76;&#x70;&#46;ro\"><strong>a&#118;&#101;&#x72;&#x74;&#x69;&#x7a;o&#114;&#46;&#105;&#x6e;&#x74;&#x65;gr&#105;&#116;&#x61;&#x74;&#x65;&#64;a&#118;&#112;&#x2e;&#x72;&#x6f;<\/strong><\/a><\/p>\n<p style=\"text-align: justify;\"><strong>Persoanele care doresc s\u0103 se adreseze institu\u021biei Avocatul Poporului pentru a raporta \u00eenc\u0103lc\u0103ri ale legii, o pot face prin urm\u0103toarele <u>modalit\u0103\u021bi:<\/u> <\/strong><\/p>\n<p style=\"text-align: justify;\"><strong>&#8211; prin intermediul serviciilor po\u0219tale, la adresa sediului central al institu\u021biei Avocatul Poporului (Strada George Vraca nr 8, sector 1, Bucure\u0219ti), men\u021bion\u00e2nd pe plic: \u00cen aten\u021bia persoanei responsabile cu primirea \u0219i \u00eenregistrarea raport\u0103rilor \u00een interes public; <\/strong><\/p>\n<p style=\"text-align: justify;\"><strong>&#8211; prin e-mail la adresa <\/strong><a href=\"&#109;&#x61;&#x69;l&#116;&#x6f;&#x3a;a&#118;&#x65;r&#116;&#x69;&#x7a;o&#114;&#x2e;i&#110;&#x74;&#x65;g&#114;&#x69;&#x74;&#97;&#x74;&#x65;&#64;&#97;&#x76;&#x70;&#46;&#114;&#x6f;\"><strong>&#97;&#x76;e&#114;&#x74;&#105;&#x7a;o&#114;&#x2e;i&#x6e;&#x74;&#101;&#x67;r&#105;&#x74;a&#x74;&#x65;&#64;&#x61;v&#112;&#x2e;&#114;&#x6f;<\/strong><\/a><strong>; \u00a0<\/strong><\/p>\n<p style=\"text-align: justify;\"><strong>&#8211; telefonic, la num\u0103rul 021.312.49.32 solicit\u00e2nd leg\u0103tura cu persoana responsabil\u0103 cu primirea \u0219i \u00eenregistrarea raport\u0103rilor \u00een interes public; <\/strong><\/p>\n<p style=\"text-align: justify;\"><strong>&#8211; personal, prin prezen\u021ba la sediul institu\u021biei Avocatul Poporului, cu programare prealabil\u0103 efectuat\u0103 la adresa de e-mail sau la telefonul men\u021bionat.<\/strong><\/p>\n<p style=\"text-align: justify;\"><strong><em>Indiferent de forma aleas\u0103 de a transmite o raportare, este necesar ca aceasta s\u0103 cuprind\u0103 cel pu\u021bin, urm\u0103toarele: numele \u0219i prenumele, datele de contact ale avertizorului \u00een interes public, contextul profesional \u00een care au fost ob\u021binute informa\u021biile, persoana vizat\u0103 (dac\u0103 este cunoscut\u0103), descrierea faptei susceptibile s\u0103 constituie \u00eenc\u0103lcare a legii \u00een cadrul institu\u021biei, precum \u0219i, dup\u0103 caz, probele \u00een sus\u021binerea raport\u0103rii, data \u0219i semn\u0103tura, dup\u0103 caz.<\/em><\/strong><\/p>\n<p><strong>Raportarea de informa\u021bii privind \u00eenc\u0103lc\u0103ri ale legii, cunosc\u00e2nd c\u0103 acestea sunt nereale, constituie contraven\u021bie \u0219i se sanc\u021bioneaz\u0103 cu amend\u0103 de la 2.500 lei la 30.000 lei, dac\u0103 fapta nu a fost s\u0103v\u00e2r\u0219it\u0103 \u00een astfel de condi\u021bii \u00eenc\u00e2t s\u0103 fie considerat\u0103, potrivit legii, infrac\u021biune.<\/strong><\/p>\n<p>&nbsp;<\/p>\n<p><strong><em><a href=\"https:\/\/avp.ro\/wp-content\/uploads\/2024\/09\/LEGE-nr-361-2022-site.pdf\">LEGEA nr. 361 din 16 decembrie 2022 privind protec\u0163ia avertizorilor \u00een interes public<\/a><\/em><\/strong><\/p>\n<p style=\"text-align: justify;\"><em><strong><a href=\"https:\/\/avp.ro\/wp-content\/uploads\/2024\/09\/PS-AI-01-raportarea-interna-a-unor-incalcari-ale-legii-2024.pdf\">Procedura opera\u021bional\u0103 privind protec\u021bia personalului care semnaleaz\u0103 \u00eenc\u0103lc\u0103ri ale legii<\/a><\/strong><\/em><\/p>\n","protected":false},"excerpt":{"rendered":"<p>&nbsp; INFORMARE privind instituirea canalului intern de raportare la nivelul institu\u021biei Avocatul Poporului, conform Legii nr. 361\/2022 privind protec\u021bia avertizorilor \u00een interes public &nbsp; Persoana desemnat\u0103 responsabil\u0103 cu primirea, \u00eenregistrarea&hellip; <\/p>\n","protected":false},"author":1,"featured_media":0,"parent":47,"menu_order":7,"comment_status":"closed","ping_status":"closed","template":"","meta":{"footnotes":""},"class_list":["post-12366","page","type-page","status-publish","hentry"],"yoast_head":"<!-- This site is optimized with the Yoast SEO plugin v27.4 - https:\/\/yoast.com\/product\/yoast-seo-wordpress\/ -->\n<title>Avertizor \u00een interes public - Institu\u021bia Avocatul Poporului<\/title>\n<meta name=\"robots\" content=\"index, follow, max-snippet:-1, max-image-preview:large, max-video-preview:-1\" \/>\n<link rel=\"canonical\" href=\"https:\/\/avp.ro\/index.php\/cum-sesizez-avocatul-poporului\/avertizor-in-interes-public\/\" \/>\n<meta property=\"og:locale\" content=\"en_US\" \/>\n<meta property=\"og:type\" content=\"article\" \/>\n<meta property=\"og:title\" content=\"Avertizor \u00een interes public - Institu\u021bia Avocatul Poporului\" \/>\n<meta property=\"og:description\" content=\"&nbsp; INFORMARE privind instituirea canalului intern de raportare la nivelul institu\u021biei Avocatul Poporului, conform Legii nr. 361\/2022 privind protec\u021bia avertizorilor \u00een interes public &nbsp; Persoana desemnat\u0103 responsabil\u0103 cu primirea, \u00eenregistrarea&hellip;\" \/>\n<meta property=\"og:url\" content=\"https:\/\/avp.ro\/index.php\/cum-sesizez-avocatul-poporului\/avertizor-in-interes-public\/\" \/>\n<meta property=\"og:site_name\" content=\"Institu\u021bia Avocatul Poporului\" \/>\n<meta property=\"article:modified_time\" content=\"2024-09-30T08:25:06+00:00\" \/>\n<meta name=\"twitter:card\" content=\"summary_large_image\" \/>\n<meta name=\"twitter:label1\" content=\"Est. reading time\" \/>\n\t<meta name=\"twitter:data1\" content=\"2 minutes\" \/>\n<script type=\"application\/ld+json\" class=\"yoast-schema-graph\">{\"@context\":\"https:\\\/\\\/schema.org\",\"@graph\":[{\"@type\":\"WebPage\",\"@id\":\"https:\\\/\\\/avp.ro\\\/index.php\\\/cum-sesizez-avocatul-poporului\\\/avertizor-in-interes-public\\\/\",\"url\":\"https:\\\/\\\/avp.ro\\\/index.php\\\/cum-sesizez-avocatul-poporului\\\/avertizor-in-interes-public\\\/\",\"name\":\"Avertizor \u00een interes public - Institu\u021bia Avocatul Poporului\",\"isPartOf\":{\"@id\":\"https:\\\/\\\/avp.ro\\\/#website\"},\"datePublished\":\"2024-09-19T10:01:41+00:00\",\"dateModified\":\"2024-09-30T08:25:06+00:00\",\"breadcrumb\":{\"@id\":\"https:\\\/\\\/avp.ro\\\/index.php\\\/cum-sesizez-avocatul-poporului\\\/avertizor-in-interes-public\\\/#breadcrumb\"},\"inLanguage\":\"en-US\",\"potentialAction\":[{\"@type\":\"ReadAction\",\"target\":[\"https:\\\/\\\/avp.ro\\\/index.php\\\/cum-sesizez-avocatul-poporului\\\/avertizor-in-interes-public\\\/\"]}]},{\"@type\":\"BreadcrumbList\",\"@id\":\"https:\\\/\\\/avp.ro\\\/index.php\\\/cum-sesizez-avocatul-poporului\\\/avertizor-in-interes-public\\\/#breadcrumb\",\"itemListElement\":[{\"@type\":\"ListItem\",\"position\":1,\"name\":\"Home\",\"item\":\"https:\\\/\\\/avp.ro\\\/\"},{\"@type\":\"ListItem\",\"position\":2,\"name\":\"CUM SESIZEZ AVP\",\"item\":\"https:\\\/\\\/avp.ro\\\/index.php\\\/cum-sesizez-avocatul-poporului\\\/\"},{\"@type\":\"ListItem\",\"position\":3,\"name\":\"Avertizor \u00een interes public\"}]},{\"@type\":\"WebSite\",\"@id\":\"https:\\\/\\\/avp.ro\\\/#website\",\"url\":\"https:\\\/\\\/avp.ro\\\/\",\"name\":\"Institu\u021bia Avocatul Poporului\",\"description\":\"People\u2019s Advocate institution - Office of the Ombudsman\",\"publisher\":{\"@id\":\"https:\\\/\\\/avp.ro\\\/#organization\"},\"potentialAction\":[{\"@type\":\"SearchAction\",\"target\":{\"@type\":\"EntryPoint\",\"urlTemplate\":\"https:\\\/\\\/avp.ro\\\/?s={search_term_string}\"},\"query-input\":{\"@type\":\"PropertyValueSpecification\",\"valueRequired\":true,\"valueName\":\"search_term_string\"}}],\"inLanguage\":\"en-US\"},{\"@type\":\"Organization\",\"@id\":\"https:\\\/\\\/avp.ro\\\/#organization\",\"name\":\"Institutia Avocatul Poporului\",\"url\":\"https:\\\/\\\/avp.ro\\\/\",\"logo\":{\"@type\":\"ImageObject\",\"inLanguage\":\"en-US\",\"@id\":\"https:\\\/\\\/avp.ro\\\/#\\\/schema\\\/logo\\\/image\\\/\",\"url\":\"https:\\\/\\\/avp.ro\\\/wp-content\\\/uploads\\\/2020\\\/09\\\/cropped-AP.jpg\",\"contentUrl\":\"https:\\\/\\\/avp.ro\\\/wp-content\\\/uploads\\\/2020\\\/09\\\/cropped-AP.jpg\",\"width\":160,\"height\":146,\"caption\":\"Institutia Avocatul Poporului\"},\"image\":{\"@id\":\"https:\\\/\\\/avp.ro\\\/#\\\/schema\\\/logo\\\/image\\\/\"}}]}<\/script>\n<!-- \/ Yoast SEO plugin. -->","yoast_head_json":{"title":"Avertizor \u00een interes public - Institu\u021bia Avocatul Poporului","robots":{"index":"index","follow":"follow","max-snippet":"max-snippet:-1","max-image-preview":"max-image-preview:large","max-video-preview":"max-video-preview:-1"},"canonical":"https:\/\/avp.ro\/index.php\/cum-sesizez-avocatul-poporului\/avertizor-in-interes-public\/","og_locale":"en_US","og_type":"article","og_title":"Avertizor \u00een interes public - Institu\u021bia Avocatul Poporului","og_description":"&nbsp; INFORMARE privind instituirea canalului intern de raportare la nivelul institu\u021biei Avocatul Poporului, conform Legii nr. 361\/2022 privind protec\u021bia avertizorilor \u00een interes public &nbsp; Persoana desemnat\u0103 responsabil\u0103 cu primirea, \u00eenregistrarea&hellip;","og_url":"https:\/\/avp.ro\/index.php\/cum-sesizez-avocatul-poporului\/avertizor-in-interes-public\/","og_site_name":"Institu\u021bia Avocatul Poporului","article_modified_time":"2024-09-30T08:25:06+00:00","twitter_card":"summary_large_image","twitter_misc":{"Est. reading time":"2 minutes"},"schema":{"@context":"https:\/\/schema.org","@graph":[{"@type":"WebPage","@id":"https:\/\/avp.ro\/index.php\/cum-sesizez-avocatul-poporului\/avertizor-in-interes-public\/","url":"https:\/\/avp.ro\/index.php\/cum-sesizez-avocatul-poporului\/avertizor-in-interes-public\/","name":"Avertizor \u00een interes public - Institu\u021bia Avocatul Poporului","isPartOf":{"@id":"https:\/\/avp.ro\/#website"},"datePublished":"2024-09-19T10:01:41+00:00","dateModified":"2024-09-30T08:25:06+00:00","breadcrumb":{"@id":"https:\/\/avp.ro\/index.php\/cum-sesizez-avocatul-poporului\/avertizor-in-interes-public\/#breadcrumb"},"inLanguage":"en-US","potentialAction":[{"@type":"ReadAction","target":["https:\/\/avp.ro\/index.php\/cum-sesizez-avocatul-poporului\/avertizor-in-interes-public\/"]}]},{"@type":"BreadcrumbList","@id":"https:\/\/avp.ro\/index.php\/cum-sesizez-avocatul-poporului\/avertizor-in-interes-public\/#breadcrumb","itemListElement":[{"@type":"ListItem","position":1,"name":"Home","item":"https:\/\/avp.ro\/"},{"@type":"ListItem","position":2,"name":"CUM SESIZEZ AVP","item":"https:\/\/avp.ro\/index.php\/cum-sesizez-avocatul-poporului\/"},{"@type":"ListItem","position":3,"name":"Avertizor \u00een interes public"}]},{"@type":"WebSite","@id":"https:\/\/avp.ro\/#website","url":"https:\/\/avp.ro\/","name":"Institu\u021bia Avocatul Poporului","description":"People\u2019s Advocate institution - Office of the Ombudsman","publisher":{"@id":"https:\/\/avp.ro\/#organization"},"potentialAction":[{"@type":"SearchAction","target":{"@type":"EntryPoint","urlTemplate":"https:\/\/avp.ro\/?s={search_term_string}"},"query-input":{"@type":"PropertyValueSpecification","valueRequired":true,"valueName":"search_term_string"}}],"inLanguage":"en-US"},{"@type":"Organization","@id":"https:\/\/avp.ro\/#organization","name":"Institutia Avocatul Poporului","url":"https:\/\/avp.ro\/","logo":{"@type":"ImageObject","inLanguage":"en-US","@id":"https:\/\/avp.ro\/#\/schema\/logo\/image\/","url":"https:\/\/avp.ro\/wp-content\/uploads\/2020\/09\/cropped-AP.jpg","contentUrl":"https:\/\/avp.ro\/wp-content\/uploads\/2020\/09\/cropped-AP.jpg","width":160,"height":146,"caption":"Institutia Avocatul Poporului"},"image":{"@id":"https:\/\/avp.ro\/#\/schema\/logo\/image\/"}}]}},"_links":{"self":[{"href":"https:\/\/avp.ro\/index.php\/wp-json\/wp\/v2\/pages\/12366","targetHints":{"allow":["GET"]}}],"collection":[{"href":"https:\/\/avp.ro\/index.php\/wp-json\/wp\/v2\/pages"}],"about":[{"href":"https:\/\/avp.ro\/index.php\/wp-json\/wp\/v2\/types\/page"}],"author":[{"embeddable":true,"href":"https:\/\/avp.ro\/index.php\/wp-json\/wp\/v2\/users\/1"}],"replies":[{"embeddable":true,"href":"https:\/\/avp.ro\/index.php\/wp-json\/wp\/v2\/comments?post=12366"}],"version-history":[{"count":7,"href":"https:\/\/avp.ro\/index.php\/wp-json\/wp\/v2\/pages\/12366\/revisions"}],"predecessor-version":[{"id":12431,"href":"https:\/\/avp.ro\/index.php\/wp-json\/wp\/v2\/pages\/12366\/revisions\/12431"}],"up":[{"embeddable":true,"href":"https:\/\/avp.ro\/index.php\/wp-json\/wp\/v2\/pages\/47"}],"wp:attachment":[{"href":"https:\/\/avp.ro\/index.php\/wp-json\/wp\/v2\/media?parent=12366"}],"curies":[{"name":"wp","href":"https:\/\/api.w.org\/{rel}","templated":true}]}}

Avertizor în interes public

<p>&nbsp;</p>
<p style="text-align: center;"><strong>INFORMARE</strong></p>
<p style="text-align: center;"><strong>privind instituirea canalului intern de raportare la nivelul instituției Avocatul Poporului, conform Legii nr. 361/2022 privind protecția avertizorilor în interes public</strong></p>
<p>&nbsp;</p>
<p style="text-align: justify;"><strong>Persoana desemnată responsabilă cu primirea, înregistrarea și soluționarea raportărilor interne a unor încălcări ale legii în cadrul instituției Avocatul Poporului: Andrei Plaveț, consilier</strong></p>
<p style="text-align: justify;"><strong>Tel: 021.312.49.32</strong></p>
<p style="text-align: justify;"><strong>Email: </strong><a href="&#x6d;&#x61;&#105;&#108;t&#x6f;&#x3a;&#x61;&#118;&#101;r&#x74;&#x69;&#x7a;&#111;&#114;&#46;&#x69;&#x6e;&#x74;&#101;&#103;r&#x69;&#x74;&#x61;&#116;e&#64;&#x61;&#x76;&#x70;&#46;ro"><strong>a&#118;&#101;&#x72;&#x74;&#x69;&#x7a;o&#114;&#46;&#105;&#x6e;&#x74;&#x65;gr&#105;&#116;&#x61;&#x74;&#x65;&#64;a&#118;&#112;&#x2e;&#x72;&#x6f;</strong></a></p>
<p style="text-align: justify;"><strong>Persoanele care doresc să se adreseze instituției Avocatul Poporului pentru a raporta încălcări ale legii, o pot face prin următoarele <u>modalități:</u> </strong></p>
<p style="text-align: justify;"><strong>&#8211; prin intermediul serviciilor poștale, la adresa sediului central al instituției Avocatul Poporului (Strada George Vraca nr 8, sector 1, București), menționând pe plic: În atenția persoanei responsabile cu primirea și înregistrarea raportărilor în interes public; </strong></p>
<p style="text-align: justify;"><strong>&#8211; prin e-mail la adresa </strong><a href="&#109;&#x61;&#x69;l&#116;&#x6f;&#x3a;a&#118;&#x65;r&#116;&#x69;&#x7a;o&#114;&#x2e;i&#110;&#x74;&#x65;g&#114;&#x69;&#x74;&#97;&#x74;&#x65;&#64;&#97;&#x76;&#x70;&#46;&#114;&#x6f;"><strong>&#97;&#x76;e&#114;&#x74;&#105;&#x7a;o&#114;&#x2e;i&#x6e;&#x74;&#101;&#x67;r&#105;&#x74;a&#x74;&#x65;&#64;&#x61;v&#112;&#x2e;&#114;&#x6f;</strong></a><strong>;  </strong></p>
<p style="text-align: justify;"><strong>&#8211; telefonic, la numărul 021.312.49.32 solicitând legătura cu persoana responsabilă cu primirea și înregistrarea raportărilor în interes public; </strong></p>
<p style="text-align: justify;"><strong>&#8211; personal, prin prezența la sediul instituției Avocatul Poporului, cu programare prealabilă efectuată la adresa de e-mail sau la telefonul menționat.</strong></p>
<p style="text-align: justify;"><strong><em>Indiferent de forma aleasă de a transmite o raportare, este necesar ca aceasta să cuprindă cel puțin, următoarele: numele și prenumele, datele de contact ale avertizorului în interes public, contextul profesional în care au fost obținute informațiile, persoana vizată (dacă este cunoscută), descrierea faptei susceptibile să constituie încălcare a legii în cadrul instituției, precum și, după caz, probele în susținerea raportării, data și semnătura, după caz.</em></strong></p>
<p><strong>Raportarea de informații privind încălcări ale legii, cunoscând că acestea sunt nereale, constituie contravenție și se sancționează cu amendă de la 2.500 lei la 30.000 lei, dacă fapta nu a fost săvârșită în astfel de condiții încât să fie considerată, potrivit legii, infracțiune.</strong></p>
<p>&nbsp;</p>
<p><strong><em><a href="https://avp.ro/wp-content/uploads/2024/09/LEGE-nr-361-2022-site.pdf">LEGEA nr. 361 din 16 decembrie 2022 privind protecţia avertizorilor în interes public</a></em></strong></p>
<p style="text-align: justify;"><em><strong><a href="https://avp.ro/wp-content/uploads/2024/09/PS-AI-01-raportarea-interna-a-unor-incalcari-ale-legii-2024.pdf">Procedura operațională privind protecția personalului care semnalează încălcări ale legii</a></strong></em></p>

<p>&nbsp; INFORMARE privind instituirea canalului intern de raportare la nivelul instituției Avocatul Poporului, conform Legii nr. 361/2022 privind protecția avertizorilor în interes public &nbsp; Persoana desemnată responsabilă cu primirea, înregistrarea&hellip; </p>

<!-- This site is optimized with the Yoast SEO plugin v27.4 - https://yoast.com/product/yoast-seo-wordpress/ -->
<title>Avertizor în interes public - Instituția Avocatul Poporului</title>
<meta name="robots" content="index, follow, max-snippet:-1, max-image-preview:large, max-video-preview:-1" />
<link rel="canonical" href="https://avp.ro/index.php/cum-sesizez-avocatul-poporului/avertizor-in-interes-public/" />
<meta property="og:locale" content="en_US" />
<meta property="og:type" content="article" />
<meta property="og:title" content="Avertizor în interes public - Instituția Avocatul Poporului" />
<meta property="og:description" content="&nbsp; INFORMARE privind instituirea canalului intern de raportare la nivelul instituției Avocatul Poporului, conform Legii nr. 361/2022 privind protecția avertizorilor în interes public &nbsp; Persoana desemnată responsabilă cu primirea, înregistrarea&hellip;" />
<meta property="og:url" content="https://avp.ro/index.php/cum-sesizez-avocatul-poporului/avertizor-in-interes-public/" />
<meta property="og:site_name" content="Instituția Avocatul Poporului" />
<meta property="article:modified_time" content="2024-09-30T08:25:06+00:00" />
<meta name="twitter:card" content="summary_large_image" />
<meta name="twitter:label1" content="Est. reading time" />
	<meta name="twitter:data1" content="2 minutes" />
<script type="application/ld+json" class="yoast-schema-graph">{"@context":"https:\/\/schema.org","@graph":[{"@type":"WebPage","@id":"https:\/\/avp.ro\/index.php\/cum-sesizez-avocatul-poporului\/avertizor-in-interes-public\/","url":"https:\/\/avp.ro\/index.php\/cum-sesizez-avocatul-poporului\/avertizor-in-interes-public\/","name":"Avertizor în interes public - Instituția Avocatul Poporului","isPartOf":{"@id":"https:\/\/avp.ro\/#website"},"datePublished":"2024-09-19T10:01:41+00:00","dateModified":"2024-09-30T08:25:06+00:00","breadcrumb":{"@id":"https:\/\/avp.ro\/index.php\/cum-sesizez-avocatul-poporului\/avertizor-in-interes-public\/#breadcrumb"},"inLanguage":"en-US","potentialAction":[{"@type":"ReadAction","target":["https:\/\/avp.ro\/index.php\/cum-sesizez-avocatul-poporului\/avertizor-in-interes-public\/"]}]},{"@type":"BreadcrumbList","@id":"https:\/\/avp.ro\/index.php\/cum-sesizez-avocatul-poporului\/avertizor-in-interes-public\/#breadcrumb","itemListElement":[{"@type":"ListItem","position":1,"name":"Home","item":"https:\/\/avp.ro\/"},{"@type":"ListItem","position":2,"name":"CUM SESIZEZ AVP","item":"https:\/\/avp.ro\/index.php\/cum-sesizez-avocatul-poporului\/"},{"@type":"ListItem","position":3,"name":"Avertizor în interes public"}]},{"@type":"WebSite","@id":"https:\/\/avp.ro\/#website","url":"https:\/\/avp.ro\/","name":"Instituția Avocatul Poporului","description":"People’s Advocate institution - Office of the Ombudsman","publisher":{"@id":"https:\/\/avp.ro\/#organization"},"potentialAction":[{"@type":"SearchAction","target":{"@type":"EntryPoint","urlTemplate":"https:\/\/avp.ro\/?s={search_term_string}"},"query-input":{"@type":"PropertyValueSpecification","valueRequired":true,"valueName":"search_term_string"}}],"inLanguage":"en-US"},{"@type":"Organization","@id":"https:\/\/avp.ro\/#organization","name":"Institutia Avocatul Poporului","url":"https:\/\/avp.ro\/","logo":{"@type":"ImageObject","inLanguage":"en-US","@id":"https:\/\/avp.ro\/#\/schema\/logo\/image\/","url":"https:\/\/avp.ro\/wp-content\/uploads\/2020\/09\/cropped-AP.jpg","contentUrl":"https:\/\/avp.ro\/wp-content\/uploads\/2020\/09\/cropped-AP.jpg","width":160,"height":146,"caption":"Institutia Avocatul Poporului"},"image":{"@id":"https:\/\/avp.ro\/#\/schema\/logo\/image\/"}}]}</script>
<!-- / Yoast SEO plugin. -->

Avertizor în interes public - Instituția Avocatul Poporului

&nbsp; INFORMARE privind instituirea canalului intern de raportare la nivelul instituției Avocatul Poporului, conform Legii nr. 361/2022 privind protecția avertizorilor în interes public &nbsp; Persoana desemnată responsabilă cu primirea, înregistrarea&hellip;

Instituția Avocatul Poporului
