{"id":13187,"date":"2025-02-19T10:51:49","date_gmt":"2025-02-19T08:51:49","guid":{"rendered":"https:\/\/avp.ro\/?page_id=13187"},"modified":"2026-04-15T10:38:12","modified_gmt":"2026-04-15T08:38:12","slug":"camine-pentru-persoane-varstnice-2025","status":"publish","type":"page","link":"https:\/\/avp.ro\/index.php\/camine-pentru-persoane-varstnice-2025\/","title":{"rendered":"C\u0102MINE PENTRU PERSOANE V\u00c2RSTNICE 2025"},"content":{"rendered":"<p>&nbsp;<\/p>\n<p>14. <a href=\"https:\/\/avp.ro\/wp-content\/uploads\/2026\/04\/Raport-de-vizita-CPV-Casa-Ilinca-2025.pdf\">Raportul privind vizita efectuat\u0103 la C\u0103minul pentru persoane v\u00e2rstnice Casa Ilinca, localitatea S\u0103cele, jude\u021bul Bra\u0219ov<\/a><\/p>\n<p>13. <a href=\"https:\/\/avp.ro\/wp-content\/uploads\/2026\/01\/Raport-vizita-CIA-Babiciu.pdf\">Raportul privind vizita desf\u0103\u0219urat\u0103 la CIA B\u0103biciu, comuna B\u0103biciu, jude\u021bul Olt<\/a><\/p>\n<p style=\"padding-left: 40px;\"><a href=\"https:\/\/avp.ro\/wp-content\/uploads\/2026\/01\/2Raspuns-DGASPC-OLT-BABICIU.pdf\">-R\u0103spunsul D.G.A.S.P.C. Olt<\/a><\/p>\n<p>12. <a href=\"https:\/\/avp.ro\/wp-content\/uploads\/2025\/07\/20250724120711.pdf\">Raportul privind\u00a0 vizita desf\u0103\u0219urat\u0103 la Centrul de \u00eengrijire pentru Persoane V\u00e2rstnice Cueni, jude\u021bul V\u00e2lcea<\/a><\/p>\n<p style=\"padding-left: 40px;\"><a href=\"https:\/\/avp.ro\/wp-content\/uploads\/2025\/08\/Raspunsul-D.G.A.S.P.C.-Valcea.pdf\">-R\u0103spunsul D.G.A.S.P.C. V\u00e2lcea<\/a><\/p>\n<p>11. <a href=\"https:\/\/avp.ro\/wp-content\/uploads\/2025\/07\/Raport-CRPV-Racovita.pdf\">Raportul privind vizita desf\u0103\u0219urat\u0103 la Centrul reziden\u021bial pentru persoane v\u00e2rstnice sat Racovi\u021b\u0103, localitatea Buc\u0219ani, jude\u021bul D\u00e2mbovi\u021ba<\/a><\/p>\n<p style=\"padding-left: 40px;\"><a href=\"https:\/\/avp.ro\/wp-content\/uploads\/2025\/11\/Raspuns-CRPV-Racovita.pdf\">-R\u0103spunsul primit de la Centrul Reziden\u021bial pentru Persoane V\u00e2rstnice Racovi\u021b\u0103, jud. D\u00e2mbovi\u021ba<\/a><\/p>\n<p>10. <a href=\"https:\/\/avp.ro\/wp-content\/uploads\/2025\/05\/Raport-CRPV-Casa-del-Girasole-Bucuresti.pdf\">Raportul privind vizita desf\u0103\u0219urat\u0103 la Centrul reziden\u021bial pentru persoane v\u00e2rstnice Casa del Girasole Bucure\u0219ti\u00a0<\/a><\/p>\n<p style=\"padding-left: 40px;\"><a href=\"https:\/\/avp.ro\/wp-content\/uploads\/2025\/07\/Raspuns-CRPV-Casa-del-Girasole.pdf\">-R\u0103spunsul Centrului Reziden\u021bial pentru Persoane V\u00e2rstnice \u201dCasa del Girasole\u201d Bucure\u0219ti\u00a0<\/a><\/p>\n<p>9. <a href=\"https:\/\/avp.ro\/wp-content\/uploads\/2025\/05\/Raport-vizita-Camin-de-Batrani-Casuta-Seniorilor.pdf\">Raportul privind vizita efectuat\u0103 la C\u0103minul de B\u0103tr\u00e2ni C\u0103su\u021ba Seniorilor<\/a><\/p>\n<p style=\"padding-left: 40px;\"><a href=\"https:\/\/avp.ro\/wp-content\/uploads\/2025\/06\/Raspuns-SC-Home-Care-Solutions-SRL.pdf\">-R\u0103spunsul primit de la S.C. Home Care Solutions S.R.L.\u00a0<\/a><\/p>\n<p>8. <a href=\"https:\/\/avp.ro\/wp-content\/uploads\/2025\/05\/RV-CPV-Alexandra_Breaza_PH_2025.pdf\">Raportul privind vizita efectuat\u0103 la Centrul Reziden\u021bial pentru Seniori \u201eAlexandra\u201d din localitatea Breaza de Jos, jude\u021b Prahova<\/a><\/p>\n<p style=\"padding-left: 40px;\"><a href=\"https:\/\/avp.ro\/wp-content\/uploads\/2025\/06\/Raspuns-16280_2025_CPV-Alexandra_Breaza_PH.pdf\">-R\u0103spunsul primit de la Centrul Reziden\u021bial pentru Seniori \u201eAlexandra\u201d din localitatea Breaza de Jos, jude\u021b Prahova<\/a><\/p>\n<p>7. <a href=\"https:\/\/avp.ro\/wp-content\/uploads\/2025\/04\/Raport-vizita-UAMS-Baia-de-Cris-HD.pdf\">Raportul privind vizita desf\u0103\u0219urat\u0103 la Unitatea de Asisten\u021b\u0103 Medico-Social\u0103 Baia de Cri\u0219, jude\u021bul Hunedoara<\/a><\/p>\n<p style=\"padding-left: 40px;\"><a href=\"https:\/\/avp.ro\/wp-content\/uploads\/2025\/08\/Rasp-viz-UAMS-Baia-de-Cris-HD.pdf\">-R\u0103spunsul conducerii Unit\u0103\u021bii de Asisten\u021b\u0103 Medico-Social\u0103 Baia de Cri\u0219, jude\u021bul Hunedoara\u00a0<\/a><\/p>\n<p>6. <a href=\"https:\/\/avp.ro\/wp-content\/uploads\/2025\/04\/RV-CSPV-Alexandru-Marghioman.pdf\">Raportul privind vizita efectuat\u0103 la Complexul de Servicii pentru Persoane V\u00e2rstnice Alexandru Marghiloman-Centrul Reziden\u021bial Buz\u0103u<\/a><\/p>\n<p style=\"padding-left: 40px;\"><a href=\"https:\/\/avp.ro\/wp-content\/uploads\/2025\/07\/Raspuns-CSPV-Alexandru-Marghiloman.pdf\">-R\u0103spunsul Complexului de Servicii pentru Persoane V\u00e2rstnice Alexandru Marghiloman Buz\u0103u\u00a0<\/a><\/p>\n<p>5. <a href=\"https:\/\/avp.ro\/wp-content\/uploads\/2025\/03\/R-V-1-CPV-Ideciu-de-Jos-MS.pdf\">Raportul privind vizita efectuat\u0103 la C\u0103minul pentru Persoane V\u00e2rstnice Ideciu de Jos, jud. Mure\u0219<\/a><\/p>\n<p style=\"padding-left: 40px;\"><a href=\"https:\/\/avp.ro\/wp-content\/uploads\/2025\/05\/Raspuns-CPV-Ideciu-de-Jos-MS.pdf\">-R\u0103spunsul primit de la C\u0103minul pentru Persoane V\u00e2rstnice Ideciu de Jos, jud. Mure\u0219<\/a><\/p>\n<p>4. <a href=\"https:\/\/avp.ro\/wp-content\/uploads\/2025\/03\/Casa-Lili.pdf\">Raportul privind vizita esf\u0103\u0219urat\u0103 la C\u0103minul de B\u0103tr\u00e2ni Casa Lili<\/a><\/p>\n<p style=\"padding-left: 40px;\"><a href=\"https:\/\/avp.ro\/wp-content\/uploads\/2025\/03\/Raspunsul-primit-de-la-Casa-de-Batrani-casa-Lili.pdf\">-R\u0103spunsul primit de la Casa de B\u0103tr\u00e2ni casa Lili, jude\u021bul Ilfov<\/a><\/p>\n<p>3. <a href=\"https:\/\/avp.ro\/wp-content\/uploads\/2025\/03\/20250304131738.pdf\">Raportul privind vizita efectuat\u0103 la IACOBCARE Senior Center<\/a><\/p>\n<p style=\"padding-left: 40px;\"><a href=\"https:\/\/avp.ro\/wp-content\/uploads\/2025\/04\/raspuns_sc-iacobcare-srl.pdf\">-R\u0103spunsul primit de la S.C. IACOBCARE SRL, Ilfov<\/a><\/p>\n<p>2. <a href=\"https:\/\/avp.ro\/wp-content\/uploads\/2025\/03\/RV-CVP-Sf.-Maria_Unirea_CL_2025.pdf\">Raportul privind vizita efectuat\u0103 la C\u0103minul de Persoane V\u00e2rstnice \u201dSf\u00e2nta Maria\u201d din localitatea Unirea, jude\u021b C\u0103l\u0103ra\u0219i<\/a><\/p>\n<p style=\"padding-left: 40px;\"><a href=\"https:\/\/avp.ro\/wp-content\/uploads\/2025\/04\/Raspuns-10441_7.04.2025_CPV-Sf.-Maria_Unirea_Calarasi.pdf\">-R\u0103spunsul Prim\u0103riei Comunei Unirea, jude\u021b C\u0103l\u0103ra\u0219i pentru C\u0103minul de Persoane V\u00e2rstnice \u201dSf\u00e2nta Maria\u201d<\/a><\/p>\n<p>.1. <a href=\"https:\/\/avp.ro\/wp-content\/uploads\/2025\/02\/raport_lummy-house-camin-seniori.pdf\">Raportul privind vizita la C\u0103minul de B\u0103tr\u00e2ni Lummy House C\u0103min Seniori<\/a><\/p>\n<p style=\"padding-left: 40px;\"><a href=\"https:\/\/avp.ro\/wp-content\/uploads\/2025\/03\/Raspunsul_Lummy-House-Camin-Seniori.pdf\">-R\u0103spunsul primit de la Lummy House C\u0103min Seniori S.R.L.<\/a><\/p>\n","protected":false},"excerpt":{"rendered":"<p>&nbsp; 14. Raportul privind vizita efectuat\u0103 la C\u0103minul pentru persoane v\u00e2rstnice Casa Ilinca, localitatea S\u0103cele, jude\u021bul Bra\u0219ov 13. Raportul privind vizita desf\u0103\u0219urat\u0103 la CIA B\u0103biciu, comuna B\u0103biciu, jude\u021bul Olt -R\u0103spunsul&hellip; <\/p>\n","protected":false},"author":1,"featured_media":0,"parent":0,"menu_order":0,"comment_status":"closed","ping_status":"closed","template":"","meta":{"footnotes":""},"class_list":["post-13187","page","type-page","status-publish","hentry"],"yoast_head":"<!-- This site is optimized with the Yoast SEO plugin v27.5 - https:\/\/yoast.com\/product\/yoast-seo-wordpress\/ -->\n<title>C\u0102MINE PENTRU PERSOANE V\u00c2RSTNICE 2025 - Institu\u021bia Avocatul Poporului<\/title>\n<meta name=\"robots\" content=\"index, follow, max-snippet:-1, max-image-preview:large, max-video-preview:-1\" \/>\n<link rel=\"canonical\" href=\"https:\/\/avp.ro\/index.php\/camine-pentru-persoane-varstnice-2025\/\" \/>\n<meta property=\"og:locale\" content=\"en_US\" \/>\n<meta property=\"og:type\" content=\"article\" \/>\n<meta property=\"og:title\" content=\"C\u0102MINE PENTRU PERSOANE V\u00c2RSTNICE 2025 - Institu\u021bia Avocatul Poporului\" \/>\n<meta property=\"og:description\" content=\"&nbsp; 14. Raportul privind vizita efectuat\u0103 la C\u0103minul pentru persoane v\u00e2rstnice Casa Ilinca, localitatea S\u0103cele, jude\u021bul Bra\u0219ov 13. Raportul privind vizita desf\u0103\u0219urat\u0103 la CIA B\u0103biciu, comuna B\u0103biciu, jude\u021bul Olt -R\u0103spunsul&hellip;\" \/>\n<meta property=\"og:url\" content=\"https:\/\/avp.ro\/index.php\/camine-pentru-persoane-varstnice-2025\/\" \/>\n<meta property=\"og:site_name\" content=\"Institu\u021bia Avocatul Poporului\" \/>\n<meta property=\"article:modified_time\" content=\"2026-04-15T08:38:12+00:00\" \/>\n<meta name=\"twitter:card\" content=\"summary_large_image\" \/>\n<meta name=\"twitter:label1\" content=\"Est. reading time\" \/>\n\t<meta name=\"twitter:data1\" content=\"2 minutes\" \/>\n<script type=\"application\/ld+json\" class=\"yoast-schema-graph\">{\"@context\":\"https:\\\/\\\/schema.org\",\"@graph\":[{\"@type\":\"WebPage\",\"@id\":\"https:\\\/\\\/avp.ro\\\/index.php\\\/camine-pentru-persoane-varstnice-2025\\\/\",\"url\":\"https:\\\/\\\/avp.ro\\\/index.php\\\/camine-pentru-persoane-varstnice-2025\\\/\",\"name\":\"C\u0102MINE PENTRU PERSOANE V\u00c2RSTNICE 2025 - Institu\u021bia Avocatul Poporului\",\"isPartOf\":{\"@id\":\"https:\\\/\\\/avp.ro\\\/#website\"},\"datePublished\":\"2025-02-19T08:51:49+00:00\",\"dateModified\":\"2026-04-15T08:38:12+00:00\",\"breadcrumb\":{\"@id\":\"https:\\\/\\\/avp.ro\\\/index.php\\\/camine-pentru-persoane-varstnice-2025\\\/#breadcrumb\"},\"inLanguage\":\"en-US\",\"potentialAction\":[{\"@type\":\"ReadAction\",\"target\":[\"https:\\\/\\\/avp.ro\\\/index.php\\\/camine-pentru-persoane-varstnice-2025\\\/\"]}]},{\"@type\":\"BreadcrumbList\",\"@id\":\"https:\\\/\\\/avp.ro\\\/index.php\\\/camine-pentru-persoane-varstnice-2025\\\/#breadcrumb\",\"itemListElement\":[{\"@type\":\"ListItem\",\"position\":1,\"name\":\"Home\",\"item\":\"https:\\\/\\\/avp.ro\\\/\"},{\"@type\":\"ListItem\",\"position\":2,\"name\":\"C\u0102MINE PENTRU PERSOANE V\u00c2RSTNICE 2025\"}]},{\"@type\":\"WebSite\",\"@id\":\"https:\\\/\\\/avp.ro\\\/#website\",\"url\":\"https:\\\/\\\/avp.ro\\\/\",\"name\":\"Institu\u021bia Avocatul Poporului\",\"description\":\"People\u2019s Advocate institution - Office of the Ombudsman\",\"publisher\":{\"@id\":\"https:\\\/\\\/avp.ro\\\/#organization\"},\"potentialAction\":[{\"@type\":\"SearchAction\",\"target\":{\"@type\":\"EntryPoint\",\"urlTemplate\":\"https:\\\/\\\/avp.ro\\\/?s={search_term_string}\"},\"query-input\":{\"@type\":\"PropertyValueSpecification\",\"valueRequired\":true,\"valueName\":\"search_term_string\"}}],\"inLanguage\":\"en-US\"},{\"@type\":\"Organization\",\"@id\":\"https:\\\/\\\/avp.ro\\\/#organization\",\"name\":\"Institutia Avocatul Poporului\",\"url\":\"https:\\\/\\\/avp.ro\\\/\",\"logo\":{\"@type\":\"ImageObject\",\"inLanguage\":\"en-US\",\"@id\":\"https:\\\/\\\/avp.ro\\\/#\\\/schema\\\/logo\\\/image\\\/\",\"url\":\"https:\\\/\\\/avp.ro\\\/wp-content\\\/uploads\\\/2020\\\/09\\\/cropped-AP.jpg\",\"contentUrl\":\"https:\\\/\\\/avp.ro\\\/wp-content\\\/uploads\\\/2020\\\/09\\\/cropped-AP.jpg\",\"width\":160,\"height\":146,\"caption\":\"Institutia Avocatul Poporului\"},\"image\":{\"@id\":\"https:\\\/\\\/avp.ro\\\/#\\\/schema\\\/logo\\\/image\\\/\"}}]}<\/script>\n<!-- \/ Yoast SEO plugin. -->","yoast_head_json":{"title":"C\u0102MINE PENTRU PERSOANE V\u00c2RSTNICE 2025 - Institu\u021bia Avocatul Poporului","robots":{"index":"index","follow":"follow","max-snippet":"max-snippet:-1","max-image-preview":"max-image-preview:large","max-video-preview":"max-video-preview:-1"},"canonical":"https:\/\/avp.ro\/index.php\/camine-pentru-persoane-varstnice-2025\/","og_locale":"en_US","og_type":"article","og_title":"C\u0102MINE PENTRU PERSOANE V\u00c2RSTNICE 2025 - Institu\u021bia Avocatul Poporului","og_description":"&nbsp; 14. Raportul privind vizita efectuat\u0103 la C\u0103minul pentru persoane v\u00e2rstnice Casa Ilinca, localitatea S\u0103cele, jude\u021bul Bra\u0219ov 13. Raportul privind vizita desf\u0103\u0219urat\u0103 la CIA B\u0103biciu, comuna B\u0103biciu, jude\u021bul Olt -R\u0103spunsul&hellip;","og_url":"https:\/\/avp.ro\/index.php\/camine-pentru-persoane-varstnice-2025\/","og_site_name":"Institu\u021bia Avocatul Poporului","article_modified_time":"2026-04-15T08:38:12+00:00","twitter_card":"summary_large_image","twitter_misc":{"Est. reading time":"2 minutes"},"schema":{"@context":"https:\/\/schema.org","@graph":[{"@type":"WebPage","@id":"https:\/\/avp.ro\/index.php\/camine-pentru-persoane-varstnice-2025\/","url":"https:\/\/avp.ro\/index.php\/camine-pentru-persoane-varstnice-2025\/","name":"C\u0102MINE PENTRU PERSOANE V\u00c2RSTNICE 2025 - Institu\u021bia Avocatul Poporului","isPartOf":{"@id":"https:\/\/avp.ro\/#website"},"datePublished":"2025-02-19T08:51:49+00:00","dateModified":"2026-04-15T08:38:12+00:00","breadcrumb":{"@id":"https:\/\/avp.ro\/index.php\/camine-pentru-persoane-varstnice-2025\/#breadcrumb"},"inLanguage":"en-US","potentialAction":[{"@type":"ReadAction","target":["https:\/\/avp.ro\/index.php\/camine-pentru-persoane-varstnice-2025\/"]}]},{"@type":"BreadcrumbList","@id":"https:\/\/avp.ro\/index.php\/camine-pentru-persoane-varstnice-2025\/#breadcrumb","itemListElement":[{"@type":"ListItem","position":1,"name":"Home","item":"https:\/\/avp.ro\/"},{"@type":"ListItem","position":2,"name":"C\u0102MINE PENTRU PERSOANE V\u00c2RSTNICE 2025"}]},{"@type":"WebSite","@id":"https:\/\/avp.ro\/#website","url":"https:\/\/avp.ro\/","name":"Institu\u021bia Avocatul Poporului","description":"People\u2019s Advocate institution - Office of the Ombudsman","publisher":{"@id":"https:\/\/avp.ro\/#organization"},"potentialAction":[{"@type":"SearchAction","target":{"@type":"EntryPoint","urlTemplate":"https:\/\/avp.ro\/?s={search_term_string}"},"query-input":{"@type":"PropertyValueSpecification","valueRequired":true,"valueName":"search_term_string"}}],"inLanguage":"en-US"},{"@type":"Organization","@id":"https:\/\/avp.ro\/#organization","name":"Institutia Avocatul Poporului","url":"https:\/\/avp.ro\/","logo":{"@type":"ImageObject","inLanguage":"en-US","@id":"https:\/\/avp.ro\/#\/schema\/logo\/image\/","url":"https:\/\/avp.ro\/wp-content\/uploads\/2020\/09\/cropped-AP.jpg","contentUrl":"https:\/\/avp.ro\/wp-content\/uploads\/2020\/09\/cropped-AP.jpg","width":160,"height":146,"caption":"Institutia Avocatul Poporului"},"image":{"@id":"https:\/\/avp.ro\/#\/schema\/logo\/image\/"}}]}},"_links":{"self":[{"href":"https:\/\/avp.ro\/index.php\/wp-json\/wp\/v2\/pages\/13187","targetHints":{"allow":["GET"]}}],"collection":[{"href":"https:\/\/avp.ro\/index.php\/wp-json\/wp\/v2\/pages"}],"about":[{"href":"https:\/\/avp.ro\/index.php\/wp-json\/wp\/v2\/types\/page"}],"author":[{"embeddable":true,"href":"https:\/\/avp.ro\/index.php\/wp-json\/wp\/v2\/users\/1"}],"replies":[{"embeddable":true,"href":"https:\/\/avp.ro\/index.php\/wp-json\/wp\/v2\/comments?post=13187"}],"version-history":[{"count":32,"href":"https:\/\/avp.ro\/index.php\/wp-json\/wp\/v2\/pages\/13187\/revisions"}],"predecessor-version":[{"id":15691,"href":"https:\/\/avp.ro\/index.php\/wp-json\/wp\/v2\/pages\/13187\/revisions\/15691"}],"wp:attachment":[{"href":"https:\/\/avp.ro\/index.php\/wp-json\/wp\/v2\/media?parent=13187"}],"curies":[{"name":"wp","href":"https:\/\/api.w.org\/{rel}","templated":true}]}}