{"id":134,"date":"2020-07-17T07:41:30","date_gmt":"2020-07-17T07:41:30","guid":{"rendered":"https:\/\/avp.ro\/?page_id=134"},"modified":"2025-04-01T11:21:22","modified_gmt":"2025-04-01T09:21:22","slug":"legaturi-utile","status":"publish","type":"page","link":"https:\/\/avp.ro\/index.php\/resurse\/legaturi-utile\/","title":{"rendered":"Leg\u0103turi utile"},"content":{"rendered":"<p>&nbsp;<\/p>\n<p><img loading=\"lazy\" decoding=\"async\" class=\"alignleft wp-image-6146\" src=\"https:\/\/avp.ro\/wp-content\/uploads\/2022\/05\/EO_EN.png\" alt=\"\" width=\"78\" height=\"63\" srcset=\"https:\/\/avp.ro\/wp-content\/uploads\/2022\/05\/EO_EN.png 1200w, https:\/\/avp.ro\/wp-content\/uploads\/2022\/05\/EO_EN-300x241.png 300w, https:\/\/avp.ro\/wp-content\/uploads\/2022\/05\/EO_EN-1024x822.png 1024w, https:\/\/avp.ro\/wp-content\/uploads\/2022\/05\/EO_EN-768x616.png 768w\" sizes=\"auto, (max-width: 78px) 100vw, 78px\" \/><\/p>\n<p>&nbsp;<\/p>\n<p style=\"font-weight: 400;\"><strong><a href=\"http:\/\/www.ombudsman.europa.eu\/ro\/home.faces\">Ombudsmanul European<\/a><\/strong><\/p>\n<p style=\"font-weight: 400; padding-left: 40px;\"><a href=\"http:\/\/ec.europa.eu\/solvit\/site\/index_ro.htm\">Solvit\u00a0<\/a>&#8211; reteaua de solutionare a\u00a0problemelor care au o dimensiune transfrontalier\u0103 \u015fi sunt cauzate de proasta aplicare a dreptului comunitar de c\u0103tre autorit\u0103tile publice din statele membre ale Uniunii Europene<\/p>\n<p style=\"font-weight: 400; padding-left: 40px;\"><strong><em>Urmarirea procesului legislativ<\/em><\/strong>\u00a0&#8211; la\u00a0<a href=\"http:\/\/www.senat.ro\/legis\/lista.aspx\">Senat<\/a>\u00a0si la\u00a0<a href=\"http:\/\/www.cdep.ro\/pls\/proiecte\/upl_pck.home\">Camera Deputatilor<\/a><\/p>\n<p style=\"font-weight: 400; padding-left: 40px;\"><strong>Parlamentul Romaniei<\/strong>:\u00a0<a href=\"http:\/\/www.senat.ro\/\">Senatul Romaniei<\/a>\u00a0si\u00a0<a href=\"http:\/\/www.cdep.ro\/\">Camera Deputatilor<\/a><\/p>\n<p style=\"font-weight: 400; padding-left: 40px;\"><a href=\"http:\/\/www.guv.ro\/\">Guvernul Romaniei<\/a><\/p>\n<p style=\"font-weight: 400; padding-left: 40px;\"><a href=\"http:\/\/www.ccr.ro\/\">Curtea Constitu\u0163ional\u0103 a Rom\u00e2niei<\/a><\/p>\n<p style=\"font-weight: 400; padding-left: 40px;\"><a href=\"http:\/\/www.jurisprudenta.org\/\">Indexul jurisprudentei na\u021bionale &#8211; Jurindex<\/a><\/p>\n<p style=\"font-weight: 400; padding-left: 40px;\"><a href=\"http:\/\/portal.just.ro\/\">Portalul instan\u021belor de judecat\u0103<\/a><\/p>\n<p style=\"font-weight: 400; padding-left: 40px;\"><a href=\"https:\/\/e-justice.europa.eu\/home.do?sufix=19&amp;amp;plang=ro&amp;amp;action=home\">Portalul european e-justi\u021bie<\/a><\/p>\n<p style=\"font-weight: 400; padding-left: 40px;\"><a href=\"http:\/\/www.csm1909.ro\/csm\/index.php?lb=ro\">Consiliul Superior al Magistraturii<\/a><\/p>\n<p style=\"font-weight: 400; padding-left: 40px;\"><a href=\"http:\/\/www.ccir.ro\/\">Camera de Comer\u0163 \u0219i Industrie a Rom\u00e2niei<\/a><\/p>\n<p style=\"font-weight: 400; padding-left: 40px;\"><a href=\"http:\/\/www.onrc.ro\/\">Oficiul National pentru Registrul Comertului<\/a><\/p>\n<p style=\"font-weight: 400; padding-left: 40px;\"><a href=\"http:\/\/dataprotection.ro\/\">Autoritatea Nationala\u00a0de Supraveghere a Prelucr\u0103rii Datelor cu Caracter Personal<\/a><\/p>\n<p style=\"font-weight: 400; padding-left: 40px;\"><strong><a href=\"http:\/\/www.cnas.ro\/\">Casa Nationala de Asigurari de Sanatate<\/a> \u0219i\u00a0<\/strong><strong>Casele judetene de asigurari de s\u0103n\u0103tate<\/strong><strong><br \/>\n<\/strong><\/p>\n<p style=\"font-weight: 400; padding-left: 40px;\"><strong>Guvernul Romaniei\u00a0&#8211; Ministere<\/strong><\/p>\n<ul>\n<li style=\"list-style-type: none;\">\n<ul>\n<li style=\"font-weight: 400;\"><a href=\"http:\/\/www.mae.ro\/\">MINISTERUL AFACERILOR EXTERNE<\/a><\/li>\n<li style=\"font-weight: 400;\"><a href=\"https:\/\/www.mdlpa.ro\/\">MINISTERUL DEZVOLT\u0102RII REGIONALE \u015eI TURISMULUI<\/a><\/li>\n<li style=\"font-weight: 400;\"><a href=\"http:\/\/www.mfinante.ro\/\">MINISTERUL FINAN\u021aELOR PUBLICE<\/a><\/li>\n<li style=\"font-weight: 400;\"><a href=\"http:\/\/www.just.ro\/\">MINISTERUL JUSTI\u021aIEI<\/a><\/li>\n<li style=\"font-weight: 400;\"><a href=\"http:\/\/www.mapn.ro\/\">MINISTERUL AP\u0102R\u0102RII NA\u021aIONALE<\/a><\/li>\n<li style=\"font-weight: 400;\"><a href=\"http:\/\/www.mai.gov.ro\/\">MINISTERUL AFACERILOR INTERNE<\/a><\/li>\n<li style=\"font-weight: 400;\"><a href=\"https:\/\/mmuncii.ro\/j33\/index.php\/ro\/\">MINISTERUL MUNCII, FAMILIEI, TINERETULUI SI SOLIDARIT\u0102\u021aII SOCIALE<\/a><\/li>\n<li style=\"font-weight: 400;\"><a href=\"https:\/\/economie.gov.ro\/\">MINISTERUL ECONOMIEI, DIGITALIZ\u0102RII, ANTREPRENORIATULUI \u0218I TURISMULUI<\/a><\/li>\n<li style=\"font-weight: 400;\"><a href=\"http:\/\/www.madr.ro\/\">MINISTERUL AGRICULTURII SI DEZVOLT\u0102RII RURALE<\/a><\/li>\n<li style=\"font-weight: 400;\"><a href=\"http:\/\/MINISTERUL TRANSPORTURILOR SI INFRASTRUCTURII\">MINISTERUL TRANSPORTURILOR SI INFRASTRUCTURII<\/a><\/li>\n<li style=\"font-weight: 400;\"><a href=\"http:\/\/www.edu.ro\/\">MINISTERUL EDUCA\u021aIEI \u0218I CERCET\u0102RII<\/a><\/li>\n<li style=\"font-weight: 400;\"><a href=\"http:\/\/www.cultura.ro\/\">MINISTERUL CULTURII<\/a><\/li>\n<li style=\"font-weight: 400;\"><a href=\"http:\/\/www.ms.ro\/\">MINISTERUL S\u0102N\u0102T\u0102\u021aII<\/a><\/li>\n<li style=\"font-weight: 400;\"><a href=\"http:\/\/www.mmediu.ro\/\">MINISTERUL MEDIULUI, APELOR \u0218I P\u0102DURILOR<\/a><\/li>\n<\/ul>\n<\/li>\n<\/ul>\n<p style=\"font-weight: 400; padding-left: 40px;\"><strong>Guvernul Romaniei\u00a0&#8211; Institutii coordonate<\/strong><\/p>\n<ul>\n<li style=\"list-style-type: none;\">\n<ul>\n<li><a href=\"http:\/\/www.conas.gov.ro\/\">Comisia Nationala de Acreditare a Spitalelor<\/a><\/li>\n<li style=\"font-weight: 400;\"><a href=\"http:\/\/%20www.crimelecomunismului.ro\/\">Institutul de Investigare a Crimelor Comunismului \u015fi Memoria Exilului Rom\u00e2nesc<\/a><\/li>\n<li style=\"font-weight: 400;\"><a href=\"http:\/\/www.ansv.ro\/\">Autoritatea Na\u0163ional\u0103 Sanitar\u0103 Veterinar\u0103 \u015fi pentru Siguran\u0163a Alimentelor<\/a><\/li>\n<li style=\"font-weight: 400;\"><a href=\"http:\/\/www.dprp.gov.ro\/\">Departamentul pentru Rom\u00e2nii de Pretutindeni<\/a><\/li>\n<li style=\"font-weight: 400;\"><a href=\"http:\/\/www.onpcsb.ro\/\">Oficiul Na\u0163ional de Prevenire \u015fi Combatere a Sp\u0103l\u0103rii Banilor<\/a><\/li>\n<\/ul>\n<\/li>\n<\/ul>\n<p style=\"font-weight: 400; padding-left: 40px;\"><strong>Institutii in subordinea Guvernului<\/strong><\/p>\n<ul>\n<li style=\"list-style-type: none;\">\n<ul>\n<li style=\"font-weight: 400;\"><a href=\"http:\/\/www.anpc.ro\/\">Autoritatea Nationala pentru Protectia Consumatorilor<\/a><\/li>\n<li style=\"font-weight: 400;\"><a href=\"http:\/\/www.avas.gov.ro\/\">Autoritatea pentru Valorificarea Activelor Statului<\/a><\/li>\n<li style=\"font-weight: 400;\"><a href=\"http:\/\/www.copii.ro\/\">Autoritatea Nationala pentru Protectia Copilului si Adoptie<\/a><\/li>\n<li style=\"font-weight: 400;\"><a href=\"http:\/\/www.arisinvest.ro\/\">Agentia Romana pentru Investitii Straine<\/a><\/li>\n<li style=\"font-weight: 400;\"><a href=\"http:\/\/www.anph.ro\/\">Autoritatea Nationala pentru Persoanele cu Handicap<\/a><\/li>\n<li style=\"font-weight: 400;\"><a href=\"http:\/\/www.anrc.ro\/\">Autoritatea Nationala de Reglementare in Comunicatii<\/a><\/li>\n<li style=\"font-weight: 400;\"><a href=\"http:\/\/www.anrs.ro\/\">Administratia Nationala a Rezervelor de Stat<\/a><\/li>\n<li style=\"font-weight: 400;\"><a href=\"http:\/\/www.gov-sport.ro\/\">Agentia Nationala pentru Sport<\/a><\/li>\n<li style=\"font-weight: 400;\"><a href=\"http:\/\/www.publicinfo.ro\/\">Agentia pentru Strategii Guvernamentale<\/a><\/li>\n<li style=\"font-weight: 400;\"><a href=\"http:\/\/www.mimmc.ro\/\">Agentia Nationala pentru Intreprinderi Mici si Mijlocii si Cooperatie<\/a><\/li>\n<li style=\"font-weight: 400;\"><a href=\"http:\/\/www.cnp.ro\/\">Comisia Nationala de Prognoza<\/a><\/li>\n<li style=\"font-weight: 400;\"><a href=\"http:\/\/www.control.ro\/\">Autoritatea Nationala de Control<\/a><\/li>\n<li style=\"font-weight: 400;\"><a href=\"http:\/\/www.insse.ro\/\">Institutul National de Statistica<\/a><\/li>\n<li style=\"font-weight: 400;\"><a href=\"http:\/\/www.onpcsb.ro\/\">Oficiul National de Prevenire si Combatere a Spalarii Banilor<\/a><\/li>\n<li style=\"font-weight: 400;\"><a href=\"http:\/\/www.osim.ro\/\">Oficiul de Stat pentru Inventii si Marci<\/a><\/li>\n<li style=\"font-weight: 400;\"><a href=\"http:\/\/www.customs.ro\/\">Directia Generala a Vamilor<\/a><\/li>\n<li style=\"font-weight: 400;\"><a href=\"http:\/\/www.sspr.ro\/\">Secretariatul de Stat pentru Problemele Revolutionarilor din Decembrie 1989<\/a><\/li>\n<li style=\"font-weight: 400;\"><a href=\"http:\/\/www.igcti.ro\/\">Inspectoratul General pentru Comunicatii si Tehnologia Informatiei<\/a><\/li>\n<li style=\"font-weight: 400;\"><a href=\"https:\/\/www.orda.ro\/\">Oficiul Roman pentru Drepturile de Autor<\/a><\/li>\n<li style=\"font-weight: 400;\"><a href=\"http:\/\/www.ansv.ro\/\">Autoritatea Nationala Sanitara Veterinara si pentru Siguranta Alimentelor<\/a><\/li>\n<li style=\"font-weight: 400;\"><a href=\"http:\/\/www.isc-web.ro\/\">Inspectoratul de Stat in Constructii &#8211; ISC<\/a><\/li>\n<li style=\"font-weight: 400;\"><a href=\"http:\/\/www.ocsps.ro\/\">Oficiul Central de Stat pentru Probleme Speciale (OCSPS)<\/a><\/li>\n<li style=\"font-weight: 400;\"><a href=\"http:\/\/www.orniss.ro\/\">Oficiul Registrului Na\u0163ional al Informa\u0163iilor Secrete de Stat<\/a><\/li>\n<li style=\"font-weight: 400;\"><a href=\"http:\/\/www.anrsc.ro\/\">Autoritatea Nationala de Reglementare pentru Serviciile Comunitare de Utilit\u0103\u021bi Publice<\/a><\/li>\n<li style=\"font-weight: 400;\"><a href=\"http:\/\/www.anre.ro\/\">Autoritatea Nationala de Reglementare in Domeniul Energiei<\/a><\/li>\n<li style=\"font-weight: 400;\">Autoritatea Nationala de Reglementare in Domeniul Gazelor Naturale<\/li>\n<li style=\"font-weight: 400;\"><a href=\"http:\/\/www.namr.ro\/\">Agentia Nationala pentru Resurse Minerale<\/a><\/li>\n<li style=\"font-weight: 400;\"><a href=\"http:\/\/www.cncan.ro\/\">Comisia Nationala pentru Controlul Activitatilor Nucleare<\/a><\/li>\n<li style=\"font-weight: 400;\"><a href=\"https:\/\/andr.ro\/\">Agentia Nucleara \u0219i pentru De\u0219euri Radioactive<\/a><\/li>\n<li style=\"font-weight: 400;\"><a href=\"http:\/\/www.e-tineret.ro\/\">Autoritatea Nationala pentru Tineret<\/a><\/li>\n<li style=\"font-weight: 400;\"><a href=\"http:\/\/www.dri.gov.ro\/\">Departamentul pentru Relatii Interetnice<\/a><\/li>\n<li style=\"font-weight: 400;\"><a href=\"https:\/\/once.mapn.ro\/\">Oficiului National pentru Cultul Eroilor<\/a><\/li>\n<\/ul>\n<\/li>\n<\/ul>\n<p style=\"font-weight: 400; padding-left: 40px;\"><strong>Institutii subordonate Ministerului Finantelor Publice<\/strong><\/p>\n<ul>\n<li style=\"list-style-type: none;\">\n<ul>\n<li style=\"font-weight: 400;\"><a href=\"http:\/\/www.anaf.ro\/\">ANAF<\/a><\/li>\n<li style=\"font-weight: 400;\"><a href=\"http:\/\/www.gardafinanciara.ro\/index.aspx\">Garda Financiar\u0103<\/a><\/li>\n<li style=\"font-weight: 400;\"><a href=\"http:\/\/www.customs.ro\/\">Autoritatea Na\u0163ional\u0103 a V\u0103milor<\/a><\/li>\n<li style=\"font-weight: 400;\"><a href=\"http:\/\/www.anrp.gov.ro\/\">Autoritatea Na\u0163ional\u0103 pentru Restituirea Propriet\u0103\u0163ilor<\/a><\/li>\n<li style=\"font-weight: 400;\"><a href=\"http:\/\/www.cnp.ro\/\">Comisia Na\u0163ional\u0103 de Prognoz\u0103<\/a><\/li>\n<li style=\"font-weight: 400;\"><a href=\"http:\/\/www.cnin.ro\/\">Imprimeria Na\u0163ional\u0103<\/a><\/li>\n<li style=\"font-weight: 400;\"><a href=\"http:\/\/www.loto.ro\/\">Loteria Na\u0163ional\u0103<\/a><\/li>\n<\/ul>\n<\/li>\n<\/ul>\n<p style=\"font-weight: 400; padding-left: 40px;\"><strong>Structuri \/ Unitati subordonate Ministerului Administratiei si Internelor<\/strong><\/p>\n<ul>\n<li style=\"list-style-type: none;\">\n<ul>\n<li style=\"font-weight: 400;\"><a href=\"http:\/\/www.mai-dga.ro\/\">Directia Generala Anticoruptie<\/a><\/li>\n<li style=\"font-weight: 400;\"><a href=\"http:\/\/www.dgipi.ro\/\">Directia Generala de Informatii si Protectie Interna<\/a><\/li>\n<li style=\"font-weight: 400;\"><a href=\"http:\/\/www.pasapoarte.mai.gov.ro\/\">Directia Generala de Pasapoarte<\/a><\/li>\n<li style=\"font-weight: 400;\"><a href=\"http:\/\/www.drpciv.ro\/\">Directia Regim Permise de Conducere si Inmatriculare a Vehiculelor<\/a><\/li>\n<li style=\"font-weight: 400;\"><a href=\"http:\/\/www.igsu.ro\/\">Inspectoratul General pentru Situatii de Urgenta<\/a><\/li>\n<li style=\"font-weight: 400;\"><a href=\"http:\/\/depabd.mai.gov.ro\/\">Directia pentru Evidenta Persoanelor si Administrarea Bazelor de Date<\/a><\/li>\n<li style=\"font-weight: 400;\"><a href=\"http:\/\/ori.mai.gov.ro\/\">Oficiul Roman pentru Imigrari<\/a><\/li>\n<li style=\"font-weight: 400;\"><a href=\"http:\/\/www.arhivelenationale.ro\/\">Arhivele Nationale<\/a><\/li>\n<li style=\"font-weight: 400;\"><a href=\"http:\/\/politiaromana.ro\/\">Politia Rom\u00e2na<\/a><\/li>\n<li style=\"font-weight: 400;\"><a href=\"http:\/\/www.jandarmeriaromana.ro\/\">Jandarmeria Romana<\/a><\/li>\n<li style=\"font-weight: 400;\"><a href=\"http:\/\/www.politiadefrontiera.ro\/\">Politia de Frontiera Romana<\/a><\/li>\n<li style=\"font-weight: 400;\"><a href=\"http:\/\/www.aviatie.mai.gov.ro\/\">Inspectoratul General de Aviatie al Ministerului Administratiei si Internelo<\/a>r<\/li>\n<li style=\"font-weight: 400;\"><a href=\"http:\/\/www.mai.gov.ro\/index07_2.htm\">Unitatea de Politici Publice<\/a><\/li>\n<\/ul>\n<\/li>\n<\/ul>\n<p style=\"font-weight: 400; padding-left: 40px;\"><strong>Agen\u021bii \/ Autorit\u0103\u021bi<\/strong><\/p>\n<ul>\n<li style=\"list-style-type: none;\">\n<ul>\n<li style=\"font-weight: 400;\"><a href=\"http:\/\/www.ana.gov.ro\/\">Agentia Nationala Antidrog<\/a><\/li>\n<li style=\"font-weight: 400;\"><a href=\"http:\/\/anitp.mai.gov.ro\/\">Agentia Nationala Impotriva Traficului de Persoane<\/a><\/li>\n<li style=\"font-weight: 400;\"><a href=\"http:\/\/www.ancpi.ro\/\">Agentia Nationala de Cadastru si Publicitate Imobiliara<\/a><\/li>\n<li style=\"font-weight: 400;\"><a href=\"http:\/\/www.anfp.gov.ro\/\">Agentia Nationala a Functionarilor Publici<\/a><\/li>\n<li style=\"font-weight: 400;\"><a href=\"http:\/\/www.anrsps.gov.ro\/\">Administratia Nationala a Rezervelor de Stat si Probleme Speciale<\/a><\/li>\n<li style=\"font-weight: 400;\"><a href=\"http:\/\/www.anrsc.ro\/\">Autoritatea Nationala de Reglementare pentru Serviciile Comunitare de Utilitati Publice<\/a><\/li>\n<\/ul>\n<\/li>\n<\/ul>\n<p style=\"font-weight: 400; padding-left: 40px;\"><strong>Institu\u0163iile care func\u0163ioneaz\u0103 \u00een subordinea \/ sub autoritatea \/ \u00een coordonarea Ministerului Muncii, Familiei \u015fi Protec\u0163iei Sociale:<\/strong><\/p>\n<ul>\n<li style=\"list-style-type: none;\">\n<ul>\n<li style=\"font-weight: 400;\"><a href=\"http:\/\/www.inspectmun.ro\/\">Inspec\u0163ia Muncii<\/a><\/li>\n<li style=\"font-weight: 400;\"><a href=\"http:\/\/www.mmuncii.ro\/458-view.html\">Organisme intermediare regionale pentru Programul opera\u0163ional sectorial pentru dezvoltarea resurselor umane<\/a><\/li>\n<li style=\"font-weight: 400;\"><a href=\"http:\/\/www.prestatiisociale.ro\/\">Agen\u0163ia Na\u0163ional\u0103 pentru Presta\u0163ii Sociale<\/a><\/li>\n<li style=\"font-weight: 400;\"><a href=\"http:\/\/www.cnpas.org\/\">Casa Na\u0163ional\u0103 de Pensii Publice<\/a><\/li>\n<li style=\"font-weight: 400;\"><a href=\"http:\/\/www.anofm.ro\/\">Agen\u0163ia Na\u0163ional\u0103 pentru Ocuparea For\u0163ei de Munc\u0103<\/a><\/li>\n<li style=\"font-weight: 400;\"><a href=\"http:\/\/www.incsmps.ro\/\">Institutul Na\u0163ional de Cercetare \u015etiin\u0163ific\u0103 \u00een Domeniul Muncii \u015fi Protec\u0163iei Sociale &#8211; I.N.C.S.M.P.S. Bucure\u015fti<\/a><\/li>\n<li style=\"font-weight: 400;\"><a href=\"http:\/\/www.inpm.ro\/\">Institutul Na\u0163ional de Cercetare-Dezvoltare pentru Protec\u0163ia Muncii &#8211; I.N.C.D.P.M.\u00a0&#8220;Alexandru Darabont&#8221; &#8211; Bucure\u015fti<\/a><\/li>\n<\/ul>\n<\/li>\n<\/ul>\n<p style=\"font-weight: 400; padding-left: 40px;\"><strong>Administra\u021bie public\u0103 local\u0103<\/strong><\/p>\n<ul>\n<li style=\"list-style-type: none;\">\n<ul style=\"font-weight: 400;\">\n<li><strong>Prefecturi<\/strong><\/li>\n<li><strong>Consilii judetene<\/strong><\/li>\n<li><strong>Primarii<\/strong><\/li>\n<\/ul>\n<\/li>\n<\/ul>\n","protected":false},"excerpt":{"rendered":"<p>&nbsp; &nbsp; Ombudsmanul European Solvit\u00a0&#8211; reteaua de solutionare a\u00a0problemelor care au o dimensiune transfrontalier\u0103 \u015fi sunt cauzate de proasta aplicare a dreptului comunitar de c\u0103tre autorit\u0103tile publice din statele membre&hellip; <\/p>\n","protected":false},"author":1,"featured_media":0,"parent":60,"menu_order":0,"comment_status":"closed","ping_status":"closed","template":"","meta":{"footnotes":""},"class_list":["post-134","page","type-page","status-publish","hentry"],"yoast_head":"<!-- This site is optimized with the Yoast SEO plugin v27.4 - https:\/\/yoast.com\/product\/yoast-seo-wordpress\/ -->\n<title>Leg\u0103turi utile - Institu\u021bia Avocatul Poporului<\/title>\n<meta name=\"robots\" content=\"index, follow, max-snippet:-1, max-image-preview:large, max-video-preview:-1\" \/>\n<link rel=\"canonical\" href=\"https:\/\/avp.ro\/index.php\/resurse\/legaturi-utile\/\" \/>\n<meta property=\"og:locale\" content=\"en_US\" \/>\n<meta property=\"og:type\" content=\"article\" \/>\n<meta property=\"og:title\" content=\"Leg\u0103turi utile - Institu\u021bia Avocatul Poporului\" \/>\n<meta property=\"og:description\" content=\"&nbsp; &nbsp; Ombudsmanul European Solvit\u00a0&#8211; reteaua de solutionare a\u00a0problemelor care au o dimensiune transfrontalier\u0103 \u015fi sunt cauzate de proasta aplicare a dreptului comunitar de c\u0103tre autorit\u0103tile publice din statele membre&hellip;\" \/>\n<meta property=\"og:url\" content=\"https:\/\/avp.ro\/index.php\/resurse\/legaturi-utile\/\" \/>\n<meta property=\"og:site_name\" content=\"Institu\u021bia Avocatul Poporului\" \/>\n<meta property=\"article:modified_time\" content=\"2025-04-01T09:21:22+00:00\" \/>\n<meta property=\"og:image\" content=\"https:\/\/avp.ro\/wp-content\/uploads\/2022\/05\/EO_EN.png\" \/>\n\t<meta property=\"og:image:width\" content=\"1200\" \/>\n\t<meta property=\"og:image:height\" content=\"963\" \/>\n\t<meta property=\"og:image:type\" content=\"image\/png\" \/>\n<meta name=\"twitter:card\" content=\"summary_large_image\" \/>\n<meta name=\"twitter:label1\" content=\"Est. reading time\" \/>\n\t<meta name=\"twitter:data1\" content=\"3 minutes\" \/>\n<script type=\"application\/ld+json\" class=\"yoast-schema-graph\">{\"@context\":\"https:\\\/\\\/schema.org\",\"@graph\":[{\"@type\":\"WebPage\",\"@id\":\"https:\\\/\\\/avp.ro\\\/index.php\\\/resurse\\\/legaturi-utile\\\/\",\"url\":\"https:\\\/\\\/avp.ro\\\/index.php\\\/resurse\\\/legaturi-utile\\\/\",\"name\":\"Leg\u0103turi utile - Institu\u021bia Avocatul Poporului\",\"isPartOf\":{\"@id\":\"https:\\\/\\\/avp.ro\\\/#website\"},\"primaryImageOfPage\":{\"@id\":\"https:\\\/\\\/avp.ro\\\/index.php\\\/resurse\\\/legaturi-utile\\\/#primaryimage\"},\"image\":{\"@id\":\"https:\\\/\\\/avp.ro\\\/index.php\\\/resurse\\\/legaturi-utile\\\/#primaryimage\"},\"thumbnailUrl\":\"https:\\\/\\\/avp.ro\\\/wp-content\\\/uploads\\\/2022\\\/05\\\/EO_EN.png\",\"datePublished\":\"2020-07-17T07:41:30+00:00\",\"dateModified\":\"2025-04-01T09:21:22+00:00\",\"breadcrumb\":{\"@id\":\"https:\\\/\\\/avp.ro\\\/index.php\\\/resurse\\\/legaturi-utile\\\/#breadcrumb\"},\"inLanguage\":\"en-US\",\"potentialAction\":[{\"@type\":\"ReadAction\",\"target\":[\"https:\\\/\\\/avp.ro\\\/index.php\\\/resurse\\\/legaturi-utile\\\/\"]}]},{\"@type\":\"ImageObject\",\"inLanguage\":\"en-US\",\"@id\":\"https:\\\/\\\/avp.ro\\\/index.php\\\/resurse\\\/legaturi-utile\\\/#primaryimage\",\"url\":\"https:\\\/\\\/avp.ro\\\/wp-content\\\/uploads\\\/2022\\\/05\\\/EO_EN.png\",\"contentUrl\":\"https:\\\/\\\/avp.ro\\\/wp-content\\\/uploads\\\/2022\\\/05\\\/EO_EN.png\",\"width\":1200,\"height\":963},{\"@type\":\"BreadcrumbList\",\"@id\":\"https:\\\/\\\/avp.ro\\\/index.php\\\/resurse\\\/legaturi-utile\\\/#breadcrumb\",\"itemListElement\":[{\"@type\":\"ListItem\",\"position\":1,\"name\":\"Home\",\"item\":\"https:\\\/\\\/avp.ro\\\/\"},{\"@type\":\"ListItem\",\"position\":2,\"name\":\"RESURSE\",\"item\":\"https:\\\/\\\/avp.ro\\\/index.php\\\/resurse\\\/\"},{\"@type\":\"ListItem\",\"position\":3,\"name\":\"Leg\u0103turi utile\"}]},{\"@type\":\"WebSite\",\"@id\":\"https:\\\/\\\/avp.ro\\\/#website\",\"url\":\"https:\\\/\\\/avp.ro\\\/\",\"name\":\"Institu\u021bia Avocatul Poporului\",\"description\":\"People\u2019s Advocate institution - Office of the Ombudsman\",\"publisher\":{\"@id\":\"https:\\\/\\\/avp.ro\\\/#organization\"},\"potentialAction\":[{\"@type\":\"SearchAction\",\"target\":{\"@type\":\"EntryPoint\",\"urlTemplate\":\"https:\\\/\\\/avp.ro\\\/?s={search_term_string}\"},\"query-input\":{\"@type\":\"PropertyValueSpecification\",\"valueRequired\":true,\"valueName\":\"search_term_string\"}}],\"inLanguage\":\"en-US\"},{\"@type\":\"Organization\",\"@id\":\"https:\\\/\\\/avp.ro\\\/#organization\",\"name\":\"Institutia Avocatul Poporului\",\"url\":\"https:\\\/\\\/avp.ro\\\/\",\"logo\":{\"@type\":\"ImageObject\",\"inLanguage\":\"en-US\",\"@id\":\"https:\\\/\\\/avp.ro\\\/#\\\/schema\\\/logo\\\/image\\\/\",\"url\":\"https:\\\/\\\/avp.ro\\\/wp-content\\\/uploads\\\/2020\\\/09\\\/cropped-AP.jpg\",\"contentUrl\":\"https:\\\/\\\/avp.ro\\\/wp-content\\\/uploads\\\/2020\\\/09\\\/cropped-AP.jpg\",\"width\":160,\"height\":146,\"caption\":\"Institutia Avocatul Poporului\"},\"image\":{\"@id\":\"https:\\\/\\\/avp.ro\\\/#\\\/schema\\\/logo\\\/image\\\/\"}}]}<\/script>\n<!-- \/ Yoast SEO plugin. -->","yoast_head_json":{"title":"Leg\u0103turi utile - Institu\u021bia Avocatul Poporului","robots":{"index":"index","follow":"follow","max-snippet":"max-snippet:-1","max-image-preview":"max-image-preview:large","max-video-preview":"max-video-preview:-1"},"canonical":"https:\/\/avp.ro\/index.php\/resurse\/legaturi-utile\/","og_locale":"en_US","og_type":"article","og_title":"Leg\u0103turi utile - Institu\u021bia Avocatul Poporului","og_description":"&nbsp; &nbsp; Ombudsmanul European Solvit\u00a0&#8211; reteaua de solutionare a\u00a0problemelor care au o dimensiune transfrontalier\u0103 \u015fi sunt cauzate de proasta aplicare a dreptului comunitar de c\u0103tre autorit\u0103tile publice din statele membre&hellip;","og_url":"https:\/\/avp.ro\/index.php\/resurse\/legaturi-utile\/","og_site_name":"Institu\u021bia Avocatul Poporului","article_modified_time":"2025-04-01T09:21:22+00:00","og_image":[{"width":1200,"height":963,"url":"https:\/\/avp.ro\/wp-content\/uploads\/2022\/05\/EO_EN.png","type":"image\/png"}],"twitter_card":"summary_large_image","twitter_misc":{"Est. reading time":"3 minutes"},"schema":{"@context":"https:\/\/schema.org","@graph":[{"@type":"WebPage","@id":"https:\/\/avp.ro\/index.php\/resurse\/legaturi-utile\/","url":"https:\/\/avp.ro\/index.php\/resurse\/legaturi-utile\/","name":"Leg\u0103turi utile - Institu\u021bia Avocatul Poporului","isPartOf":{"@id":"https:\/\/avp.ro\/#website"},"primaryImageOfPage":{"@id":"https:\/\/avp.ro\/index.php\/resurse\/legaturi-utile\/#primaryimage"},"image":{"@id":"https:\/\/avp.ro\/index.php\/resurse\/legaturi-utile\/#primaryimage"},"thumbnailUrl":"https:\/\/avp.ro\/wp-content\/uploads\/2022\/05\/EO_EN.png","datePublished":"2020-07-17T07:41:30+00:00","dateModified":"2025-04-01T09:21:22+00:00","breadcrumb":{"@id":"https:\/\/avp.ro\/index.php\/resurse\/legaturi-utile\/#breadcrumb"},"inLanguage":"en-US","potentialAction":[{"@type":"ReadAction","target":["https:\/\/avp.ro\/index.php\/resurse\/legaturi-utile\/"]}]},{"@type":"ImageObject","inLanguage":"en-US","@id":"https:\/\/avp.ro\/index.php\/resurse\/legaturi-utile\/#primaryimage","url":"https:\/\/avp.ro\/wp-content\/uploads\/2022\/05\/EO_EN.png","contentUrl":"https:\/\/avp.ro\/wp-content\/uploads\/2022\/05\/EO_EN.png","width":1200,"height":963},{"@type":"BreadcrumbList","@id":"https:\/\/avp.ro\/index.php\/resurse\/legaturi-utile\/#breadcrumb","itemListElement":[{"@type":"ListItem","position":1,"name":"Home","item":"https:\/\/avp.ro\/"},{"@type":"ListItem","position":2,"name":"RESURSE","item":"https:\/\/avp.ro\/index.php\/resurse\/"},{"@type":"ListItem","position":3,"name":"Leg\u0103turi utile"}]},{"@type":"WebSite","@id":"https:\/\/avp.ro\/#website","url":"https:\/\/avp.ro\/","name":"Institu\u021bia Avocatul Poporului","description":"People\u2019s Advocate institution - Office of the Ombudsman","publisher":{"@id":"https:\/\/avp.ro\/#organization"},"potentialAction":[{"@type":"SearchAction","target":{"@type":"EntryPoint","urlTemplate":"https:\/\/avp.ro\/?s={search_term_string}"},"query-input":{"@type":"PropertyValueSpecification","valueRequired":true,"valueName":"search_term_string"}}],"inLanguage":"en-US"},{"@type":"Organization","@id":"https:\/\/avp.ro\/#organization","name":"Institutia Avocatul Poporului","url":"https:\/\/avp.ro\/","logo":{"@type":"ImageObject","inLanguage":"en-US","@id":"https:\/\/avp.ro\/#\/schema\/logo\/image\/","url":"https:\/\/avp.ro\/wp-content\/uploads\/2020\/09\/cropped-AP.jpg","contentUrl":"https:\/\/avp.ro\/wp-content\/uploads\/2020\/09\/cropped-AP.jpg","width":160,"height":146,"caption":"Institutia Avocatul Poporului"},"image":{"@id":"https:\/\/avp.ro\/#\/schema\/logo\/image\/"}}]}},"_links":{"self":[{"href":"https:\/\/avp.ro\/index.php\/wp-json\/wp\/v2\/pages\/134","targetHints":{"allow":["GET"]}}],"collection":[{"href":"https:\/\/avp.ro\/index.php\/wp-json\/wp\/v2\/pages"}],"about":[{"href":"https:\/\/avp.ro\/index.php\/wp-json\/wp\/v2\/types\/page"}],"author":[{"embeddable":true,"href":"https:\/\/avp.ro\/index.php\/wp-json\/wp\/v2\/users\/1"}],"replies":[{"embeddable":true,"href":"https:\/\/avp.ro\/index.php\/wp-json\/wp\/v2\/comments?post=134"}],"version-history":[{"count":15,"href":"https:\/\/avp.ro\/index.php\/wp-json\/wp\/v2\/pages\/134\/revisions"}],"predecessor-version":[{"id":13433,"href":"https:\/\/avp.ro\/index.php\/wp-json\/wp\/v2\/pages\/134\/revisions\/13433"}],"up":[{"embeddable":true,"href":"https:\/\/avp.ro\/index.php\/wp-json\/wp\/v2\/pages\/60"}],"wp:attachment":[{"href":"https:\/\/avp.ro\/index.php\/wp-json\/wp\/v2\/media?parent=134"}],"curies":[{"name":"wp","href":"https:\/\/api.w.org\/{rel}","templated":true}]}}