{"id":15533,"date":"2026-03-23T14:29:47","date_gmt":"2026-03-23T12:29:47","guid":{"rendered":"https:\/\/avp.ro\/?page_id=15533"},"modified":"2026-03-26T13:38:46","modified_gmt":"2026-03-26T11:38:46","slug":"campanie-de-informare-si-instruire-in-scopul-prevenirii-torturii-organizata-de-mnp-centrul-zonal-bucuresti-la-sediul-penitenciarului-gaesti-cu-prilejul-zilei-internationale-pentru-elimina","status":"publish","type":"page","link":"https:\/\/avp.ro\/index.php\/campanie-de-informare-si-instruire-in-scopul-prevenirii-torturii-organizata-de-mnp-centrul-zonal-bucuresti-la-sediul-penitenciarului-gaesti-cu-prilejul-zilei-internationale-pentru-elimina\/","title":{"rendered":"Campanie de informare \u015fi instruire \u00een scopul prevenirii torturii, organizat\u0103 de MNP \u2013 Centrul Zonal Bucure\u0219ti, la sediul Penitenciarului G\u0103e\u0219ti, cu prilejul Zilei Interna\u021bionale pentru Eliminarea Discrimin\u0103rii Rasiale. La aceast\u0103 activitate au participat persoane private de libertate, precum \u0219i reprezentan\u021bi din partea conducerii Penitenciarului G\u0103e\u0219ti \u0219i poli\u021bi\u0219ti de penitenciare, angaja\u021bi ai unit\u0103\u021bii men\u021bionate"},"content":{"rendered":"<p style=\"text-align: justify;\"><strong>Campanie de informare \u015fi instruire \u00een scopul prevenirii torturii, organizat\u0103 de MNP \u2013 Centrul Zonal Bucure\u0219ti, la sediul Penitenciarului G\u0103e\u0219ti, cu prilejul Zilei Interna\u021bionale pentru Eliminarea Discrimin\u0103rii Rasiale. La aceast\u0103 activitate au participat persoane private de libertate, precum \u0219i reprezentan\u021bi din partea conducerii Penitenciarului G\u0103e\u0219ti \u0219i poli\u021bi\u0219ti de penitenciare, angaja\u021bi ai unit\u0103\u021bii men\u021bionate<\/strong><\/p>\n<p><a href=\"https:\/\/avp.ro\/wp-content\/uploads\/2026\/03\/2-scaled.jpg\"><img loading=\"lazy\" decoding=\"async\" class=\"aligncenter wp-image-15534\" src=\"https:\/\/avp.ro\/wp-content\/uploads\/2026\/03\/2-scaled.jpg\" alt=\"\" width=\"482\" height=\"321\" srcset=\"https:\/\/avp.ro\/wp-content\/uploads\/2026\/03\/2-scaled.jpg 2560w, https:\/\/avp.ro\/wp-content\/uploads\/2026\/03\/2-300x200.jpg 300w, https:\/\/avp.ro\/wp-content\/uploads\/2026\/03\/2-1024x683.jpg 1024w, https:\/\/avp.ro\/wp-content\/uploads\/2026\/03\/2-768x512.jpg 768w, https:\/\/avp.ro\/wp-content\/uploads\/2026\/03\/2-1536x1024.jpg 1536w, https:\/\/avp.ro\/wp-content\/uploads\/2026\/03\/2-2048x1365.jpg 2048w\" sizes=\"auto, (max-width: 482px) 100vw, 482px\" \/><\/a><\/p>\n<p><a href=\"https:\/\/avp.ro\/wp-content\/uploads\/2026\/03\/4-scaled.jpg\"><img loading=\"lazy\" decoding=\"async\" class=\"aligncenter wp-image-15535\" src=\"https:\/\/avp.ro\/wp-content\/uploads\/2026\/03\/4-scaled.jpg\" alt=\"\" width=\"480\" height=\"320\" srcset=\"https:\/\/avp.ro\/wp-content\/uploads\/2026\/03\/4-scaled.jpg 2560w, https:\/\/avp.ro\/wp-content\/uploads\/2026\/03\/4-300x200.jpg 300w, https:\/\/avp.ro\/wp-content\/uploads\/2026\/03\/4-1024x683.jpg 1024w, https:\/\/avp.ro\/wp-content\/uploads\/2026\/03\/4-768x512.jpg 768w, https:\/\/avp.ro\/wp-content\/uploads\/2026\/03\/4-1536x1024.jpg 1536w, https:\/\/avp.ro\/wp-content\/uploads\/2026\/03\/4-2048x1365.jpg 2048w\" sizes=\"auto, (max-width: 480px) 100vw, 480px\" \/><\/a><\/p>\n<p>&nbsp;<\/p>\n<p style=\"text-align: center;\"><img loading=\"lazy\" decoding=\"async\" class=\"aligncenter size-full wp-image-15536\" src=\"https:\/\/avp.ro\/wp-content\/uploads\/2026\/03\/FB-PNT-G_19mar-2026.png\" alt=\"\" width=\"485\" height=\"679\" srcset=\"https:\/\/avp.ro\/wp-content\/uploads\/2026\/03\/FB-PNT-G_19mar-2026.png 485w, https:\/\/avp.ro\/wp-content\/uploads\/2026\/03\/FB-PNT-G_19mar-2026-214x300.png 214w\" sizes=\"auto, (max-width: 485px) 100vw, 485px\" \/><em>*Fotografiile au fost preluate de pe pagina de Facebook a Penitenciarului G\u0103e\u0219ti<\/em><\/p>\n<p style=\"text-align: center;\"><a href=\"https:\/\/www.facebook.com\/share\/p\/18PWpZzCk3\/\">https:\/\/www.facebook.com\/share\/p\/18PWpZzCk3\/<\/a><\/p>\n<p>&nbsp;<\/p>\n<p>&nbsp;<\/p>\n","protected":false},"excerpt":{"rendered":"<p>Campanie de informare \u015fi instruire \u00een scopul prevenirii torturii, organizat\u0103 de MNP \u2013 Centrul Zonal Bucure\u0219ti, la sediul Penitenciarului G\u0103e\u0219ti, cu prilejul Zilei Interna\u021bionale pentru Eliminarea Discrimin\u0103rii Rasiale. La aceast\u0103&hellip; <\/p>\n","protected":false},"author":1,"featured_media":0,"parent":0,"menu_order":0,"comment_status":"closed","ping_status":"closed","template":"","meta":{"footnotes":""},"class_list":["post-15533","page","type-page","status-publish","hentry"],"yoast_head":"<!-- This site is optimized with the Yoast SEO plugin v27.3 - https:\/\/yoast.com\/product\/yoast-seo-wordpress\/ -->\n<title>Campanie de informare \u015fi instruire \u00een scopul prevenirii torturii, organizat\u0103 de MNP \u2013 Centrul Zonal Bucure\u0219ti, la sediul Penitenciarului G\u0103e\u0219ti, cu prilejul Zilei Interna\u021bionale pentru Eliminarea Discrimin\u0103rii Rasiale. La aceast\u0103 activitate au participat persoane private de libertate, precum \u0219i reprezentan\u021bi din partea conducerii Penitenciarului G\u0103e\u0219ti \u0219i poli\u021bi\u0219ti de penitenciare, angaja\u021bi ai unit\u0103\u021bii men\u021bionate - Institu\u021bia Avocatul Poporului<\/title>\n<meta name=\"robots\" content=\"index, follow, max-snippet:-1, max-image-preview:large, max-video-preview:-1\" \/>\n<link rel=\"canonical\" href=\"https:\/\/avp.ro\/index.php\/campanie-de-informare-si-instruire-in-scopul-prevenirii-torturii-organizata-de-mnp-centrul-zonal-bucuresti-la-sediul-penitenciarului-gaesti-cu-prilejul-zilei-internationale-pentru-elimina\/\" \/>\n<meta property=\"og:locale\" content=\"en_US\" \/>\n<meta property=\"og:type\" content=\"article\" \/>\n<meta property=\"og:title\" content=\"Campanie de informare \u015fi instruire \u00een scopul prevenirii torturii, organizat\u0103 de MNP \u2013 Centrul Zonal Bucure\u0219ti, la sediul Penitenciarului G\u0103e\u0219ti, cu prilejul Zilei Interna\u021bionale pentru Eliminarea Discrimin\u0103rii Rasiale. La aceast\u0103 activitate au participat persoane private de libertate, precum \u0219i reprezentan\u021bi din partea conducerii Penitenciarului G\u0103e\u0219ti \u0219i poli\u021bi\u0219ti de penitenciare, angaja\u021bi ai unit\u0103\u021bii men\u021bionate - Institu\u021bia Avocatul Poporului\" \/>\n<meta property=\"og:description\" content=\"Campanie de informare \u015fi instruire \u00een scopul prevenirii torturii, organizat\u0103 de MNP \u2013 Centrul Zonal Bucure\u0219ti, la sediul Penitenciarului G\u0103e\u0219ti, cu prilejul Zilei Interna\u021bionale pentru Eliminarea Discrimin\u0103rii Rasiale. La aceast\u0103&hellip;\" \/>\n<meta property=\"og:url\" content=\"https:\/\/avp.ro\/index.php\/campanie-de-informare-si-instruire-in-scopul-prevenirii-torturii-organizata-de-mnp-centrul-zonal-bucuresti-la-sediul-penitenciarului-gaesti-cu-prilejul-zilei-internationale-pentru-elimina\/\" \/>\n<meta property=\"og:site_name\" content=\"Institu\u021bia Avocatul Poporului\" \/>\n<meta property=\"article:modified_time\" content=\"2026-03-26T11:38:46+00:00\" \/>\n<meta property=\"og:image\" content=\"https:\/\/avp.ro\/wp-content\/uploads\/2026\/03\/2-scaled.jpg\" \/>\n\t<meta property=\"og:image:width\" content=\"2560\" \/>\n\t<meta property=\"og:image:height\" content=\"1707\" \/>\n\t<meta property=\"og:image:type\" content=\"image\/jpeg\" \/>\n<meta name=\"twitter:card\" content=\"summary_large_image\" \/>\n<meta name=\"twitter:label1\" content=\"Est. reading time\" \/>\n\t<meta name=\"twitter:data1\" content=\"1 minute\" \/>\n<script type=\"application\/ld+json\" class=\"yoast-schema-graph\">{\"@context\":\"https:\\\/\\\/schema.org\",\"@graph\":[{\"@type\":\"WebPage\",\"@id\":\"https:\\\/\\\/avp.ro\\\/index.php\\\/campanie-de-informare-si-instruire-in-scopul-prevenirii-torturii-organizata-de-mnp-centrul-zonal-bucuresti-la-sediul-penitenciarului-gaesti-cu-prilejul-zilei-internationale-pentru-elimina\\\/\",\"url\":\"https:\\\/\\\/avp.ro\\\/index.php\\\/campanie-de-informare-si-instruire-in-scopul-prevenirii-torturii-organizata-de-mnp-centrul-zonal-bucuresti-la-sediul-penitenciarului-gaesti-cu-prilejul-zilei-internationale-pentru-elimina\\\/\",\"name\":\"Campanie de informare \u015fi instruire \u00een scopul prevenirii torturii, organizat\u0103 de MNP \u2013 Centrul Zonal Bucure\u0219ti, la sediul Penitenciarului G\u0103e\u0219ti, cu prilejul Zilei Interna\u021bionale pentru Eliminarea Discrimin\u0103rii Rasiale. La aceast\u0103 activitate au participat persoane private de libertate, precum \u0219i reprezentan\u021bi din partea conducerii Penitenciarului G\u0103e\u0219ti \u0219i poli\u021bi\u0219ti de penitenciare, angaja\u021bi ai unit\u0103\u021bii men\u021bionate - Institu\u021bia Avocatul Poporului\",\"isPartOf\":{\"@id\":\"https:\\\/\\\/avp.ro\\\/#website\"},\"primaryImageOfPage\":{\"@id\":\"https:\\\/\\\/avp.ro\\\/index.php\\\/campanie-de-informare-si-instruire-in-scopul-prevenirii-torturii-organizata-de-mnp-centrul-zonal-bucuresti-la-sediul-penitenciarului-gaesti-cu-prilejul-zilei-internationale-pentru-elimina\\\/#primaryimage\"},\"image\":{\"@id\":\"https:\\\/\\\/avp.ro\\\/index.php\\\/campanie-de-informare-si-instruire-in-scopul-prevenirii-torturii-organizata-de-mnp-centrul-zonal-bucuresti-la-sediul-penitenciarului-gaesti-cu-prilejul-zilei-internationale-pentru-elimina\\\/#primaryimage\"},\"thumbnailUrl\":\"https:\\\/\\\/avp.ro\\\/wp-content\\\/uploads\\\/2026\\\/03\\\/2-scaled.jpg\",\"datePublished\":\"2026-03-23T12:29:47+00:00\",\"dateModified\":\"2026-03-26T11:38:46+00:00\",\"breadcrumb\":{\"@id\":\"https:\\\/\\\/avp.ro\\\/index.php\\\/campanie-de-informare-si-instruire-in-scopul-prevenirii-torturii-organizata-de-mnp-centrul-zonal-bucuresti-la-sediul-penitenciarului-gaesti-cu-prilejul-zilei-internationale-pentru-elimina\\\/#breadcrumb\"},\"inLanguage\":\"en-US\",\"potentialAction\":[{\"@type\":\"ReadAction\",\"target\":[\"https:\\\/\\\/avp.ro\\\/index.php\\\/campanie-de-informare-si-instruire-in-scopul-prevenirii-torturii-organizata-de-mnp-centrul-zonal-bucuresti-la-sediul-penitenciarului-gaesti-cu-prilejul-zilei-internationale-pentru-elimina\\\/\"]}]},{\"@type\":\"ImageObject\",\"inLanguage\":\"en-US\",\"@id\":\"https:\\\/\\\/avp.ro\\\/index.php\\\/campanie-de-informare-si-instruire-in-scopul-prevenirii-torturii-organizata-de-mnp-centrul-zonal-bucuresti-la-sediul-penitenciarului-gaesti-cu-prilejul-zilei-internationale-pentru-elimina\\\/#primaryimage\",\"url\":\"https:\\\/\\\/avp.ro\\\/wp-content\\\/uploads\\\/2026\\\/03\\\/2-scaled.jpg\",\"contentUrl\":\"https:\\\/\\\/avp.ro\\\/wp-content\\\/uploads\\\/2026\\\/03\\\/2-scaled.jpg\"},{\"@type\":\"BreadcrumbList\",\"@id\":\"https:\\\/\\\/avp.ro\\\/index.php\\\/campanie-de-informare-si-instruire-in-scopul-prevenirii-torturii-organizata-de-mnp-centrul-zonal-bucuresti-la-sediul-penitenciarului-gaesti-cu-prilejul-zilei-internationale-pentru-elimina\\\/#breadcrumb\",\"itemListElement\":[{\"@type\":\"ListItem\",\"position\":1,\"name\":\"Home\",\"item\":\"https:\\\/\\\/avp.ro\\\/\"},{\"@type\":\"ListItem\",\"position\":2,\"name\":\"Campanie de informare \u015fi instruire \u00een scopul prevenirii torturii, organizat\u0103 de MNP \u2013 Centrul Zonal Bucure\u0219ti, la sediul Penitenciarului G\u0103e\u0219ti, cu prilejul Zilei Interna\u021bionale pentru Eliminarea Discrimin\u0103rii Rasiale. La aceast\u0103 activitate au participat persoane private de libertate, precum \u0219i reprezentan\u021bi din partea conducerii Penitenciarului G\u0103e\u0219ti \u0219i poli\u021bi\u0219ti de penitenciare, angaja\u021bi ai unit\u0103\u021bii men\u021bionate\"}]},{\"@type\":\"WebSite\",\"@id\":\"https:\\\/\\\/avp.ro\\\/#website\",\"url\":\"https:\\\/\\\/avp.ro\\\/\",\"name\":\"Institu\u021bia Avocatul Poporului\",\"description\":\"People\u2019s Advocate institution - Office of the Ombudsman\",\"publisher\":{\"@id\":\"https:\\\/\\\/avp.ro\\\/#organization\"},\"potentialAction\":[{\"@type\":\"SearchAction\",\"target\":{\"@type\":\"EntryPoint\",\"urlTemplate\":\"https:\\\/\\\/avp.ro\\\/?s={search_term_string}\"},\"query-input\":{\"@type\":\"PropertyValueSpecification\",\"valueRequired\":true,\"valueName\":\"search_term_string\"}}],\"inLanguage\":\"en-US\"},{\"@type\":\"Organization\",\"@id\":\"https:\\\/\\\/avp.ro\\\/#organization\",\"name\":\"Institutia Avocatul Poporului\",\"url\":\"https:\\\/\\\/avp.ro\\\/\",\"logo\":{\"@type\":\"ImageObject\",\"inLanguage\":\"en-US\",\"@id\":\"https:\\\/\\\/avp.ro\\\/#\\\/schema\\\/logo\\\/image\\\/\",\"url\":\"https:\\\/\\\/avp.ro\\\/wp-content\\\/uploads\\\/2020\\\/09\\\/cropped-AP.jpg\",\"contentUrl\":\"https:\\\/\\\/avp.ro\\\/wp-content\\\/uploads\\\/2020\\\/09\\\/cropped-AP.jpg\",\"width\":160,\"height\":146,\"caption\":\"Institutia Avocatul Poporului\"},\"image\":{\"@id\":\"https:\\\/\\\/avp.ro\\\/#\\\/schema\\\/logo\\\/image\\\/\"}}]}<\/script>\n<!-- \/ Yoast SEO plugin. -->","yoast_head_json":{"title":"Campanie de informare \u015fi instruire \u00een scopul prevenirii torturii, organizat\u0103 de MNP \u2013 Centrul Zonal Bucure\u0219ti, la sediul Penitenciarului G\u0103e\u0219ti, cu prilejul Zilei Interna\u021bionale pentru Eliminarea Discrimin\u0103rii Rasiale. La aceast\u0103 activitate au participat persoane private de libertate, precum \u0219i reprezentan\u021bi din partea conducerii Penitenciarului G\u0103e\u0219ti \u0219i poli\u021bi\u0219ti de penitenciare, angaja\u021bi ai unit\u0103\u021bii men\u021bionate - Institu\u021bia Avocatul Poporului","robots":{"index":"index","follow":"follow","max-snippet":"max-snippet:-1","max-image-preview":"max-image-preview:large","max-video-preview":"max-video-preview:-1"},"canonical":"https:\/\/avp.ro\/index.php\/campanie-de-informare-si-instruire-in-scopul-prevenirii-torturii-organizata-de-mnp-centrul-zonal-bucuresti-la-sediul-penitenciarului-gaesti-cu-prilejul-zilei-internationale-pentru-elimina\/","og_locale":"en_US","og_type":"article","og_title":"Campanie de informare \u015fi instruire \u00een scopul prevenirii torturii, organizat\u0103 de MNP \u2013 Centrul Zonal Bucure\u0219ti, la sediul Penitenciarului G\u0103e\u0219ti, cu prilejul Zilei Interna\u021bionale pentru Eliminarea Discrimin\u0103rii Rasiale. La aceast\u0103 activitate au participat persoane private de libertate, precum \u0219i reprezentan\u021bi din partea conducerii Penitenciarului G\u0103e\u0219ti \u0219i poli\u021bi\u0219ti de penitenciare, angaja\u021bi ai unit\u0103\u021bii men\u021bionate - Institu\u021bia Avocatul Poporului","og_description":"Campanie de informare \u015fi instruire \u00een scopul prevenirii torturii, organizat\u0103 de MNP \u2013 Centrul Zonal Bucure\u0219ti, la sediul Penitenciarului G\u0103e\u0219ti, cu prilejul Zilei Interna\u021bionale pentru Eliminarea Discrimin\u0103rii Rasiale. La aceast\u0103&hellip;","og_url":"https:\/\/avp.ro\/index.php\/campanie-de-informare-si-instruire-in-scopul-prevenirii-torturii-organizata-de-mnp-centrul-zonal-bucuresti-la-sediul-penitenciarului-gaesti-cu-prilejul-zilei-internationale-pentru-elimina\/","og_site_name":"Institu\u021bia Avocatul Poporului","article_modified_time":"2026-03-26T11:38:46+00:00","og_image":[{"width":2560,"height":1707,"url":"https:\/\/avp.ro\/wp-content\/uploads\/2026\/03\/2-scaled.jpg","type":"image\/jpeg"}],"twitter_card":"summary_large_image","twitter_misc":{"Est. reading time":"1 minute"},"schema":{"@context":"https:\/\/schema.org","@graph":[{"@type":"WebPage","@id":"https:\/\/avp.ro\/index.php\/campanie-de-informare-si-instruire-in-scopul-prevenirii-torturii-organizata-de-mnp-centrul-zonal-bucuresti-la-sediul-penitenciarului-gaesti-cu-prilejul-zilei-internationale-pentru-elimina\/","url":"https:\/\/avp.ro\/index.php\/campanie-de-informare-si-instruire-in-scopul-prevenirii-torturii-organizata-de-mnp-centrul-zonal-bucuresti-la-sediul-penitenciarului-gaesti-cu-prilejul-zilei-internationale-pentru-elimina\/","name":"Campanie de informare \u015fi instruire \u00een scopul prevenirii torturii, organizat\u0103 de MNP \u2013 Centrul Zonal Bucure\u0219ti, la sediul Penitenciarului G\u0103e\u0219ti, cu prilejul Zilei Interna\u021bionale pentru Eliminarea Discrimin\u0103rii Rasiale. La aceast\u0103 activitate au participat persoane private de libertate, precum \u0219i reprezentan\u021bi din partea conducerii Penitenciarului G\u0103e\u0219ti \u0219i poli\u021bi\u0219ti de penitenciare, angaja\u021bi ai unit\u0103\u021bii men\u021bionate - Institu\u021bia Avocatul Poporului","isPartOf":{"@id":"https:\/\/avp.ro\/#website"},"primaryImageOfPage":{"@id":"https:\/\/avp.ro\/index.php\/campanie-de-informare-si-instruire-in-scopul-prevenirii-torturii-organizata-de-mnp-centrul-zonal-bucuresti-la-sediul-penitenciarului-gaesti-cu-prilejul-zilei-internationale-pentru-elimina\/#primaryimage"},"image":{"@id":"https:\/\/avp.ro\/index.php\/campanie-de-informare-si-instruire-in-scopul-prevenirii-torturii-organizata-de-mnp-centrul-zonal-bucuresti-la-sediul-penitenciarului-gaesti-cu-prilejul-zilei-internationale-pentru-elimina\/#primaryimage"},"thumbnailUrl":"https:\/\/avp.ro\/wp-content\/uploads\/2026\/03\/2-scaled.jpg","datePublished":"2026-03-23T12:29:47+00:00","dateModified":"2026-03-26T11:38:46+00:00","breadcrumb":{"@id":"https:\/\/avp.ro\/index.php\/campanie-de-informare-si-instruire-in-scopul-prevenirii-torturii-organizata-de-mnp-centrul-zonal-bucuresti-la-sediul-penitenciarului-gaesti-cu-prilejul-zilei-internationale-pentru-elimina\/#breadcrumb"},"inLanguage":"en-US","potentialAction":[{"@type":"ReadAction","target":["https:\/\/avp.ro\/index.php\/campanie-de-informare-si-instruire-in-scopul-prevenirii-torturii-organizata-de-mnp-centrul-zonal-bucuresti-la-sediul-penitenciarului-gaesti-cu-prilejul-zilei-internationale-pentru-elimina\/"]}]},{"@type":"ImageObject","inLanguage":"en-US","@id":"https:\/\/avp.ro\/index.php\/campanie-de-informare-si-instruire-in-scopul-prevenirii-torturii-organizata-de-mnp-centrul-zonal-bucuresti-la-sediul-penitenciarului-gaesti-cu-prilejul-zilei-internationale-pentru-elimina\/#primaryimage","url":"https:\/\/avp.ro\/wp-content\/uploads\/2026\/03\/2-scaled.jpg","contentUrl":"https:\/\/avp.ro\/wp-content\/uploads\/2026\/03\/2-scaled.jpg"},{"@type":"BreadcrumbList","@id":"https:\/\/avp.ro\/index.php\/campanie-de-informare-si-instruire-in-scopul-prevenirii-torturii-organizata-de-mnp-centrul-zonal-bucuresti-la-sediul-penitenciarului-gaesti-cu-prilejul-zilei-internationale-pentru-elimina\/#breadcrumb","itemListElement":[{"@type":"ListItem","position":1,"name":"Home","item":"https:\/\/avp.ro\/"},{"@type":"ListItem","position":2,"name":"Campanie de informare \u015fi instruire \u00een scopul prevenirii torturii, organizat\u0103 de MNP \u2013 Centrul Zonal Bucure\u0219ti, la sediul Penitenciarului G\u0103e\u0219ti, cu prilejul Zilei Interna\u021bionale pentru Eliminarea Discrimin\u0103rii Rasiale. La aceast\u0103 activitate au participat persoane private de libertate, precum \u0219i reprezentan\u021bi din partea conducerii Penitenciarului G\u0103e\u0219ti \u0219i poli\u021bi\u0219ti de penitenciare, angaja\u021bi ai unit\u0103\u021bii men\u021bionate"}]},{"@type":"WebSite","@id":"https:\/\/avp.ro\/#website","url":"https:\/\/avp.ro\/","name":"Institu\u021bia Avocatul Poporului","description":"People\u2019s Advocate institution - Office of the Ombudsman","publisher":{"@id":"https:\/\/avp.ro\/#organization"},"potentialAction":[{"@type":"SearchAction","target":{"@type":"EntryPoint","urlTemplate":"https:\/\/avp.ro\/?s={search_term_string}"},"query-input":{"@type":"PropertyValueSpecification","valueRequired":true,"valueName":"search_term_string"}}],"inLanguage":"en-US"},{"@type":"Organization","@id":"https:\/\/avp.ro\/#organization","name":"Institutia Avocatul Poporului","url":"https:\/\/avp.ro\/","logo":{"@type":"ImageObject","inLanguage":"en-US","@id":"https:\/\/avp.ro\/#\/schema\/logo\/image\/","url":"https:\/\/avp.ro\/wp-content\/uploads\/2020\/09\/cropped-AP.jpg","contentUrl":"https:\/\/avp.ro\/wp-content\/uploads\/2020\/09\/cropped-AP.jpg","width":160,"height":146,"caption":"Institutia Avocatul Poporului"},"image":{"@id":"https:\/\/avp.ro\/#\/schema\/logo\/image\/"}}]}},"_links":{"self":[{"href":"https:\/\/avp.ro\/index.php\/wp-json\/wp\/v2\/pages\/15533","targetHints":{"allow":["GET"]}}],"collection":[{"href":"https:\/\/avp.ro\/index.php\/wp-json\/wp\/v2\/pages"}],"about":[{"href":"https:\/\/avp.ro\/index.php\/wp-json\/wp\/v2\/types\/page"}],"author":[{"embeddable":true,"href":"https:\/\/avp.ro\/index.php\/wp-json\/wp\/v2\/users\/1"}],"replies":[{"embeddable":true,"href":"https:\/\/avp.ro\/index.php\/wp-json\/wp\/v2\/comments?post=15533"}],"version-history":[{"count":9,"href":"https:\/\/avp.ro\/index.php\/wp-json\/wp\/v2\/pages\/15533\/revisions"}],"predecessor-version":[{"id":15565,"href":"https:\/\/avp.ro\/index.php\/wp-json\/wp\/v2\/pages\/15533\/revisions\/15565"}],"wp:attachment":[{"href":"https:\/\/avp.ro\/index.php\/wp-json\/wp\/v2\/media?parent=15533"}],"curies":[{"name":"wp","href":"https:\/\/api.w.org\/{rel}","templated":true}]}}