{"id":16716,"date":"2026-08-18T14:30:19","date_gmt":"2026-08-18T12:30:19","guid":{"rendered":"https:\/\/avp.ro\/?page_id=16716"},"modified":"2026-08-18T14:30:19","modified_gmt":"2026-08-18T12:30:19","slug":"contact-represalii","status":"publish","type":"page","link":"https:\/\/avp.ro\/index.php\/contact-represalii\/","title":{"rendered":"Contact represalii"},"content":{"rendered":"<p><strong>Dac\u0103 te consideri victim\u0103 a <u>represaliilor<\/u>,<\/strong> <strong>anun\u021b\u0103-ne<\/strong>:<\/p>\n<ul>\n<li>scrie-ne pe adresa:<\/li>\n<\/ul>\n<p>Avocatul Poporului \u2013 MNP<\/p>\n<p>str. George Vraca, nr. 8, sector 1, Bucure\u0219ti<\/p>\n<ul>\n<li>sun\u0103-ne la num\u0103rul de telefon:<\/li>\n<\/ul>\n<p>021.312.94.62 Luni-Joi: 11:00-13:00<\/p>\n<ul>\n<li>trimite-ne un mail pe adresa: <a href=\"&#109;&#x61;i&#108;&#x74;o&#58;&#x73;e&#x73;&#x69;&#122;&#x61;r&#101;&#x2e;r&#101;&#x70;r&#x65;&#x73;&#97;&#x6c;&#x69;&#105;&#x40;a&#118;&#x70;&#46;&#114;&#x6f;\">sesizare&#46;rep&#114;&#101;&#115;&#97;&#108;&#105;&#105;&#64;&#97;&#118;&#112;&#46;&#114;&#111;<\/a><\/li>\n<\/ul>\n<p>&nbsp;<\/p>\n<p><strong>\u00a0<\/strong><\/p>\n<p><strong>IMPORTANT! <\/strong><\/p>\n<p>Aceste date de contact sunt destinate<strong> exclusiv celor care au comunicat cu echipa MNP \u00een timpul vizitei de monitorizare \u0219i se consider\u0103 victime ale represaliilor<\/strong>.<\/p>\n<p>&nbsp;<\/p>\n<p>&nbsp;<\/p>\n<p>* Dac\u0103 nu e\u0219ti \u00een aceast\u0103 situa\u021bie, dar consideri c\u0103 drepturile tale sunt \u00eenc\u0103lcate, te rug\u0103m s\u0103 te adresezi institu\u021biei Avocatul Poporului, la urm\u0103toarele date de contact:<\/p>\n<p>Avocatul Poporului, str. George Vraca, nr. 8, sector 1, Bucure\u0219ti<\/p>\n<p>telefon: 021 312 49 21<\/p>\n<p>e-mail: &#x70;&#x65;&#116;it&#x69;&#x69;&#64;&#97;v&#x70;&#x2e;&#114;&#111;<\/p>\n","protected":false},"excerpt":{"rendered":"<p>Dac\u0103 te consideri victim\u0103 a represaliilor, anun\u021b\u0103-ne: scrie-ne pe adresa: Avocatul Poporului \u2013 MNP str. George Vraca, nr. 8, sector 1, Bucure\u0219ti sun\u0103-ne la num\u0103rul de telefon: 021.312.94.62 Luni-Joi: 11:00-13:00&hellip; <\/p>\n","protected":false},"author":1,"featured_media":0,"parent":0,"menu_order":0,"comment_status":"closed","ping_status":"closed","template":"","meta":{"footnotes":""},"class_list":["post-16716","page","type-page","status-publish","hentry"],"yoast_head":"<!-- This site is optimized with the Yoast SEO plugin v28.4 - https:\/\/yoast.com\/product\/yoast-seo-wordpress\/ -->\n<title>Contact represalii - Institu\u021bia Avocatul Poporului<\/title>\n<meta name=\"robots\" content=\"index, follow, max-snippet:-1, max-image-preview:large, max-video-preview:-1\" \/>\n<link rel=\"canonical\" href=\"https:\/\/avp.ro\/index.php\/contact-represalii\/\" \/>\n<meta property=\"og:locale\" content=\"en_US\" \/>\n<meta property=\"og:type\" content=\"article\" \/>\n<meta property=\"og:title\" content=\"Contact represalii - Institu\u021bia Avocatul Poporului\" \/>\n<meta property=\"og:description\" content=\"Dac\u0103 te consideri victim\u0103 a represaliilor, anun\u021b\u0103-ne: scrie-ne pe adresa: Avocatul Poporului \u2013 MNP str. George Vraca, nr. 8, sector 1, Bucure\u0219ti sun\u0103-ne la num\u0103rul de telefon: 021.312.94.62 Luni-Joi: 11:00-13:00&hellip;\" \/>\n<meta property=\"og:url\" content=\"https:\/\/avp.ro\/index.php\/contact-represalii\/\" \/>\n<meta property=\"og:site_name\" content=\"Institu\u021bia Avocatul Poporului\" \/>\n<meta name=\"twitter:card\" content=\"summary_large_image\" \/>\n<meta name=\"twitter:label1\" content=\"Est. reading time\" \/>\n\t<meta name=\"twitter:data1\" content=\"1 minute\" \/>\n<script type=\"application\/ld+json\" class=\"yoast-schema-graph\">{\"@context\":\"https:\\\/\\\/schema.org\",\"@graph\":[{\"@type\":\"WebPage\",\"@id\":\"https:\\\/\\\/avp.ro\\\/index.php\\\/contact-represalii\\\/\",\"url\":\"https:\\\/\\\/avp.ro\\\/index.php\\\/contact-represalii\\\/\",\"name\":\"Contact represalii - Institu\u021bia Avocatul Poporului\",\"isPartOf\":{\"@id\":\"https:\\\/\\\/avp.ro\\\/#website\"},\"datePublished\":\"2026-08-18T12:30:19+00:00\",\"breadcrumb\":{\"@id\":\"https:\\\/\\\/avp.ro\\\/index.php\\\/contact-represalii\\\/#breadcrumb\"},\"inLanguage\":\"en-US\",\"potentialAction\":[{\"@type\":\"ReadAction\",\"target\":[\"https:\\\/\\\/avp.ro\\\/index.php\\\/contact-represalii\\\/\"]}]},{\"@type\":\"BreadcrumbList\",\"@id\":\"https:\\\/\\\/avp.ro\\\/index.php\\\/contact-represalii\\\/#breadcrumb\",\"itemListElement\":[{\"@type\":\"ListItem\",\"position\":1,\"name\":\"Home\",\"item\":\"https:\\\/\\\/avp.ro\\\/\"},{\"@type\":\"ListItem\",\"position\":2,\"name\":\"Contact represalii\"}]},{\"@type\":\"WebSite\",\"@id\":\"https:\\\/\\\/avp.ro\\\/#website\",\"url\":\"https:\\\/\\\/avp.ro\\\/\",\"name\":\"Institu\u021bia Avocatul Poporului\",\"description\":\"People\u2019s Advocate institution - Office of the Ombudsman\",\"publisher\":{\"@id\":\"https:\\\/\\\/avp.ro\\\/#organization\"},\"potentialAction\":[{\"@type\":\"SearchAction\",\"target\":{\"@type\":\"EntryPoint\",\"urlTemplate\":\"https:\\\/\\\/avp.ro\\\/?s={search_term_string}\"},\"query-input\":{\"@type\":\"PropertyValueSpecification\",\"valueRequired\":true,\"valueName\":\"search_term_string\"}}],\"inLanguage\":\"en-US\"},{\"@type\":\"Organization\",\"@id\":\"https:\\\/\\\/avp.ro\\\/#organization\",\"name\":\"Institutia Avocatul Poporului\",\"url\":\"https:\\\/\\\/avp.ro\\\/\",\"logo\":{\"@type\":\"ImageObject\",\"inLanguage\":\"en-US\",\"@id\":\"https:\\\/\\\/avp.ro\\\/#\\\/schema\\\/logo\\\/image\\\/\",\"url\":\"https:\\\/\\\/avp.ro\\\/wp-content\\\/uploads\\\/2020\\\/09\\\/cropped-AP.jpg\",\"contentUrl\":\"https:\\\/\\\/avp.ro\\\/wp-content\\\/uploads\\\/2020\\\/09\\\/cropped-AP.jpg\",\"width\":160,\"height\":146,\"caption\":\"Institutia Avocatul Poporului\"},\"image\":{\"@id\":\"https:\\\/\\\/avp.ro\\\/#\\\/schema\\\/logo\\\/image\\\/\"}}]}<\/script>\n<!-- \/ Yoast SEO plugin. -->","yoast_head_json":{"title":"Contact represalii - Institu\u021bia Avocatul Poporului","robots":{"index":"index","follow":"follow","max-snippet":"max-snippet:-1","max-image-preview":"max-image-preview:large","max-video-preview":"max-video-preview:-1"},"canonical":"https:\/\/avp.ro\/index.php\/contact-represalii\/","og_locale":"en_US","og_type":"article","og_title":"Contact represalii - Institu\u021bia Avocatul Poporului","og_description":"Dac\u0103 te consideri victim\u0103 a represaliilor, anun\u021b\u0103-ne: scrie-ne pe adresa: Avocatul Poporului \u2013 MNP str. George Vraca, nr. 8, sector 1, Bucure\u0219ti sun\u0103-ne la num\u0103rul de telefon: 021.312.94.62 Luni-Joi: 11:00-13:00&hellip;","og_url":"https:\/\/avp.ro\/index.php\/contact-represalii\/","og_site_name":"Institu\u021bia Avocatul Poporului","twitter_card":"summary_large_image","twitter_misc":{"Est. reading time":"1 minute"},"schema":{"@context":"https:\/\/schema.org","@graph":[{"@type":"WebPage","@id":"https:\/\/avp.ro\/index.php\/contact-represalii\/","url":"https:\/\/avp.ro\/index.php\/contact-represalii\/","name":"Contact represalii - Institu\u021bia Avocatul Poporului","isPartOf":{"@id":"https:\/\/avp.ro\/#website"},"datePublished":"2026-08-18T12:30:19+00:00","breadcrumb":{"@id":"https:\/\/avp.ro\/index.php\/contact-represalii\/#breadcrumb"},"inLanguage":"en-US","potentialAction":[{"@type":"ReadAction","target":["https:\/\/avp.ro\/index.php\/contact-represalii\/"]}]},{"@type":"BreadcrumbList","@id":"https:\/\/avp.ro\/index.php\/contact-represalii\/#breadcrumb","itemListElement":[{"@type":"ListItem","position":1,"name":"Home","item":"https:\/\/avp.ro\/"},{"@type":"ListItem","position":2,"name":"Contact represalii"}]},{"@type":"WebSite","@id":"https:\/\/avp.ro\/#website","url":"https:\/\/avp.ro\/","name":"Institu\u021bia Avocatul Poporului","description":"People\u2019s Advocate institution - Office of the Ombudsman","publisher":{"@id":"https:\/\/avp.ro\/#organization"},"potentialAction":[{"@type":"SearchAction","target":{"@type":"EntryPoint","urlTemplate":"https:\/\/avp.ro\/?s={search_term_string}"},"query-input":{"@type":"PropertyValueSpecification","valueRequired":true,"valueName":"search_term_string"}}],"inLanguage":"en-US"},{"@type":"Organization","@id":"https:\/\/avp.ro\/#organization","name":"Institutia Avocatul Poporului","url":"https:\/\/avp.ro\/","logo":{"@type":"ImageObject","inLanguage":"en-US","@id":"https:\/\/avp.ro\/#\/schema\/logo\/image\/","url":"https:\/\/avp.ro\/wp-content\/uploads\/2020\/09\/cropped-AP.jpg","contentUrl":"https:\/\/avp.ro\/wp-content\/uploads\/2020\/09\/cropped-AP.jpg","width":160,"height":146,"caption":"Institutia Avocatul Poporului"},"image":{"@id":"https:\/\/avp.ro\/#\/schema\/logo\/image\/"}}]}},"_links":{"self":[{"href":"https:\/\/avp.ro\/index.php\/wp-json\/wp\/v2\/pages\/16716","targetHints":{"allow":["GET"]}}],"collection":[{"href":"https:\/\/avp.ro\/index.php\/wp-json\/wp\/v2\/pages"}],"about":[{"href":"https:\/\/avp.ro\/index.php\/wp-json\/wp\/v2\/types\/page"}],"author":[{"embeddable":true,"href":"https:\/\/avp.ro\/index.php\/wp-json\/wp\/v2\/users\/1"}],"replies":[{"embeddable":true,"href":"https:\/\/avp.ro\/index.php\/wp-json\/wp\/v2\/comments?post=16716"}],"version-history":[{"count":1,"href":"https:\/\/avp.ro\/index.php\/wp-json\/wp\/v2\/pages\/16716\/revisions"}],"predecessor-version":[{"id":16717,"href":"https:\/\/avp.ro\/index.php\/wp-json\/wp\/v2\/pages\/16716\/revisions\/16717"}],"wp:attachment":[{"href":"https:\/\/avp.ro\/index.php\/wp-json\/wp\/v2\/media?parent=16716"}],"curies":[{"name":"wp","href":"https:\/\/api.w.org\/{rel}","templated":true}]}}

<p><strong>Dacă te consideri victimă a <u>represaliilor</u>,</strong> <strong>anunță-ne</strong>:</p>
<ul>
<li>scrie-ne pe adresa:</li>
</ul>
<p>Avocatul Poporului – MNP</p>
<p>str. George Vraca, nr. 8, sector 1, București</p>
<ul>
<li>sună-ne la numărul de telefon:</li>
</ul>
<p>021.312.94.62 Luni-Joi: 11:00-13:00</p>
<ul>
<li>trimite-ne un mail pe adresa: <a href="&#109;&#x61;i&#108;&#x74;o&#58;&#x73;e&#x73;&#x69;&#122;&#x61;r&#101;&#x2e;r&#101;&#x70;r&#x65;&#x73;&#97;&#x6c;&#x69;&#105;&#x40;a&#118;&#x70;&#46;&#114;&#x6f;">sesizare&#46;rep&#114;&#101;&#115;&#97;&#108;&#105;&#105;&#64;&#97;&#118;&#112;&#46;&#114;&#111;</a></li>
</ul>
<p>&nbsp;</p>
<p><strong> </strong></p>
<p><strong>IMPORTANT! </strong></p>
<p>Aceste date de contact sunt destinate<strong> exclusiv celor care au comunicat cu echipa MNP în timpul vizitei de monitorizare și se consideră victime ale represaliilor</strong>.</p>
<p>&nbsp;</p>
<p>&nbsp;</p>
<p>* Dacă nu ești în această situație, dar consideri că drepturile tale sunt încălcate, te rugăm să te adresezi instituției Avocatul Poporului, la următoarele date de contact:</p>
<p>Avocatul Poporului, str. George Vraca, nr. 8, sector 1, București</p>
<p>telefon: 021 312 49 21</p>
<p>e-mail: &#x70;&#x65;&#116;it&#x69;&#x69;&#64;&#97;v&#x70;&#x2e;&#114;&#111;</p>

<p>Dacă te consideri victimă a represaliilor, anunță-ne: scrie-ne pe adresa: Avocatul Poporului – MNP str. George Vraca, nr. 8, sector 1, București sună-ne la numărul de telefon: 021.312.94.62 Luni-Joi: 11:00-13:00&hellip; </p>

<!-- This site is optimized with the Yoast SEO plugin v28.4 - https://yoast.com/product/yoast-seo-wordpress/ -->
<title>Contact represalii - Instituția Avocatul Poporului</title>
<meta name="robots" content="index, follow, max-snippet:-1, max-image-preview:large, max-video-preview:-1" />
<link rel="canonical" href="https://avp.ro/index.php/contact-represalii/" />
<meta property="og:locale" content="en_US" />
<meta property="og:type" content="article" />
<meta property="og:title" content="Contact represalii - Instituția Avocatul Poporului" />
<meta property="og:description" content="Dacă te consideri victimă a represaliilor, anunță-ne: scrie-ne pe adresa: Avocatul Poporului – MNP str. George Vraca, nr. 8, sector 1, București sună-ne la numărul de telefon: 021.312.94.62 Luni-Joi: 11:00-13:00&hellip;" />
<meta property="og:url" content="https://avp.ro/index.php/contact-represalii/" />
<meta property="og:site_name" content="Instituția Avocatul Poporului" />
<meta name="twitter:card" content="summary_large_image" />
<meta name="twitter:label1" content="Est. reading time" />
	<meta name="twitter:data1" content="1 minute" />
<script type="application/ld+json" class="yoast-schema-graph">{"@context":"https:\/\/schema.org","@graph":[{"@type":"WebPage","@id":"https:\/\/avp.ro\/index.php\/contact-represalii\/","url":"https:\/\/avp.ro\/index.php\/contact-represalii\/","name":"Contact represalii - Instituția Avocatul Poporului","isPartOf":{"@id":"https:\/\/avp.ro\/#website"},"datePublished":"2026-08-18T12:30:19+00:00","breadcrumb":{"@id":"https:\/\/avp.ro\/index.php\/contact-represalii\/#breadcrumb"},"inLanguage":"en-US","potentialAction":[{"@type":"ReadAction","target":["https:\/\/avp.ro\/index.php\/contact-represalii\/"]}]},{"@type":"BreadcrumbList","@id":"https:\/\/avp.ro\/index.php\/contact-represalii\/#breadcrumb","itemListElement":[{"@type":"ListItem","position":1,"name":"Home","item":"https:\/\/avp.ro\/"},{"@type":"ListItem","position":2,"name":"Contact represalii"}]},{"@type":"WebSite","@id":"https:\/\/avp.ro\/#website","url":"https:\/\/avp.ro\/","name":"Instituția Avocatul Poporului","description":"People’s Advocate institution - Office of the Ombudsman","publisher":{"@id":"https:\/\/avp.ro\/#organization"},"potentialAction":[{"@type":"SearchAction","target":{"@type":"EntryPoint","urlTemplate":"https:\/\/avp.ro\/?s={search_term_string}"},"query-input":{"@type":"PropertyValueSpecification","valueRequired":true,"valueName":"search_term_string"}}],"inLanguage":"en-US"},{"@type":"Organization","@id":"https:\/\/avp.ro\/#organization","name":"Institutia Avocatul Poporului","url":"https:\/\/avp.ro\/","logo":{"@type":"ImageObject","inLanguage":"en-US","@id":"https:\/\/avp.ro\/#\/schema\/logo\/image\/","url":"https:\/\/avp.ro\/wp-content\/uploads\/2020\/09\/cropped-AP.jpg","contentUrl":"https:\/\/avp.ro\/wp-content\/uploads\/2020\/09\/cropped-AP.jpg","width":160,"height":146,"caption":"Institutia Avocatul Poporului"},"image":{"@id":"https:\/\/avp.ro\/#\/schema\/logo\/image\/"}}]}</script>
<!-- / Yoast SEO plugin. -->

Contact represalii - Instituția Avocatul Poporului

Dacă te consideri victimă a represaliilor, anunță-ne: scrie-ne pe adresa: Avocatul Poporului – MNP str. George Vraca, nr. 8, sector 1, București sună-ne la numărul de telefon: 021.312.94.62 Luni-Joi: 11:00-13:00&hellip;

Instituția Avocatul Poporului
