{"id":1672,"date":"2020-11-18T11:23:32","date_gmt":"2020-11-18T09:23:32","guid":{"rendered":"https:\/\/avp.ro\/?page_id=1672"},"modified":"2024-09-18T12:05:00","modified_gmt":"2024-09-18T10:05:00","slug":"sediul-central","status":"publish","type":"page","link":"https:\/\/avp.ro\/index.php\/contact\/sediul-central\/","title":{"rendered":"Sediul central"},"content":{"rendered":"<p>&nbsp;<\/p>\n<p>&nbsp;<\/p>\n<p><strong>Programul de audien\u021be \u0219i dispecerat, la sediul central<\/strong>:<\/p>\n<p><strong>Luni \u0219i miercuri: 10-14<\/strong><\/p>\n<p><strong>Mar\u021bi \u0219i joi: 12-16<\/strong><\/p>\n<p>&nbsp;<\/p>\n<p><strong>NE PUTE\u0162I CONTACTA PRIN:<\/strong><\/p>\n<p><strong>Po\u015fta electronic\u0103 (e-mail):\u00a0<\/strong><strong><a href=\"&#x6d;&#x61;&#x69;&#x6c;&#116;&#111;&#58;pe&#x74;&#x69;&#x74;&#x69;&#x69;&#64;&#97;&#118;p&#46;&#x72;&#x6f;\">&#112;&#x65;&#x74;&#105;&#x74;&#x69;&#105;&#x40;&#x61;&#118;&#x70;&#x2e;&#114;&#x6f;<\/a><\/strong><\/p>\n<p><strong>Peti\u021bia va fi \u00eenregistrat\u0103 \u0219i repartizat\u0103 c\u0103tre domeniul competent, pentru solu\u021bionarea \u0219i formularea unui r\u0103spuns \u00een termenul legal.<\/strong><\/p>\n<p><strong>Dat fiind faptul c\u0103 Avocatul Poporului nu ia \u00een considerare peti\u021biile anonime, v\u0103 rug\u0103m s\u0103 indica\u021bi numele, prenumele \u015fi domiciliul Dvs.\u00a0<\/strong><\/p>\n<p><strong>Po\u0219t\u0103 \u2013 adresa po\u0219tal\u0103 \u2013\u00a0<\/strong>Sediul\u00a0central al institu\u0163iei Avocatul Poporului:<\/p>\n<p><strong>Bucure\u015fti, strada George Vraca nr. 8, sector 1<\/strong><\/p>\n<p>&nbsp;<\/p>\n<p><strong>Fax: 021\/312.49.21<\/strong><\/p>\n<p><strong>TELEFON<\/strong><strong>\u00a0\u2013\u00a0<\/strong><strong>DISPECERATUL INSTITU\u0162IEI AVOCATUL POPORULUI \u2013 021\/312.71.34<\/strong><\/p>\n<p><strong>PERSOANELE CU ATRIBU\u0162II \u00ceN APLICAREA LEGII NR.544\/2001<\/strong><\/p>\n<p><strong>PRIVIND LIBERUL ACCES LA INFORMA\u0162IILE DE INTERES PUBLIC, MODIFICAT\u0102 \u0218I COMPLETAT\u0102:<\/strong><\/p>\n<p><strong>\u2013 Ecaterina Mirea<\/strong>, \u0219ef Serviciu contencios constitu\u021bional, recurs \u00een interesul legii, contencios administrativ \u0219i juridic, analiz\u0103 acte normative, rela\u021bii externe \u0219i comunicare \u0219i <strong>Andreea Elena B\u0103icoianu<\/strong>, \u0219ef Birou analiz\u0103 acte normative, rela\u021bii externe \u0219i comunicare, persoane responsabile cu solu\u021bionarea cererilor formulate \u00een baza Legii nr.544\/2001, privind liberul acces la informa\u021biile de interes public, modificat\u0103 \u0219i completat\u0103, de c\u0103tre reprezentan\u021bii mass-media<\/p>\n<p>&nbsp;<\/p>\n","protected":false},"excerpt":{"rendered":"<p>&nbsp; &nbsp; Programul de audien\u021be \u0219i dispecerat, la sediul central: Luni \u0219i miercuri: 10-14 Mar\u021bi \u0219i joi: 12-16 &nbsp; NE PUTE\u0162I CONTACTA PRIN: Po\u015fta electronic\u0103 (e-mail):\u00a0pe&#116;&#105;&#116;&#x69;&#x69;&#x40;&#x61;&#x76;p&#46;&#114;&#111; Peti\u021bia va fi \u00eenregistrat\u0103&hellip; <\/p>\n","protected":false},"author":1,"featured_media":0,"parent":65,"menu_order":0,"comment_status":"closed","ping_status":"closed","template":"","meta":{"footnotes":""},"class_list":["post-1672","page","type-page","status-publish","hentry"],"yoast_head":"<!-- This site is optimized with the Yoast SEO plugin v27.2 - https:\/\/yoast.com\/product\/yoast-seo-wordpress\/ -->\n<title>Sediul central - Institu\u021bia Avocatul Poporului<\/title>\n<meta name=\"robots\" content=\"index, follow, max-snippet:-1, max-image-preview:large, max-video-preview:-1\" \/>\n<link rel=\"canonical\" href=\"https:\/\/avp.ro\/index.php\/contact\/sediul-central\/\" \/>\n<meta property=\"og:locale\" content=\"en_US\" \/>\n<meta property=\"og:type\" content=\"article\" \/>\n<meta property=\"og:title\" content=\"Sediul central - Institu\u021bia Avocatul Poporului\" \/>\n<meta property=\"og:description\" content=\"&nbsp; &nbsp; Programul de audien\u021be \u0219i dispecerat, la sediul central: Luni \u0219i miercuri: 10-14 Mar\u021bi \u0219i joi: 12-16 &nbsp; NE PUTE\u0162I CONTACTA PRIN: Po\u015fta electronic\u0103 (e-mail):\u00a0pe&#116;&#105;&#116;&#105;&#x69;&#x40;&#x61;&#x76;&#x70;&#046;r&#111; Peti\u021bia va fi \u00eenregistrat\u0103&hellip;\" \/>\n<meta property=\"og:url\" content=\"https:\/\/avp.ro\/index.php\/contact\/sediul-central\/\" \/>\n<meta property=\"og:site_name\" content=\"Institu\u021bia Avocatul Poporului\" \/>\n<meta property=\"article:modified_time\" content=\"2024-09-18T10:05:00+00:00\" \/>\n<meta name=\"twitter:card\" content=\"summary_large_image\" \/>\n<meta name=\"twitter:label1\" content=\"Est. reading time\" \/>\n\t<meta name=\"twitter:data1\" content=\"1 minute\" \/>\n<script type=\"application\/ld+json\" class=\"yoast-schema-graph\">{\"@context\":\"https:\/\/schema.org\",\"@graph\":[{\"@type\":\"WebPage\",\"@id\":\"https:\/\/avp.ro\/index.php\/contact\/sediul-central\/\",\"url\":\"https:\/\/avp.ro\/index.php\/contact\/sediul-central\/\",\"name\":\"Sediul central - Institu\u021bia Avocatul Poporului\",\"isPartOf\":{\"@id\":\"https:\/\/avp.ro\/#website\"},\"datePublished\":\"2020-11-18T09:23:32+00:00\",\"dateModified\":\"2024-09-18T10:05:00+00:00\",\"breadcrumb\":{\"@id\":\"https:\/\/avp.ro\/index.php\/contact\/sediul-central\/#breadcrumb\"},\"inLanguage\":\"en-US\",\"potentialAction\":[{\"@type\":\"ReadAction\",\"target\":[\"https:\/\/avp.ro\/index.php\/contact\/sediul-central\/\"]}]},{\"@type\":\"BreadcrumbList\",\"@id\":\"https:\/\/avp.ro\/index.php\/contact\/sediul-central\/#breadcrumb\",\"itemListElement\":[{\"@type\":\"ListItem\",\"position\":1,\"name\":\"Home\",\"item\":\"https:\/\/avp.ro\/\"},{\"@type\":\"ListItem\",\"position\":2,\"name\":\"Contact\",\"item\":\"https:\/\/avp.ro\/index.php\/contact\/\"},{\"@type\":\"ListItem\",\"position\":3,\"name\":\"Sediul central\"}]},{\"@type\":\"WebSite\",\"@id\":\"https:\/\/avp.ro\/#website\",\"url\":\"https:\/\/avp.ro\/\",\"name\":\"Institu\u021bia Avocatul Poporului\",\"description\":\"People\u2019s Advocate institution - Office of the Ombudsman\",\"publisher\":{\"@id\":\"https:\/\/avp.ro\/#organization\"},\"potentialAction\":[{\"@type\":\"SearchAction\",\"target\":{\"@type\":\"EntryPoint\",\"urlTemplate\":\"https:\/\/avp.ro\/?s={search_term_string}\"},\"query-input\":{\"@type\":\"PropertyValueSpecification\",\"valueRequired\":true,\"valueName\":\"search_term_string\"}}],\"inLanguage\":\"en-US\"},{\"@type\":\"Organization\",\"@id\":\"https:\/\/avp.ro\/#organization\",\"name\":\"Institutia Avocatul Poporului\",\"url\":\"https:\/\/avp.ro\/\",\"logo\":{\"@type\":\"ImageObject\",\"inLanguage\":\"en-US\",\"@id\":\"https:\/\/avp.ro\/#\/schema\/logo\/image\/\",\"url\":\"https:\/\/avp.ro\/wp-content\/uploads\/2020\/09\/cropped-AP.jpg\",\"contentUrl\":\"https:\/\/avp.ro\/wp-content\/uploads\/2020\/09\/cropped-AP.jpg\",\"width\":160,\"height\":146,\"caption\":\"Institutia Avocatul Poporului\"},\"image\":{\"@id\":\"https:\/\/avp.ro\/#\/schema\/logo\/image\/\"}}]}<\/script>\n<!-- \/ Yoast SEO plugin. -->","yoast_head_json":{"title":"Sediul central - Institu\u021bia Avocatul Poporului","robots":{"index":"index","follow":"follow","max-snippet":"max-snippet:-1","max-image-preview":"max-image-preview:large","max-video-preview":"max-video-preview:-1"},"canonical":"https:\/\/avp.ro\/index.php\/contact\/sediul-central\/","og_locale":"en_US","og_type":"article","og_title":"Sediul central - Institu\u021bia Avocatul Poporului","og_description":"&nbsp; &nbsp; Programul de audien\u021be \u0219i dispecerat, la sediul central: Luni \u0219i miercuri: 10-14 Mar\u021bi \u0219i joi: 12-16 &nbsp; NE PUTE\u0162I CONTACTA PRIN: Po\u015fta electronic\u0103 (e-mail):\u00a0pe&#116;&#105;&#116;&#105;&#x69;&#x40;&#x61;&#x76;&#x70;&#46;r&#111; Peti\u021bia va fi \u00eenregistrat\u0103&hellip;","og_url":"https:\/\/avp.ro\/index.php\/contact\/sediul-central\/","og_site_name":"Institu\u021bia Avocatul Poporului","article_modified_time":"2024-09-18T10:05:00+00:00","twitter_card":"summary_large_image","twitter_misc":{"Est. reading time":"1 minute"},"schema":{"@context":"https:\/\/schema.org","@graph":[{"@type":"WebPage","@id":"https:\/\/avp.ro\/index.php\/contact\/sediul-central\/","url":"https:\/\/avp.ro\/index.php\/contact\/sediul-central\/","name":"Sediul central - Institu\u021bia Avocatul Poporului","isPartOf":{"@id":"https:\/\/avp.ro\/#website"},"datePublished":"2020-11-18T09:23:32+00:00","dateModified":"2024-09-18T10:05:00+00:00","breadcrumb":{"@id":"https:\/\/avp.ro\/index.php\/contact\/sediul-central\/#breadcrumb"},"inLanguage":"en-US","potentialAction":[{"@type":"ReadAction","target":["https:\/\/avp.ro\/index.php\/contact\/sediul-central\/"]}]},{"@type":"BreadcrumbList","@id":"https:\/\/avp.ro\/index.php\/contact\/sediul-central\/#breadcrumb","itemListElement":[{"@type":"ListItem","position":1,"name":"Home","item":"https:\/\/avp.ro\/"},{"@type":"ListItem","position":2,"name":"Contact","item":"https:\/\/avp.ro\/index.php\/contact\/"},{"@type":"ListItem","position":3,"name":"Sediul central"}]},{"@type":"WebSite","@id":"https:\/\/avp.ro\/#website","url":"https:\/\/avp.ro\/","name":"Institu\u021bia Avocatul Poporului","description":"People\u2019s Advocate institution - Office of the Ombudsman","publisher":{"@id":"https:\/\/avp.ro\/#organization"},"potentialAction":[{"@type":"SearchAction","target":{"@type":"EntryPoint","urlTemplate":"https:\/\/avp.ro\/?s={search_term_string}"},"query-input":{"@type":"PropertyValueSpecification","valueRequired":true,"valueName":"search_term_string"}}],"inLanguage":"en-US"},{"@type":"Organization","@id":"https:\/\/avp.ro\/#organization","name":"Institutia Avocatul Poporului","url":"https:\/\/avp.ro\/","logo":{"@type":"ImageObject","inLanguage":"en-US","@id":"https:\/\/avp.ro\/#\/schema\/logo\/image\/","url":"https:\/\/avp.ro\/wp-content\/uploads\/2020\/09\/cropped-AP.jpg","contentUrl":"https:\/\/avp.ro\/wp-content\/uploads\/2020\/09\/cropped-AP.jpg","width":160,"height":146,"caption":"Institutia Avocatul Poporului"},"image":{"@id":"https:\/\/avp.ro\/#\/schema\/logo\/image\/"}}]}},"_links":{"self":[{"href":"https:\/\/avp.ro\/index.php\/wp-json\/wp\/v2\/pages\/1672","targetHints":{"allow":["GET"]}}],"collection":[{"href":"https:\/\/avp.ro\/index.php\/wp-json\/wp\/v2\/pages"}],"about":[{"href":"https:\/\/avp.ro\/index.php\/wp-json\/wp\/v2\/types\/page"}],"author":[{"embeddable":true,"href":"https:\/\/avp.ro\/index.php\/wp-json\/wp\/v2\/users\/1"}],"replies":[{"embeddable":true,"href":"https:\/\/avp.ro\/index.php\/wp-json\/wp\/v2\/comments?post=1672"}],"version-history":[{"count":19,"href":"https:\/\/avp.ro\/index.php\/wp-json\/wp\/v2\/pages\/1672\/revisions"}],"predecessor-version":[{"id":12358,"href":"https:\/\/avp.ro\/index.php\/wp-json\/wp\/v2\/pages\/1672\/revisions\/12358"}],"up":[{"embeddable":true,"href":"https:\/\/avp.ro\/index.php\/wp-json\/wp\/v2\/pages\/65"}],"wp:attachment":[{"href":"https:\/\/avp.ro\/index.php\/wp-json\/wp\/v2\/media?parent=1672"}],"curies":[{"name":"wp","href":"https:\/\/api.w.org\/{rel}","templated":true}]}}