{"id":178,"date":"2020-07-21T10:19:34","date_gmt":"2020-07-21T08:19:34","guid":{"rendered":"https:\/\/avp.ro\/?page_id=178"},"modified":"2025-07-24T15:17:13","modified_gmt":"2025-07-24T13:17:13","slug":"echipa-avocatului-poporului","status":"publish","type":"page","link":"https:\/\/avp.ro\/index.php\/prezentare\/echipa-avocatului-poporului\/","title":{"rendered":"Echipa Avocatului Poporului"},"content":{"rendered":"<p>&nbsp;<\/p>\n<p style=\"font-weight: 400;\"><span style=\"color: #ff0000;\"><strong>AVOCATUL POPORULUI<\/strong><\/span><\/p>\n<p style=\"font-weight: 400;\"><strong>RENATE WEBER<\/strong><\/p>\n<p style=\"font-weight: 400;\"><strong><span style=\"color: #ff0000;\">CABINETUL AVOCATULUI POPORULUI<\/span><\/strong><\/p>\n<p style=\"font-weight: 400;\"><span style=\"color: #ff0000;\"><strong>ADJUNC\u0162II AVOCATULUI POPORULUI<\/strong><\/span><\/p>\n<ol>\n<li style=\"font-weight: 400;\"><strong>Molnar Zsolt &#8211; Domeniul <\/strong><strong>drepturile omului, egalitate de \u015fanse \u00eentre b\u0103rba\u0163i \u015fi femei, culte religioase \u015fi minorit\u0103\u0163i na\u0163ionale<\/strong><\/li>\n<li style=\"font-weight: 400;\"><strong>Cynthia Carmen Deaconescu &#8211; Domeniul <\/strong><strong>drepturile familiei, tinerilor, pensionarilor, persoanelor cu handicap<\/strong><\/li>\n<li style=\"font-weight: 400;\"><strong>Ioan G\u00e2nf\u0103lean &#8211; Domeniul\u00a0<\/strong><strong>ap\u0103rarea, protec\u0163ia \u015fi promovarea drepturilor copilului<\/strong><\/li>\n<li style=\"font-weight: 400;\"><strong>Mircea Criste &#8211; Domeniul\u00a0armat\u0103, justi\u0163ie, poli\u0163ie, penitenciare<\/strong><\/li>\n<li style=\"font-weight: 400;\"><strong>Emil Mihai Pa\u0219olea &#8211; Domeniul <\/strong><strong>proprietate, munc\u0103, protec\u0163ie social\u0103, impozite \u015fi taxe<\/strong><\/li>\n<li><strong>Ionel Nicolae &#8211; Domeniul privind prevenirea torturii \u0219i a altor pedepse ori tratamente cu cruzime, inumane sau degradante<\/strong>\u00a0<strong>\u00een locurile de deten\u021bie \u2013 MNP<\/strong><\/li>\n<\/ol>\n<p style=\"font-weight: 400;\"><span style=\"color: #ff0000;\"><strong>SERVICIUL CONTENCIOS CONSTITU\u021aIONAL, RECURS \u00ceN INTERESUL LEGII, CONTENCIOS ADMINISTRATIV \u0218I JURIDIC, ANALIZ\u0102 ACTE NORMATIVE, RELA\u021aII EXTERNE \u0218I COMUNICARE<\/strong><\/span><\/p>\n<p style=\"font-weight: 400; padding-left: 30px;\"><strong><em>\u0218ef serviciu &#8211;\u00a0 Ecaterina Mirea<\/em><\/strong><\/p>\n<ol>\n<li style=\"font-weight: 400;\"><strong> Biroul contencios constitu\u021bional \u0219i recurs \u00een interesul legii<\/strong><\/li>\n<\/ol>\n<p style=\"font-weight: 400; padding-left: 30px;\"><strong><em>\u015eef Birou Emma Turtoi<\/em><\/strong><\/p>\n<ol start=\"2\">\n<li style=\"font-weight: 400;\"><strong> Biroul contencios administrativ \u0219i juridic<\/strong><\/li>\n<\/ol>\n<p style=\"font-weight: 400; padding-left: 30px;\"><em><strong>\u015eef Birou Linda Zenovia Timofan<\/strong><\/em><\/p>\n<ol start=\"3\">\n<li style=\"font-weight: 400;\"><strong> Biroul analiz\u0103 acte normative, rela\u021bii externe \u0219i comunicare<\/strong><\/li>\n<\/ol>\n<p style=\"font-weight: 400; padding-left: 30px;\"><em><strong>\u015eef Birou<\/strong>\u00a0<strong>Andreea-Elena B\u0103icoianu<\/strong><\/em><\/p>\n<p style=\"font-weight: 400;\"><span style=\"color: #ff0000;\">\u00a0<strong>DIRECTOR COORDONATOR<\/strong><\/span><\/p>\n<p><em><strong>\u00a0 \u00a0 \u00a0 \u00a0Lumini\u0163a Clain<\/strong><\/em><\/p>\n<p style=\"font-weight: 400;\"><span style=\"color: #ff0000;\"><strong>BIROURI FUNC\u0162IONALE<\/strong><\/span><\/p>\n<ol>\n<li style=\"font-weight: 400;\"><strong> Biroul\u00a0financiar, salarizare, resurse umane<\/strong><\/li>\n<\/ol>\n<p style=\"font-weight: 400; padding-left: 30px;\"><em>\u015eef Birou\u00a0<strong>Mihaela Benim\u00a0<\/strong><\/em><\/p>\n<ol start=\"2\">\n<li style=\"font-weight: 400;\"><strong>Biroul administrativ<\/strong><\/li>\n<\/ol>\n<p style=\"font-weight: 400;\"><span style=\"color: #ff0000;\"><strong>AUDIT<\/strong><\/span><\/p>\n<p style=\"padding-left: 40px;\"><em><strong>Georgeta <\/strong><\/em><em><strong>Cristina\u00a0 Rusu<\/strong><\/em><\/p>\n<p style=\"font-weight: 400;\"><strong><span style=\"color: #ff0000;\"><a style=\"color: #ff0000;\" href=\"https:\/\/avp.ro\/index.php\/birouri-teritoriale-ale-institutiei-avocatul-poporului\/\">BIROURI TERITORIALE\u00a0<\/a><\/span><\/strong><\/p>\n<p style=\"font-weight: 400; padding-left: 30px;\">Biroul Teritorial Alba-Iulia<\/p>\n<p style=\"font-weight: 400; padding-left: 30px;\">Biroul Teritorial Bac\u0103u<\/p>\n<p style=\"font-weight: 400; padding-left: 30px;\">Biroul Teritorial Bra\u015fov<\/p>\n<p style=\"font-weight: 400; padding-left: 30px;\">Biroul Teritorial Constan\u0163a<\/p>\n<p style=\"font-weight: 400; padding-left: 30px;\">Biroul Teritorial Cluj-Napoca<\/p>\n<p style=\"font-weight: 400; padding-left: 30px;\">Biroul Teritorial Craiova<\/p>\n<p style=\"font-weight: 400; padding-left: 30px;\">Biroul Teritorial Gala\u0163i<\/p>\n<p style=\"font-weight: 400; padding-left: 30px;\">Biroul Teritorial Ia\u015fi<\/p>\n<p style=\"font-weight: 400; padding-left: 30px;\">Biroul Teritorial Suceava<\/p>\n<p style=\"font-weight: 400; padding-left: 30px;\">Biroul Teritorial T\u00e2rgu-Mure\u015f<\/p>\n<p style=\"font-weight: 400; padding-left: 30px;\">Biroul Teritorial Oradea<\/p>\n<p style=\"font-weight: 400; padding-left: 30px;\">Biroul Teritorial Pite\u015fti<\/p>\n<p style=\"font-weight: 400; padding-left: 30px;\">Biroul Teritorial Ploie\u015fti<\/p>\n<p style=\"font-weight: 400; padding-left: 30px;\">Biroul Teritorial Timi\u015foara<\/p>\n<p style=\"font-weight: 400; padding-left: 30px;\">Biroul Teritorial Slobozia<\/p>\n<p style=\"font-weight: 400;\"><span style=\"color: #ff0000;\"><strong>CENTRE ZONALE<\/strong><\/span><\/p>\n<p style=\"font-weight: 400; padding-left: 30px;\"><strong>Centrul zonal Bucure\u0219ti<\/strong><\/p>\n<p style=\"font-weight: 400; padding-left: 30px;\">Centrul Zonal Alba<\/p>\n<p style=\"font-weight: 400; padding-left: 30px;\">Centrul Zonal Bac\u0103u<\/p>\n<p style=\"font-weight: 400; padding-left: 30px;\">Centrul Zonal Craiova<\/p>\n<p>&nbsp;<\/p>\n<p style=\"font-weight: 400; padding-left: 30px;\"><strong><a href=\"https:\/\/avp.ro\/wp-content\/uploads\/2025\/02\/ORGANIGRAMA-FEBRUARIE-2025-1.pdf\">Structura organizatoric\u0103 a institu\u0163iei Avocatul Poporului<\/a><\/strong><\/p>\n<p style=\"font-weight: 400; padding-left: 30px;\"><a href=\"https:\/\/avp.ro\/wp-content\/uploads\/2020\/07\/ordin-personal.pdf\">ORDINUL AVOCATULUI POPORULUI\u00a0PRIN CARE SE APROB\u0102 LISTA REFERITOARE LA FUNC\u0162IILE SPECIFICE \u015eI A ALTOR FUNC\u0162II DIN CADRUL INSTITU\u0162IEI AVOCATUL POPORULUI \u015eI A FUNC\u0162IILOR PUBLICE PARLAMENTARE CU CARE SE ASIMILEAZ\u0102<\/a><\/p>\n","protected":false},"excerpt":{"rendered":"<p>&nbsp; AVOCATUL POPORULUI RENATE WEBER CABINETUL AVOCATULUI POPORULUI ADJUNC\u0162II AVOCATULUI POPORULUI Molnar Zsolt &#8211; Domeniul drepturile omului, egalitate de \u015fanse \u00eentre b\u0103rba\u0163i \u015fi femei, culte religioase \u015fi minorit\u0103\u0163i na\u0163ionale Cynthia&hellip; <\/p>\n","protected":false},"author":1,"featured_media":0,"parent":2,"menu_order":3,"comment_status":"closed","ping_status":"closed","template":"","meta":{"footnotes":""},"class_list":["post-178","page","type-page","status-publish","hentry"],"yoast_head":"<!-- This site is optimized with the Yoast SEO plugin v27.4 - https:\/\/yoast.com\/product\/yoast-seo-wordpress\/ -->\n<title>Echipa Avocatului Poporului - Institu\u021bia Avocatul Poporului<\/title>\n<meta name=\"robots\" content=\"index, follow, max-snippet:-1, max-image-preview:large, max-video-preview:-1\" \/>\n<link rel=\"canonical\" href=\"https:\/\/avp.ro\/index.php\/prezentare\/echipa-avocatului-poporului\/\" \/>\n<meta property=\"og:locale\" content=\"en_US\" \/>\n<meta property=\"og:type\" content=\"article\" \/>\n<meta property=\"og:title\" content=\"Echipa Avocatului Poporului - Institu\u021bia Avocatul Poporului\" \/>\n<meta property=\"og:description\" content=\"&nbsp; AVOCATUL POPORULUI RENATE WEBER CABINETUL AVOCATULUI POPORULUI ADJUNC\u0162II AVOCATULUI POPORULUI Molnar Zsolt &#8211; Domeniul drepturile omului, egalitate de \u015fanse \u00eentre b\u0103rba\u0163i \u015fi femei, culte religioase \u015fi minorit\u0103\u0163i na\u0163ionale Cynthia&hellip;\" \/>\n<meta property=\"og:url\" content=\"https:\/\/avp.ro\/index.php\/prezentare\/echipa-avocatului-poporului\/\" \/>\n<meta property=\"og:site_name\" content=\"Institu\u021bia Avocatul Poporului\" \/>\n<meta property=\"article:modified_time\" content=\"2025-07-24T13:17:13+00:00\" \/>\n<meta name=\"twitter:card\" content=\"summary_large_image\" \/>\n<meta name=\"twitter:label1\" content=\"Est. reading time\" \/>\n\t<meta name=\"twitter:data1\" content=\"2 minutes\" \/>\n<script type=\"application\/ld+json\" class=\"yoast-schema-graph\">{\"@context\":\"https:\\\/\\\/schema.org\",\"@graph\":[{\"@type\":\"WebPage\",\"@id\":\"https:\\\/\\\/avp.ro\\\/index.php\\\/prezentare\\\/echipa-avocatului-poporului\\\/\",\"url\":\"https:\\\/\\\/avp.ro\\\/index.php\\\/prezentare\\\/echipa-avocatului-poporului\\\/\",\"name\":\"Echipa Avocatului Poporului - Institu\u021bia Avocatul Poporului\",\"isPartOf\":{\"@id\":\"https:\\\/\\\/avp.ro\\\/#website\"},\"datePublished\":\"2020-07-21T08:19:34+00:00\",\"dateModified\":\"2025-07-24T13:17:13+00:00\",\"breadcrumb\":{\"@id\":\"https:\\\/\\\/avp.ro\\\/index.php\\\/prezentare\\\/echipa-avocatului-poporului\\\/#breadcrumb\"},\"inLanguage\":\"en-US\",\"potentialAction\":[{\"@type\":\"ReadAction\",\"target\":[\"https:\\\/\\\/avp.ro\\\/index.php\\\/prezentare\\\/echipa-avocatului-poporului\\\/\"]}]},{\"@type\":\"BreadcrumbList\",\"@id\":\"https:\\\/\\\/avp.ro\\\/index.php\\\/prezentare\\\/echipa-avocatului-poporului\\\/#breadcrumb\",\"itemListElement\":[{\"@type\":\"ListItem\",\"position\":1,\"name\":\"Home\",\"item\":\"https:\\\/\\\/avp.ro\\\/\"},{\"@type\":\"ListItem\",\"position\":2,\"name\":\"Prezentare\",\"item\":\"https:\\\/\\\/avp.ro\\\/index.php\\\/prezentare\\\/\"},{\"@type\":\"ListItem\",\"position\":3,\"name\":\"Echipa Avocatului Poporului\"}]},{\"@type\":\"WebSite\",\"@id\":\"https:\\\/\\\/avp.ro\\\/#website\",\"url\":\"https:\\\/\\\/avp.ro\\\/\",\"name\":\"Institu\u021bia Avocatul Poporului\",\"description\":\"People\u2019s Advocate institution - Office of the Ombudsman\",\"publisher\":{\"@id\":\"https:\\\/\\\/avp.ro\\\/#organization\"},\"potentialAction\":[{\"@type\":\"SearchAction\",\"target\":{\"@type\":\"EntryPoint\",\"urlTemplate\":\"https:\\\/\\\/avp.ro\\\/?s={search_term_string}\"},\"query-input\":{\"@type\":\"PropertyValueSpecification\",\"valueRequired\":true,\"valueName\":\"search_term_string\"}}],\"inLanguage\":\"en-US\"},{\"@type\":\"Organization\",\"@id\":\"https:\\\/\\\/avp.ro\\\/#organization\",\"name\":\"Institutia Avocatul Poporului\",\"url\":\"https:\\\/\\\/avp.ro\\\/\",\"logo\":{\"@type\":\"ImageObject\",\"inLanguage\":\"en-US\",\"@id\":\"https:\\\/\\\/avp.ro\\\/#\\\/schema\\\/logo\\\/image\\\/\",\"url\":\"https:\\\/\\\/avp.ro\\\/wp-content\\\/uploads\\\/2020\\\/09\\\/cropped-AP.jpg\",\"contentUrl\":\"https:\\\/\\\/avp.ro\\\/wp-content\\\/uploads\\\/2020\\\/09\\\/cropped-AP.jpg\",\"width\":160,\"height\":146,\"caption\":\"Institutia Avocatul Poporului\"},\"image\":{\"@id\":\"https:\\\/\\\/avp.ro\\\/#\\\/schema\\\/logo\\\/image\\\/\"}}]}<\/script>\n<!-- \/ Yoast SEO plugin. -->","yoast_head_json":{"title":"Echipa Avocatului Poporului - Institu\u021bia Avocatul Poporului","robots":{"index":"index","follow":"follow","max-snippet":"max-snippet:-1","max-image-preview":"max-image-preview:large","max-video-preview":"max-video-preview:-1"},"canonical":"https:\/\/avp.ro\/index.php\/prezentare\/echipa-avocatului-poporului\/","og_locale":"en_US","og_type":"article","og_title":"Echipa Avocatului Poporului - Institu\u021bia Avocatul Poporului","og_description":"&nbsp; AVOCATUL POPORULUI RENATE WEBER CABINETUL AVOCATULUI POPORULUI ADJUNC\u0162II AVOCATULUI POPORULUI Molnar Zsolt &#8211; Domeniul drepturile omului, egalitate de \u015fanse \u00eentre b\u0103rba\u0163i \u015fi femei, culte religioase \u015fi minorit\u0103\u0163i na\u0163ionale Cynthia&hellip;","og_url":"https:\/\/avp.ro\/index.php\/prezentare\/echipa-avocatului-poporului\/","og_site_name":"Institu\u021bia Avocatul Poporului","article_modified_time":"2025-07-24T13:17:13+00:00","twitter_card":"summary_large_image","twitter_misc":{"Est. reading time":"2 minutes"},"schema":{"@context":"https:\/\/schema.org","@graph":[{"@type":"WebPage","@id":"https:\/\/avp.ro\/index.php\/prezentare\/echipa-avocatului-poporului\/","url":"https:\/\/avp.ro\/index.php\/prezentare\/echipa-avocatului-poporului\/","name":"Echipa Avocatului Poporului - Institu\u021bia Avocatul Poporului","isPartOf":{"@id":"https:\/\/avp.ro\/#website"},"datePublished":"2020-07-21T08:19:34+00:00","dateModified":"2025-07-24T13:17:13+00:00","breadcrumb":{"@id":"https:\/\/avp.ro\/index.php\/prezentare\/echipa-avocatului-poporului\/#breadcrumb"},"inLanguage":"en-US","potentialAction":[{"@type":"ReadAction","target":["https:\/\/avp.ro\/index.php\/prezentare\/echipa-avocatului-poporului\/"]}]},{"@type":"BreadcrumbList","@id":"https:\/\/avp.ro\/index.php\/prezentare\/echipa-avocatului-poporului\/#breadcrumb","itemListElement":[{"@type":"ListItem","position":1,"name":"Home","item":"https:\/\/avp.ro\/"},{"@type":"ListItem","position":2,"name":"Prezentare","item":"https:\/\/avp.ro\/index.php\/prezentare\/"},{"@type":"ListItem","position":3,"name":"Echipa Avocatului Poporului"}]},{"@type":"WebSite","@id":"https:\/\/avp.ro\/#website","url":"https:\/\/avp.ro\/","name":"Institu\u021bia Avocatul Poporului","description":"People\u2019s Advocate institution - Office of the Ombudsman","publisher":{"@id":"https:\/\/avp.ro\/#organization"},"potentialAction":[{"@type":"SearchAction","target":{"@type":"EntryPoint","urlTemplate":"https:\/\/avp.ro\/?s={search_term_string}"},"query-input":{"@type":"PropertyValueSpecification","valueRequired":true,"valueName":"search_term_string"}}],"inLanguage":"en-US"},{"@type":"Organization","@id":"https:\/\/avp.ro\/#organization","name":"Institutia Avocatul Poporului","url":"https:\/\/avp.ro\/","logo":{"@type":"ImageObject","inLanguage":"en-US","@id":"https:\/\/avp.ro\/#\/schema\/logo\/image\/","url":"https:\/\/avp.ro\/wp-content\/uploads\/2020\/09\/cropped-AP.jpg","contentUrl":"https:\/\/avp.ro\/wp-content\/uploads\/2020\/09\/cropped-AP.jpg","width":160,"height":146,"caption":"Institutia Avocatul Poporului"},"image":{"@id":"https:\/\/avp.ro\/#\/schema\/logo\/image\/"}}]}},"_links":{"self":[{"href":"https:\/\/avp.ro\/index.php\/wp-json\/wp\/v2\/pages\/178","targetHints":{"allow":["GET"]}}],"collection":[{"href":"https:\/\/avp.ro\/index.php\/wp-json\/wp\/v2\/pages"}],"about":[{"href":"https:\/\/avp.ro\/index.php\/wp-json\/wp\/v2\/types\/page"}],"author":[{"embeddable":true,"href":"https:\/\/avp.ro\/index.php\/wp-json\/wp\/v2\/users\/1"}],"replies":[{"embeddable":true,"href":"https:\/\/avp.ro\/index.php\/wp-json\/wp\/v2\/comments?post=178"}],"version-history":[{"count":33,"href":"https:\/\/avp.ro\/index.php\/wp-json\/wp\/v2\/pages\/178\/revisions"}],"predecessor-version":[{"id":14049,"href":"https:\/\/avp.ro\/index.php\/wp-json\/wp\/v2\/pages\/178\/revisions\/14049"}],"up":[{"embeddable":true,"href":"https:\/\/avp.ro\/index.php\/wp-json\/wp\/v2\/pages\/2"}],"wp:attachment":[{"href":"https:\/\/avp.ro\/index.php\/wp-json\/wp\/v2\/media?parent=178"}],"curies":[{"name":"wp","href":"https:\/\/api.w.org\/{rel}","templated":true}]}}