{"id":2172,"date":"2020-12-09T13:26:02","date_gmt":"2020-12-09T11:26:02","guid":{"rendered":"https:\/\/avp.ro\/?page_id=2172"},"modified":"2022-01-31T14:39:14","modified_gmt":"2022-01-31T12:39:14","slug":"prezentare","status":"publish","type":"page","link":"https:\/\/avp.ro\/index.php\/domenii-de-activitate\/domeniul-proprietate-munca-protectie-sociala-impozite-si-taxe\/prezentare\/","title":{"rendered":"Prezentare"},"content":{"rendered":"<p style=\"padding-left: 40px;\"><span style=\"color: #00b000;\"><strong>DOMENIUL PROPRIETATE, MUNC\u0102, PROTEC\u021aIE SOCIAL\u0102, <\/strong><\/span><\/p>\n<p style=\"padding-left: 40px;\"><span style=\"color: #00b000;\"><strong>IMPOZITE \u0218I TAXE<\/strong><\/span><\/p>\n<p style=\"padding-left: 40px;\"><span style=\"color: #00b000;\">\u00a0\u00a0\u00a0\u00a0\u00a0\u00a0\u00a0<\/span><\/p>\n<p style=\"padding-left: 80px;\"><span style=\"color: #00b000;\"><strong>Obiectul peti\u021biilor vizeaz\u0103, \u00een principal:<\/strong><\/span><\/p>\n<ul>\n<li style=\"list-style-type: none;\">\n<ul>\n<li>modul de aplicare a legilor cu caracter reparatoriu \u00een materia propriet\u0103\u021bii;<\/li>\n<li>\u00eenc\u0103lc\u0103ri ale dreptului la munc\u0103 \u0219i protec\u021bia social\u0103 a muncii at\u00e2t de c\u0103tre angajatori, persoane de drept privat, c\u00e2t \u0219i de c\u0103tre angajatori &#8211; institu\u021bii publice sau regii autonome;<\/li>\n<li>nemul\u021bumiri legate de modul de calcul al deciziilor de impunere privind impozitul\/taxa pe cl\u0103diri, impozitul\/taxa pe teren, impozitul asupra mijlocului de transport, restituirea taxelor pentru autoturisme \u0219i autovehicule, precum \u0219i de titlurile executorii \u0219i soma\u021biile privind executarea silit\u0103 etc.<\/li>\n<\/ul>\n<\/li>\n<\/ul>\n<p style=\"padding-left: 80px;\"><span style=\"color: #00b000;\"><strong><u>Subdomeniul proprietate<\/u><\/strong><\/span><\/p>\n<p style=\"padding-left: 40px;\">\u00a0\u00a0\u00a0\u00a0\u00a0\u00a0\u00a0\u00a0\u00a0\u00a0\u00a0 Principalele probleme supuse aten\u021biei vizeaz\u0103 \u00eenc\u0103lcarea dreptului de proprietate privat\u0103 cum ar fi:<\/p>\n<ul>\n<li style=\"list-style-type: none;\">\n<ul>\n<li>tergiversarea punerii \u00een posesie;<\/li>\n<li>tergiversarea eliber\u0103rii\/modific\u0103rii titlurilor de proprietate;<\/li>\n<li>lipsa de r\u0103spuns din partea autorit\u0103\u021bilor la cererile formulate de beneficiarii legilor de restituire a dreptului de proprietate;<\/li>\n<li>tergiversarea adopt\u0103rii solu\u021biilor \u00een dosarele constituite \u00een temeiul Legii nr. 10\/2001 privind regimul juridic al unor imobile preluate \u00een mod abuziv \u00een perioada 6 martie 1945 &#8211; 22 decembrie 1989, republicat\u0103, cu modific\u0103rile \u0219i complet\u0103rile ulterioare, de c\u0103tre entit\u0103\u021bile responsabile cu solu\u021bionarea notific\u0103rilor;<\/li>\n<li>tergiversarea adopt\u0103rii solu\u021biilor \u00een dosarele ce au ca obiect cererile formulate \u00een temeiul Legii nr. 9\/1998 privind acordarea de compensa\u021bii cet\u0103\u021benilor rom\u00e2ni pentru bunurile trecute \u00een proprietatea statului bulgar \u00een urma aplic\u0103rii Tratatului dintre Rom\u00e2nia \u0219i Bulgaria, semnat la Craiova la 7 septembrie 1940, republicat\u0103, cu modific\u0103rile \u0219i complet\u0103rile ulterioare, precum \u0219i a Legii nr. 290\/2003 privind acordarea de desp\u0103gubiri sau compensa\u021bii cet\u0103\u021benilor rom\u00e2ni pentru bunurile proprietate a acestora, sechestrate, re\u021binute sau r\u0103mase \u00een Basarabia, Bucovina de Nord \u0219i \u021ainutul Her\u021ba, ca urmare a st\u0103rii de r\u0103zboi \u0219i a aplic\u0103rii Tratatului de Pace \u00eentre Rom\u00e2nia \u0219i Puterile Aliate \u0219i Asociate, semnat la Paris la 10 februarie 1947, cu modific\u0103rile \u0219i complet\u0103rile ulterioare.<\/li>\n<\/ul>\n<\/li>\n<\/ul>\n<p style=\"padding-left: 40px;\">Peti\u021biile la subdomeniul proprietate, privesc \u00een general, modul de aplicare a legilor cu caracter reparatoriu \u00een materia propriet\u0103\u021bii, respectiv:<\/p>\n<ul>\n<li style=\"list-style-type: none;\">\n<ul>\n<li>Legea nr.18\/1991 privind fondul funciar, republicat\u0103, cu modific\u0103rile \u0219i complet\u0103rile ulterioare;<\/li>\n<li>Legea nr. 10\/2001 privind regimul juridic al unor imobile preluate \u00een mod abuziv \u00een perioada 6 martie 1945-22 decembrie 1989, republicat\u0103, cu modific\u0103rile \u0219i complet\u0103rile ulterioare;<\/li>\n<li>Legea nr. 9\/1998 privind acordarea de compensa\u021bii cet\u0103\u021benilor rom\u00e2ni pentru bunurile trecute \u00een proprietatea statului bulgar, \u00een urma aplic\u0103rii Tratatului dintre Rom\u00e2nia \u0219i Bulgaria, semnat la Craiova la 7 septembrie 1940, republicat\u0103, cu modific\u0103rile \u0219i complet\u0103rile ulterioare;<\/li>\n<li>Legea nr. 290\/2003 privind acordarea de desp\u0103gubiri sau compensa\u021bii cet\u0103\u021benilor rom\u00e2ni pentru bunurile proprietate a acestora, sechestrate, re\u021binute sau r\u0103mase \u00een Basarabia, Bucovina de Nord \u0219i \u021ainutul Her\u021ba, ca urmare a st\u0103rii de r\u0103zboi \u0219i a aplic\u0103rii Tratatului de Pace \u00eentre Rom\u00e2nia \u0219i Puterile Aliate \u0219i Asociate, semnat la Paris la 10 februarie 1947, cu modific\u0103rile \u0219i complet\u0103rile ulterioare;<\/li>\n<li>Legea nr. 165\/2013 privind m\u0103surile pentru finalizarea procesului de restituire, \u00een natur\u0103 sau prin echivalent, a imobilelor preluate \u00een mod abuziv \u00een perioada regimului comunist \u00een Rom\u00e2nia, cu modific\u0103rile \u0219i complet\u0103rile ulterioare;<\/li>\n<li>Legea nr. 164\/2014 privind unele m\u0103suri pentru accelerarea \u0219i finalizarea procesului de solu\u021bionare a cererilor formulate \u00een temeiul Legii nr. 9\/1998 privind acordarea de compensa\u021bii cet\u0103\u021benilor rom\u00e2ni pentru bunurile trecute \u00een proprietatea statului bulgar \u00een urma aplic\u0103rii Tratatului dintre Rom\u00e2nia \u0219i Bulgaria, semnat la Craiova la 7 septembrie 1940;<\/li>\n<\/ul>\n<\/li>\n<\/ul>\n<p style=\"padding-left: 80px;\"><span style=\"color: #00b000;\"><strong><u>Subdomeniul munc\u0103 \u0219i protec\u021bia social\u0103 a muncii<\/u><\/strong><\/span><\/p>\n<p style=\"padding-left: 40px;\">\u00a0\u00a0\u00a0\u00a0\u00a0\u00a0\u00a0\u00a0\u00a0\u00a0\u00a0 \u00cen cadrul acestui subdomeniu obiectul sesiz\u0103rilor \u00eel reprezint\u0103 \u00eenc\u0103lc\u0103ri ale dreptului la munc\u0103 \u0219i protec\u021bia social\u0103 a muncii at\u00e2t de c\u0103tre angajatori &#8211; persoane de drept privat, c\u00e2t \u0219i de c\u0103tre angajatori &#8211; institu\u021bii publice sau regii autonome. Astfel, \u00een cazul sesiz\u0103rilor care privesc angajatorii &#8211; persoane de drept privat, peten\u021bii sunt \u00eendruma\u021bi s\u0103 se adreseze, fie instan\u021belor de judecat\u0103 competente material \u0219i teritorial, fie inspectoratelor teritoriale de munc\u0103, cu precizarea c\u0103, \u00een cazul \u00een care inspectoratele teritoriale de munc\u0103 tergiverseaz\u0103 sau refuz\u0103 solu\u021bionarea problemelor cu care au fost sesizate, pot reveni la institu\u021bia Avocatul Poporului cu dovada demersurilor \u00eentreprinse. \u00cen situa\u021bia \u00een care angajatorii reclama\u021bi sunt institu\u021bii publice sau regii autonome, institu\u021bia Avocatul Poporului, \u00een urma analiz\u0103rii documentelor depuse de c\u0103tre peti\u021bionari, \u00een func\u021bie de problema sesizat\u0103, poate \u00eentreprinde demersuri (at\u00e2t coresponden\u021b\u0103 scris\u0103 cu institu\u021biile \u00een cauz\u0103, c\u00e2t \u0219i anchete).<\/p>\n<p style=\"padding-left: 40px;\">\u00a0\u00a0\u00a0\u00a0\u00a0\u00a0\u00a0\u00a0\u00a0\u00a0\u00a0 Problematica adus\u0103 \u00een aten\u021bia subdomeniului este reprezentat\u0103, \u00een principal, de:<\/p>\n<ul>\n<li style=\"list-style-type: none;\">\n<ul>\n<li>neplata drepturilor salariale;<\/li>\n<li>diminuarea veniturilor salariale ca urmare a zilelor de concediu medical efectuat;<\/li>\n<li>neacordarea concediilor legale cuvenite;<\/li>\n<li>imposibilitatea ob\u021binerii adeverin\u021bei de vechime pentru perioada lucrat\u0103, \u00eentreprinderea angajatoare fiind \u00een procedura de insolven\u021b\u0103;<\/li>\n<li>imposibilitatea ob\u021binerii adeverin\u021bei de salariat;<\/li>\n<li>eliminarea unor sporuri;<\/li>\n<li>dep\u0103\u0219irea orelor legale de program, f\u0103r\u0103 acordarea compensa\u021biilor cuvenite de c\u0103tre angajatori;<\/li>\n<li>refuzul prelungirii contractului de munc\u0103 \u00eencheiat pe perioad\u0103 determinat\u0103;<\/li>\n<li>\u00eencetarea \u00eenainte de termen a unui contract \u00eencheiat pe perioad\u0103 determinat\u0103;<\/li>\n<li>\u00eengr\u0103direa dreptului la munc\u0103;<\/li>\n<li>neeliberarea copiilor dup\u0103 contractul de munc\u0103;<\/li>\n<li>neacordarea drepturilor salariale de angajatori din alte \u021b\u0103ri;<\/li>\n<li>modul de derulare al unor concursuri pentru ocuparea de func\u021bii publice;<\/li>\n<li>discriminarea pe criterii de activitate sindical\u0103;<\/li>\n<li>nerecunoa\u0219terea ca vechime \u00een munc\u0103 a perioadei \u00een care o persoan\u0103 a fost ucenic cu plat\u0103 \u0219i a urmat cursurile unei \u0219coli profesionale;<\/li>\n<li>neacordarea concediului pentru cre\u0219tere copil.<\/li>\n<\/ul>\n<\/li>\n<\/ul>\n<p style=\"padding-left: 80px;\"><span style=\"color: #00b000;\"><strong><u>Subdomeniul impozite \u0219i taxe<\/u><\/strong><\/span><\/p>\n<p style=\"padding-left: 40px;\">\u00a0\u00a0\u00a0\u00a0\u00a0\u00a0\u00a0\u00a0\u00a0\u00a0\u00a0 \u00a0\u00cen cadrul acestui subdomeniu, obiectul sesiz\u0103rilor formulate \u00eel constituie nemul\u021bumirile peten\u021bilor referitoare la modul \u00een care autorit\u0103\u021bile publice solu\u021bioneaz\u0103: aspecte legate de stabilirea impozitelor \u0219i taxelor, a diverselor forme de executare silit\u0103, a solu\u021bion\u0103rii c\u0103ilor legale de atac, necomunicarea documentelor fiscale etc. \u00cen cazurile \u00een care institu\u021bia Avocatul Poporului poate interveni, acesta efectueaz\u0103 demersurile specifice (sesizarea scris\u0103 a autorit\u0103\u021bilor publice, anchete, recomand\u0103ri \u0219i eventual analizarea oportunit\u0103\u021bii formul\u0103rii de ac\u021biuni \u00een contencios administrativ cu trimiterea propunerii la structura specializat\u0103 din cadrul institu\u021biei), iar \u00een alte cazuri, peten\u021bii sunt \u00eendruma\u021bi s\u0103 se \u00eendrepte c\u0103tre autoritatea administrativ\u0103 competent\u0103 sau instan\u021ba de judecat\u0103.<\/p>\n<p style=\"padding-left: 40px;\">\u00a0\u00a0\u00a0\u00a0\u00a0\u00a0\u00a0\u00a0\u00a0\u00a0\u00a0 Cele mai frecvente aspecte sesizate sunt:<\/p>\n<ul>\n<li style=\"list-style-type: none;\">\n<ul>\n<li>modul de calcul al impozitului\/taxei pe cl\u0103diri, respectiv al impozitului\/taxei pe teren;<\/li>\n<li>con\u021binutul deciziilor de impunere privind impozitul\/taxa pe cl\u0103diri, impozitul\/taxa pe teren, respectiv impozitul asupra mijlocului de transport;<\/li>\n<li>impozitarea veniturilor din salarii ob\u021binute \u00een str\u0103in\u0103tate;<\/li>\n<li>nemul\u021bumiri legate de respingerea contesta\u021biilor formulate \u00eempotriva deciziilor de impunere;<\/li>\n<li>titluri executorii \u0219i soma\u021bii privind executarea silit\u0103;<\/li>\n<li>informarea incorect\u0103 a contribuabililor cu privire la obliga\u021biile fiscale;<\/li>\n<li>popriri pe conturi \u0219i\/sau pe salariu pentru persoane fizice, persoane care desf\u0103\u0219oar\u0103 activit\u0103\u021bi independente sau persoane juridice;<\/li>\n<li>eliberarea unor adeverin\u021be de c\u0103tre administra\u021biile financiare;<\/li>\n<li>scutirea de la plata impozitului a unor categorii de contribuabili;<\/li>\n<li>modul de compensare a unor obliga\u021bii fiscale;<\/li>\n<li>taxe speciale (taxa de habitat, taxa de salubrizare &#8211; persoane fizice, persoane fizice autorizate, persoane juridice, taxa de parcare);<\/li>\n<li>plata unor sume de bani restante, cu titlu de impozite locale (impozit pentru folosin\u021b\u0103 teren \u0219i impozit cl\u0103diri), sume asupra c\u0103rora a fost \u00eenscris\u0103 o ipotec\u0103 legal\u0103 \u00een favoarea Statului Rom\u00e2n;<\/li>\n<li>refuzul autorit\u0103\u021bilor locale de a \u00eencasa taxe \u0219i impozite sau de a re\u00eennoi contractul de \u00eenchiriere, av\u00e2nd \u00een vedere existen\u021ba unor amenzi neachitate;<\/li>\n<li>restituirea sumelor reprezent\u00e2nd timbrul de mediu;<\/li>\n<li>aplicarea \u0219i declararea C.A.S.S. a unor categorii de contribuabili;<\/li>\n<li>penalit\u0103\u021bi \u0219i accesorii pentru neplata contribu\u021biei de asigur\u0103ri sociale de s\u0103n\u0103tate;<\/li>\n<li>comunicarea\/necomunicarea actelor fiscale.<\/li>\n<\/ul>\n<\/li>\n<\/ul>\n","protected":false},"excerpt":{"rendered":"<p>DOMENIUL PROPRIETATE, MUNC\u0102, PROTEC\u021aIE SOCIAL\u0102, IMPOZITE \u0218I TAXE \u00a0\u00a0\u00a0\u00a0\u00a0\u00a0\u00a0 Obiectul peti\u021biilor vizeaz\u0103, \u00een principal: modul de aplicare a legilor cu caracter reparatoriu \u00een materia propriet\u0103\u021bii; \u00eenc\u0103lc\u0103ri ale dreptului la munc\u0103&hellip; <\/p>\n","protected":false},"author":1,"featured_media":0,"parent":312,"menu_order":2,"comment_status":"closed","ping_status":"closed","template":"","meta":{"footnotes":""},"class_list":["post-2172","page","type-page","status-publish","hentry"],"yoast_head":"<!-- This site is optimized with the Yoast SEO plugin v27.3 - https:\/\/yoast.com\/product\/yoast-seo-wordpress\/ -->\n<title>Prezentare - Institu\u021bia Avocatul Poporului<\/title>\n<meta name=\"robots\" content=\"index, follow, max-snippet:-1, max-image-preview:large, max-video-preview:-1\" \/>\n<link rel=\"canonical\" href=\"https:\/\/avp.ro\/index.php\/domenii-de-activitate\/domeniul-proprietate-munca-protectie-sociala-impozite-si-taxe\/prezentare\/\" \/>\n<meta property=\"og:locale\" content=\"en_US\" \/>\n<meta property=\"og:type\" content=\"article\" \/>\n<meta property=\"og:title\" content=\"Prezentare - Institu\u021bia Avocatul Poporului\" \/>\n<meta property=\"og:description\" content=\"DOMENIUL PROPRIETATE, MUNC\u0102, PROTEC\u021aIE SOCIAL\u0102, IMPOZITE \u0218I TAXE \u00a0\u00a0\u00a0\u00a0\u00a0\u00a0\u00a0 Obiectul peti\u021biilor vizeaz\u0103, \u00een principal: modul de aplicare a legilor cu caracter reparatoriu \u00een materia propriet\u0103\u021bii; \u00eenc\u0103lc\u0103ri ale dreptului la munc\u0103&hellip;\" \/>\n<meta property=\"og:url\" content=\"https:\/\/avp.ro\/index.php\/domenii-de-activitate\/domeniul-proprietate-munca-protectie-sociala-impozite-si-taxe\/prezentare\/\" \/>\n<meta property=\"og:site_name\" content=\"Institu\u021bia Avocatul Poporului\" \/>\n<meta property=\"article:modified_time\" content=\"2022-01-31T12:39:14+00:00\" \/>\n<meta name=\"twitter:card\" content=\"summary_large_image\" \/>\n<meta name=\"twitter:label1\" content=\"Est. reading time\" \/>\n\t<meta name=\"twitter:data1\" content=\"6 minutes\" \/>\n<script type=\"application\/ld+json\" class=\"yoast-schema-graph\">{\"@context\":\"https:\\\/\\\/schema.org\",\"@graph\":[{\"@type\":\"WebPage\",\"@id\":\"https:\\\/\\\/avp.ro\\\/index.php\\\/domenii-de-activitate\\\/domeniul-proprietate-munca-protectie-sociala-impozite-si-taxe\\\/prezentare\\\/\",\"url\":\"https:\\\/\\\/avp.ro\\\/index.php\\\/domenii-de-activitate\\\/domeniul-proprietate-munca-protectie-sociala-impozite-si-taxe\\\/prezentare\\\/\",\"name\":\"Prezentare - Institu\u021bia Avocatul Poporului\",\"isPartOf\":{\"@id\":\"https:\\\/\\\/avp.ro\\\/#website\"},\"datePublished\":\"2020-12-09T11:26:02+00:00\",\"dateModified\":\"2022-01-31T12:39:14+00:00\",\"breadcrumb\":{\"@id\":\"https:\\\/\\\/avp.ro\\\/index.php\\\/domenii-de-activitate\\\/domeniul-proprietate-munca-protectie-sociala-impozite-si-taxe\\\/prezentare\\\/#breadcrumb\"},\"inLanguage\":\"en-US\",\"potentialAction\":[{\"@type\":\"ReadAction\",\"target\":[\"https:\\\/\\\/avp.ro\\\/index.php\\\/domenii-de-activitate\\\/domeniul-proprietate-munca-protectie-sociala-impozite-si-taxe\\\/prezentare\\\/\"]}]},{\"@type\":\"BreadcrumbList\",\"@id\":\"https:\\\/\\\/avp.ro\\\/index.php\\\/domenii-de-activitate\\\/domeniul-proprietate-munca-protectie-sociala-impozite-si-taxe\\\/prezentare\\\/#breadcrumb\",\"itemListElement\":[{\"@type\":\"ListItem\",\"position\":1,\"name\":\"Home\",\"item\":\"https:\\\/\\\/avp.ro\\\/\"},{\"@type\":\"ListItem\",\"position\":2,\"name\":\"DOMENII DE ACTIVITATE\",\"item\":\"https:\\\/\\\/avp.ro\\\/index.php\\\/domenii-de-activitate\\\/\"},{\"@type\":\"ListItem\",\"position\":3,\"name\":\"Domeniul proprietate, munc\u0103, protec\u0163ie social\u0103, impozite \u015fi taxe\",\"item\":\"https:\\\/\\\/avp.ro\\\/index.php\\\/domenii-de-activitate\\\/domeniul-proprietate-munca-protectie-sociala-impozite-si-taxe\\\/\"},{\"@type\":\"ListItem\",\"position\":4,\"name\":\"Prezentare\"}]},{\"@type\":\"WebSite\",\"@id\":\"https:\\\/\\\/avp.ro\\\/#website\",\"url\":\"https:\\\/\\\/avp.ro\\\/\",\"name\":\"Institu\u021bia Avocatul Poporului\",\"description\":\"People\u2019s Advocate institution - Office of the Ombudsman\",\"publisher\":{\"@id\":\"https:\\\/\\\/avp.ro\\\/#organization\"},\"potentialAction\":[{\"@type\":\"SearchAction\",\"target\":{\"@type\":\"EntryPoint\",\"urlTemplate\":\"https:\\\/\\\/avp.ro\\\/?s={search_term_string}\"},\"query-input\":{\"@type\":\"PropertyValueSpecification\",\"valueRequired\":true,\"valueName\":\"search_term_string\"}}],\"inLanguage\":\"en-US\"},{\"@type\":\"Organization\",\"@id\":\"https:\\\/\\\/avp.ro\\\/#organization\",\"name\":\"Institutia Avocatul Poporului\",\"url\":\"https:\\\/\\\/avp.ro\\\/\",\"logo\":{\"@type\":\"ImageObject\",\"inLanguage\":\"en-US\",\"@id\":\"https:\\\/\\\/avp.ro\\\/#\\\/schema\\\/logo\\\/image\\\/\",\"url\":\"https:\\\/\\\/avp.ro\\\/wp-content\\\/uploads\\\/2020\\\/09\\\/cropped-AP.jpg\",\"contentUrl\":\"https:\\\/\\\/avp.ro\\\/wp-content\\\/uploads\\\/2020\\\/09\\\/cropped-AP.jpg\",\"width\":160,\"height\":146,\"caption\":\"Institutia Avocatul Poporului\"},\"image\":{\"@id\":\"https:\\\/\\\/avp.ro\\\/#\\\/schema\\\/logo\\\/image\\\/\"}}]}<\/script>\n<!-- \/ Yoast SEO plugin. -->","yoast_head_json":{"title":"Prezentare - Institu\u021bia Avocatul Poporului","robots":{"index":"index","follow":"follow","max-snippet":"max-snippet:-1","max-image-preview":"max-image-preview:large","max-video-preview":"max-video-preview:-1"},"canonical":"https:\/\/avp.ro\/index.php\/domenii-de-activitate\/domeniul-proprietate-munca-protectie-sociala-impozite-si-taxe\/prezentare\/","og_locale":"en_US","og_type":"article","og_title":"Prezentare - Institu\u021bia Avocatul Poporului","og_description":"DOMENIUL PROPRIETATE, MUNC\u0102, PROTEC\u021aIE SOCIAL\u0102, IMPOZITE \u0218I TAXE \u00a0\u00a0\u00a0\u00a0\u00a0\u00a0\u00a0 Obiectul peti\u021biilor vizeaz\u0103, \u00een principal: modul de aplicare a legilor cu caracter reparatoriu \u00een materia propriet\u0103\u021bii; \u00eenc\u0103lc\u0103ri ale dreptului la munc\u0103&hellip;","og_url":"https:\/\/avp.ro\/index.php\/domenii-de-activitate\/domeniul-proprietate-munca-protectie-sociala-impozite-si-taxe\/prezentare\/","og_site_name":"Institu\u021bia Avocatul Poporului","article_modified_time":"2022-01-31T12:39:14+00:00","twitter_card":"summary_large_image","twitter_misc":{"Est. reading time":"6 minutes"},"schema":{"@context":"https:\/\/schema.org","@graph":[{"@type":"WebPage","@id":"https:\/\/avp.ro\/index.php\/domenii-de-activitate\/domeniul-proprietate-munca-protectie-sociala-impozite-si-taxe\/prezentare\/","url":"https:\/\/avp.ro\/index.php\/domenii-de-activitate\/domeniul-proprietate-munca-protectie-sociala-impozite-si-taxe\/prezentare\/","name":"Prezentare - Institu\u021bia Avocatul Poporului","isPartOf":{"@id":"https:\/\/avp.ro\/#website"},"datePublished":"2020-12-09T11:26:02+00:00","dateModified":"2022-01-31T12:39:14+00:00","breadcrumb":{"@id":"https:\/\/avp.ro\/index.php\/domenii-de-activitate\/domeniul-proprietate-munca-protectie-sociala-impozite-si-taxe\/prezentare\/#breadcrumb"},"inLanguage":"en-US","potentialAction":[{"@type":"ReadAction","target":["https:\/\/avp.ro\/index.php\/domenii-de-activitate\/domeniul-proprietate-munca-protectie-sociala-impozite-si-taxe\/prezentare\/"]}]},{"@type":"BreadcrumbList","@id":"https:\/\/avp.ro\/index.php\/domenii-de-activitate\/domeniul-proprietate-munca-protectie-sociala-impozite-si-taxe\/prezentare\/#breadcrumb","itemListElement":[{"@type":"ListItem","position":1,"name":"Home","item":"https:\/\/avp.ro\/"},{"@type":"ListItem","position":2,"name":"DOMENII DE ACTIVITATE","item":"https:\/\/avp.ro\/index.php\/domenii-de-activitate\/"},{"@type":"ListItem","position":3,"name":"Domeniul proprietate, munc\u0103, protec\u0163ie social\u0103, impozite \u015fi taxe","item":"https:\/\/avp.ro\/index.php\/domenii-de-activitate\/domeniul-proprietate-munca-protectie-sociala-impozite-si-taxe\/"},{"@type":"ListItem","position":4,"name":"Prezentare"}]},{"@type":"WebSite","@id":"https:\/\/avp.ro\/#website","url":"https:\/\/avp.ro\/","name":"Institu\u021bia Avocatul Poporului","description":"People\u2019s Advocate institution - Office of the Ombudsman","publisher":{"@id":"https:\/\/avp.ro\/#organization"},"potentialAction":[{"@type":"SearchAction","target":{"@type":"EntryPoint","urlTemplate":"https:\/\/avp.ro\/?s={search_term_string}"},"query-input":{"@type":"PropertyValueSpecification","valueRequired":true,"valueName":"search_term_string"}}],"inLanguage":"en-US"},{"@type":"Organization","@id":"https:\/\/avp.ro\/#organization","name":"Institutia Avocatul Poporului","url":"https:\/\/avp.ro\/","logo":{"@type":"ImageObject","inLanguage":"en-US","@id":"https:\/\/avp.ro\/#\/schema\/logo\/image\/","url":"https:\/\/avp.ro\/wp-content\/uploads\/2020\/09\/cropped-AP.jpg","contentUrl":"https:\/\/avp.ro\/wp-content\/uploads\/2020\/09\/cropped-AP.jpg","width":160,"height":146,"caption":"Institutia Avocatul Poporului"},"image":{"@id":"https:\/\/avp.ro\/#\/schema\/logo\/image\/"}}]}},"_links":{"self":[{"href":"https:\/\/avp.ro\/index.php\/wp-json\/wp\/v2\/pages\/2172","targetHints":{"allow":["GET"]}}],"collection":[{"href":"https:\/\/avp.ro\/index.php\/wp-json\/wp\/v2\/pages"}],"about":[{"href":"https:\/\/avp.ro\/index.php\/wp-json\/wp\/v2\/types\/page"}],"author":[{"embeddable":true,"href":"https:\/\/avp.ro\/index.php\/wp-json\/wp\/v2\/users\/1"}],"replies":[{"embeddable":true,"href":"https:\/\/avp.ro\/index.php\/wp-json\/wp\/v2\/comments?post=2172"}],"version-history":[{"count":2,"href":"https:\/\/avp.ro\/index.php\/wp-json\/wp\/v2\/pages\/2172\/revisions"}],"predecessor-version":[{"id":5254,"href":"https:\/\/avp.ro\/index.php\/wp-json\/wp\/v2\/pages\/2172\/revisions\/5254"}],"up":[{"embeddable":true,"href":"https:\/\/avp.ro\/index.php\/wp-json\/wp\/v2\/pages\/312"}],"wp:attachment":[{"href":"https:\/\/avp.ro\/index.php\/wp-json\/wp\/v2\/media?parent=2172"}],"curies":[{"name":"wp","href":"https:\/\/api.w.org\/{rel}","templated":true}]}}