{"id":2769,"date":"2021-02-24T14:54:21","date_gmt":"2021-02-24T12:54:21","guid":{"rendered":"https:\/\/avp.ro\/?page_id=2769"},"modified":"2021-11-10T15:17:42","modified_gmt":"2021-11-10T13:17:42","slug":"exceptii-de-neconstitutionalitate-2021","status":"publish","type":"page","link":"https:\/\/avp.ro\/index.php\/exceptii-de-neconstitutionalitate-2021\/","title":{"rendered":"Excep\u021bii de neconstitu\u021bionalitate 2021"},"content":{"rendered":"<p>&nbsp;<\/p>\n<p>&nbsp;<\/p>\n<p style=\"text-align: center;\"><span style=\"color: #ff0000;\"><strong><a style=\"color: #ff0000;\" href=\"https:\/\/avp.ro\/wp-content\/uploads\/2021\/11\/Exc-art-26-al-1-OUG-158-2005.pdf\">Excep\u021bie de neconstitu\u021bionalitate a prevederilor art. 26 alin. (1) din Ordonan\u021ba de urgen\u0163\u0103 a Guvernului nr. 158\/2005 privind concediile \u0219i indemniza\u021biile de asigur\u0103ri sociale de s\u0103n\u0103tate, modificat\u0103 \u0219i completat\u0103, cu referire la sintagma \u201e\u00een v\u00e2rst\u0103 p\u00e2n\u0103 la 7 ani\u201d<\/a><\/strong><\/span><\/p>\n<p style=\"text-align: center;\"><span style=\"color: #ff0000;\"><strong><a style=\"color: #ff0000;\" href=\"https:\/\/avp.ro\/wp-content\/uploads\/2021\/09\/Exc-OUG-50-2021.pdf\">Excep\u021bie de neconstitu\u021bionalitate a prevederilor Ordonan\u021bei de urgen\u021b\u0103 a Guvernului nr. 50\/2021 pentru modificarea \u0219i completarea Legii educa\u021biei na\u021bionale nr. 1\/2011<\/a><\/strong><\/span><\/p>\n<p style=\"text-align: center;\"><span style=\"color: #ff0000;\"><strong><a style=\"color: #ff0000;\" href=\"https:\/\/avp.ro\/wp-content\/uploads\/2021\/07\/Exc-art-15-al-4-Lg-136-2020.pdf\">Excep\u021bie de neconstitu\u021bionalitate a sintagmei \u201e\u00een termen de 5 zile de la data public\u0103rii actului administrativ\u201d, cuprins\u0103 \u00een art. 15 alin. (4) din Legea nr. 136\/2020 privind instituirea unor m\u0103suri \u00een domeniul s\u0103n\u0103t\u0103\u0163ii publice \u00een situa\u021bii de risc epidemiologic \u0219i biologic, republicat\u0103, astfel cum a fost modificat prin art. I din Ordonan\u021ba de urgen\u021b\u0103 a Guvernului nr. 63\/2021 pentru modificarea art. 15 alin. (4) din Legea nr. 136\/2020<\/a><\/strong><\/span><\/p>\n<p style=\"text-align: center;\"><span style=\"color: #ff0000;\"><strong><a style=\"color: #ff0000;\" href=\"https:\/\/avp.ro\/wp-content\/uploads\/2021\/06\/Exc-Lg-4-2021-1.pdf\">Excep\u021bie de neconstitu\u021bionalitate a prevederilor Legii nr. 4\/2021 privind protec\u021bia drepturilor persoanelor diagnosticate sau suspectate a fi diagnosticate cu boli sau afec\u021biuni alergice<\/a><\/strong><\/span><\/p>\n<p style=\"text-align: center;\"><span style=\"color: #ff0000;\"><a style=\"color: #ff0000;\" href=\"https:\/\/avp.ro\/wp-content\/uploads\/2021\/05\/Exc-OUG-37-2021.pdf\"><strong>Excep\u021bie de neconstitu\u021bionalitate a prevederilor Ordonan\u021bei de urgen\u021b\u0103 a Guvernului nr. 37\/2021 pentru modificarea \u0219i completarea Legii nr. 53\/2003 \u2013 Codul muncii<\/strong><\/a><\/span><\/p>\n<p style=\"text-align: center;\"><span style=\"color: #ff0000;\"><strong><a style=\"color: #ff0000;\" href=\"https:\/\/avp.ro\/wp-content\/uploads\/2021\/05\/Exc-art98-Lg-448.pdf\">Excep\u021bie de neconstitu\u021bionalitate a prevederilor art. 98 alin. (1) din Legea nr. 448\/2006 privind protec\u021bia \u0219i promovarea drepturilor persoanelor cu handicap, republicat\u0103, cu modific\u0103rile \u0219i complet\u0103rile ulterioare<\/a><\/strong><\/span><\/p>\n<p style=\"text-align: center;\"><span style=\"color: #ff0000;\"><strong><a style=\"color: #ff0000;\" href=\"https:\/\/avp.ro\/wp-content\/uploads\/2021\/04\/Exc-art-38-Lg-15-2021.pdf\">Excep\u021bie de neconstitu\u021bionalitate a prevederilor art. 38 din Legea nr. 15\/2021 a bugetului de stat pe anul 2021, publicat\u0103 \u00een Monitorul Oficial al Rom\u00e2niei, Partea I, nr. 236 din 9 martie 2021<\/a><\/strong><\/span><\/p>\n<p style=\"text-align: center;\"><span style=\"color: #ff0000;\"><a style=\"color: #ff0000;\" href=\"https:\/\/avp.ro\/wp-content\/uploads\/2021\/03\/Exc-art-229-al-3-ind-2-si-3-Lg-71-2011.pdf\"><strong>Excep\u021bie de neconstitu\u021bionalitate a prevederilor art. 229 alin. (<\/strong><strong>3<sup>2<\/sup><\/strong><strong>) \u0219i alin. (<\/strong>3<strong><sup>3<\/sup><\/strong><strong>) din Legea nr. 71\/2011 pentru punerea \u00een aplicare a Legii nr. 287\/2009 privind Codul civil, publicat\u0103 \u00een Monitorul Oficial al Rom\u00e2niei, Partea I, nr. 409 din data 10 iunie 2011<\/strong><\/a><\/span><\/p>\n<p style=\"text-align: center;\"><span style=\"color: #ff0000;\"><strong><a style=\"color: #ff0000;\" href=\"https:\/\/avp.ro\/wp-content\/uploads\/2021\/03\/Exc-art-107-al-1-si-art-109-al-1-Lg-46-2008-1.pdf\">Excep\u021bia de neconstitu\u021bionalitate a prevederilor art. 107 alin. (1<sup>1<\/sup>) \u0219i art. 109 alin. (1<sup>1<\/sup>) din Legea nr. 46\/2008 privind Codul silvic, astfel cum au fost inserate prin Legea nr. 197\/2020 pentru modificarea \u0219i completarea Legii nr. 46\/2008 \u2013 Codul silvic<\/a><\/strong><\/span><\/p>\n<p style=\"text-align: center;\"><span style=\"color: #ff0000;\"><strong><a style=\"color: #ff0000;\" href=\"https:\/\/avp.ro\/wp-content\/uploads\/2021\/02\/Exc-art-4-Lg-62-2011-art-29-alin-1-lit-e-Lg-80-1995.pdf\">Excep\u021bie de neconstitu\u021bionalitate a dispozi\u021biilor art. 4 din Legea nr. 62\/2011 a dialogului social, republicat\u0103, cu modific\u0103rile \u0219i complet\u0103rile ulterioare, cu referire la personalul militar, precum \u0219i sintagma \u201ecu excep\u021bia celor sindicale\u201d din cuprinsul dispozi\u021biilor art. 29 alin. (1) lit. e) din Legea nr. 85\/1995 privind statutul cadrelor militare, cu modific\u0103rile \u0219i complet\u0103rile ulterioare<\/a><\/strong><\/span><\/p>\n","protected":false},"excerpt":{"rendered":"<p>&nbsp; &nbsp; Excep\u021bie de neconstitu\u021bionalitate a prevederilor art. 26 alin. (1) din Ordonan\u021ba de urgen\u0163\u0103 a Guvernului nr. 158\/2005 privind concediile \u0219i indemniza\u021biile de asigur\u0103ri sociale de s\u0103n\u0103tate, modificat\u0103 \u0219i&hellip; <\/p>\n","protected":false},"author":1,"featured_media":0,"parent":0,"menu_order":0,"comment_status":"closed","ping_status":"closed","template":"","meta":{"footnotes":""},"class_list":["post-2769","page","type-page","status-publish","hentry"],"yoast_head":"<!-- This site is optimized with the Yoast SEO plugin v27.4 - https:\/\/yoast.com\/product\/yoast-seo-wordpress\/ -->\n<title>Excep\u021bii de neconstitu\u021bionalitate 2021 - Institu\u021bia Avocatul Poporului<\/title>\n<meta name=\"robots\" content=\"index, follow, max-snippet:-1, max-image-preview:large, max-video-preview:-1\" \/>\n<link rel=\"canonical\" href=\"https:\/\/avp.ro\/index.php\/exceptii-de-neconstitutionalitate-2021\/\" \/>\n<meta property=\"og:locale\" content=\"en_US\" \/>\n<meta property=\"og:type\" content=\"article\" \/>\n<meta property=\"og:title\" content=\"Excep\u021bii de neconstitu\u021bionalitate 2021 - Institu\u021bia Avocatul Poporului\" \/>\n<meta property=\"og:description\" content=\"&nbsp; &nbsp; Excep\u021bie de neconstitu\u021bionalitate a prevederilor art. 26 alin. (1) din Ordonan\u021ba de urgen\u0163\u0103 a Guvernului nr. 158\/2005 privind concediile \u0219i indemniza\u021biile de asigur\u0103ri sociale de s\u0103n\u0103tate, modificat\u0103 \u0219i&hellip;\" \/>\n<meta property=\"og:url\" content=\"https:\/\/avp.ro\/index.php\/exceptii-de-neconstitutionalitate-2021\/\" \/>\n<meta property=\"og:site_name\" content=\"Institu\u021bia Avocatul Poporului\" \/>\n<meta property=\"article:modified_time\" content=\"2021-11-10T13:17:42+00:00\" \/>\n<meta name=\"twitter:card\" content=\"summary_large_image\" \/>\n<meta name=\"twitter:label1\" content=\"Est. reading time\" \/>\n\t<meta name=\"twitter:data1\" content=\"2 minutes\" \/>\n<script type=\"application\/ld+json\" class=\"yoast-schema-graph\">{\"@context\":\"https:\\\/\\\/schema.org\",\"@graph\":[{\"@type\":\"WebPage\",\"@id\":\"https:\\\/\\\/avp.ro\\\/index.php\\\/exceptii-de-neconstitutionalitate-2021\\\/\",\"url\":\"https:\\\/\\\/avp.ro\\\/index.php\\\/exceptii-de-neconstitutionalitate-2021\\\/\",\"name\":\"Excep\u021bii de neconstitu\u021bionalitate 2021 - Institu\u021bia Avocatul Poporului\",\"isPartOf\":{\"@id\":\"https:\\\/\\\/avp.ro\\\/#website\"},\"datePublished\":\"2021-02-24T12:54:21+00:00\",\"dateModified\":\"2021-11-10T13:17:42+00:00\",\"breadcrumb\":{\"@id\":\"https:\\\/\\\/avp.ro\\\/index.php\\\/exceptii-de-neconstitutionalitate-2021\\\/#breadcrumb\"},\"inLanguage\":\"en-US\",\"potentialAction\":[{\"@type\":\"ReadAction\",\"target\":[\"https:\\\/\\\/avp.ro\\\/index.php\\\/exceptii-de-neconstitutionalitate-2021\\\/\"]}]},{\"@type\":\"BreadcrumbList\",\"@id\":\"https:\\\/\\\/avp.ro\\\/index.php\\\/exceptii-de-neconstitutionalitate-2021\\\/#breadcrumb\",\"itemListElement\":[{\"@type\":\"ListItem\",\"position\":1,\"name\":\"Home\",\"item\":\"https:\\\/\\\/avp.ro\\\/\"},{\"@type\":\"ListItem\",\"position\":2,\"name\":\"Excep\u021bii de neconstitu\u021bionalitate 2021\"}]},{\"@type\":\"WebSite\",\"@id\":\"https:\\\/\\\/avp.ro\\\/#website\",\"url\":\"https:\\\/\\\/avp.ro\\\/\",\"name\":\"Institu\u021bia Avocatul Poporului\",\"description\":\"People\u2019s Advocate institution - Office of the Ombudsman\",\"publisher\":{\"@id\":\"https:\\\/\\\/avp.ro\\\/#organization\"},\"potentialAction\":[{\"@type\":\"SearchAction\",\"target\":{\"@type\":\"EntryPoint\",\"urlTemplate\":\"https:\\\/\\\/avp.ro\\\/?s={search_term_string}\"},\"query-input\":{\"@type\":\"PropertyValueSpecification\",\"valueRequired\":true,\"valueName\":\"search_term_string\"}}],\"inLanguage\":\"en-US\"},{\"@type\":\"Organization\",\"@id\":\"https:\\\/\\\/avp.ro\\\/#organization\",\"name\":\"Institutia Avocatul Poporului\",\"url\":\"https:\\\/\\\/avp.ro\\\/\",\"logo\":{\"@type\":\"ImageObject\",\"inLanguage\":\"en-US\",\"@id\":\"https:\\\/\\\/avp.ro\\\/#\\\/schema\\\/logo\\\/image\\\/\",\"url\":\"https:\\\/\\\/avp.ro\\\/wp-content\\\/uploads\\\/2020\\\/09\\\/cropped-AP.jpg\",\"contentUrl\":\"https:\\\/\\\/avp.ro\\\/wp-content\\\/uploads\\\/2020\\\/09\\\/cropped-AP.jpg\",\"width\":160,\"height\":146,\"caption\":\"Institutia Avocatul Poporului\"},\"image\":{\"@id\":\"https:\\\/\\\/avp.ro\\\/#\\\/schema\\\/logo\\\/image\\\/\"}}]}<\/script>\n<!-- \/ Yoast SEO plugin. -->","yoast_head_json":{"title":"Excep\u021bii de neconstitu\u021bionalitate 2021 - Institu\u021bia Avocatul Poporului","robots":{"index":"index","follow":"follow","max-snippet":"max-snippet:-1","max-image-preview":"max-image-preview:large","max-video-preview":"max-video-preview:-1"},"canonical":"https:\/\/avp.ro\/index.php\/exceptii-de-neconstitutionalitate-2021\/","og_locale":"en_US","og_type":"article","og_title":"Excep\u021bii de neconstitu\u021bionalitate 2021 - Institu\u021bia Avocatul Poporului","og_description":"&nbsp; &nbsp; Excep\u021bie de neconstitu\u021bionalitate a prevederilor art. 26 alin. (1) din Ordonan\u021ba de urgen\u0163\u0103 a Guvernului nr. 158\/2005 privind concediile \u0219i indemniza\u021biile de asigur\u0103ri sociale de s\u0103n\u0103tate, modificat\u0103 \u0219i&hellip;","og_url":"https:\/\/avp.ro\/index.php\/exceptii-de-neconstitutionalitate-2021\/","og_site_name":"Institu\u021bia Avocatul Poporului","article_modified_time":"2021-11-10T13:17:42+00:00","twitter_card":"summary_large_image","twitter_misc":{"Est. reading time":"2 minutes"},"schema":{"@context":"https:\/\/schema.org","@graph":[{"@type":"WebPage","@id":"https:\/\/avp.ro\/index.php\/exceptii-de-neconstitutionalitate-2021\/","url":"https:\/\/avp.ro\/index.php\/exceptii-de-neconstitutionalitate-2021\/","name":"Excep\u021bii de neconstitu\u021bionalitate 2021 - Institu\u021bia Avocatul Poporului","isPartOf":{"@id":"https:\/\/avp.ro\/#website"},"datePublished":"2021-02-24T12:54:21+00:00","dateModified":"2021-11-10T13:17:42+00:00","breadcrumb":{"@id":"https:\/\/avp.ro\/index.php\/exceptii-de-neconstitutionalitate-2021\/#breadcrumb"},"inLanguage":"en-US","potentialAction":[{"@type":"ReadAction","target":["https:\/\/avp.ro\/index.php\/exceptii-de-neconstitutionalitate-2021\/"]}]},{"@type":"BreadcrumbList","@id":"https:\/\/avp.ro\/index.php\/exceptii-de-neconstitutionalitate-2021\/#breadcrumb","itemListElement":[{"@type":"ListItem","position":1,"name":"Home","item":"https:\/\/avp.ro\/"},{"@type":"ListItem","position":2,"name":"Excep\u021bii de neconstitu\u021bionalitate 2021"}]},{"@type":"WebSite","@id":"https:\/\/avp.ro\/#website","url":"https:\/\/avp.ro\/","name":"Institu\u021bia Avocatul Poporului","description":"People\u2019s Advocate institution - Office of the Ombudsman","publisher":{"@id":"https:\/\/avp.ro\/#organization"},"potentialAction":[{"@type":"SearchAction","target":{"@type":"EntryPoint","urlTemplate":"https:\/\/avp.ro\/?s={search_term_string}"},"query-input":{"@type":"PropertyValueSpecification","valueRequired":true,"valueName":"search_term_string"}}],"inLanguage":"en-US"},{"@type":"Organization","@id":"https:\/\/avp.ro\/#organization","name":"Institutia Avocatul Poporului","url":"https:\/\/avp.ro\/","logo":{"@type":"ImageObject","inLanguage":"en-US","@id":"https:\/\/avp.ro\/#\/schema\/logo\/image\/","url":"https:\/\/avp.ro\/wp-content\/uploads\/2020\/09\/cropped-AP.jpg","contentUrl":"https:\/\/avp.ro\/wp-content\/uploads\/2020\/09\/cropped-AP.jpg","width":160,"height":146,"caption":"Institutia Avocatul Poporului"},"image":{"@id":"https:\/\/avp.ro\/#\/schema\/logo\/image\/"}}]}},"_links":{"self":[{"href":"https:\/\/avp.ro\/index.php\/wp-json\/wp\/v2\/pages\/2769","targetHints":{"allow":["GET"]}}],"collection":[{"href":"https:\/\/avp.ro\/index.php\/wp-json\/wp\/v2\/pages"}],"about":[{"href":"https:\/\/avp.ro\/index.php\/wp-json\/wp\/v2\/types\/page"}],"author":[{"embeddable":true,"href":"https:\/\/avp.ro\/index.php\/wp-json\/wp\/v2\/users\/1"}],"replies":[{"embeddable":true,"href":"https:\/\/avp.ro\/index.php\/wp-json\/wp\/v2\/comments?post=2769"}],"version-history":[{"count":23,"href":"https:\/\/avp.ro\/index.php\/wp-json\/wp\/v2\/pages\/2769\/revisions"}],"predecessor-version":[{"id":4705,"href":"https:\/\/avp.ro\/index.php\/wp-json\/wp\/v2\/pages\/2769\/revisions\/4705"}],"wp:attachment":[{"href":"https:\/\/avp.ro\/index.php\/wp-json\/wp\/v2\/media?parent=2769"}],"curies":[{"name":"wp","href":"https:\/\/api.w.org\/{rel}","templated":true}]}}