{"id":3436,"date":"2021-05-13T13:27:27","date_gmt":"2021-05-13T11:27:27","guid":{"rendered":"https:\/\/avp.ro\/?page_id=3436"},"modified":"2021-12-22T14:48:10","modified_gmt":"2021-12-22T12:48:10","slug":"centre-pentru-migranti-2021","status":"publish","type":"page","link":"https:\/\/avp.ro\/index.php\/centre-pentru-migranti-2021\/","title":{"rendered":"CENTRE PENTRU MIGRAN\u021aI 2021"},"content":{"rendered":"<p>&nbsp;<\/p>\n<p><strong>CENTRE PENTRU MIGRAN\u021aI<\/strong><\/p>\n<p>&nbsp;<\/p>\n<p>2. <a href=\"https:\/\/avp.ro\/wp-content\/uploads\/2021\/11\/Centrul-de-Cazare-a-Strainilor-Luati-in-Custodie-Publica-Otopeni.pdf\">Raport privind vizita efectuat\u0103 la Centrul de Cazare a Str\u0103inilor Lua\u021bi \u00een Custodie Public\u0103 Otopeni<\/a><\/p>\n<p style=\"padding-left: 40px;\"><a href=\"https:\/\/avp.ro\/wp-content\/uploads\/2021\/12\/Raspuns-Inspectoratul-General-pentru-Imigrari.pdf\">&#8211; R\u0103spunsul Inspectoratului General pentru Imigr\u0103ri<\/a><\/p>\n<p>1. <a href=\"https:\/\/avp.ro\/wp-content\/uploads\/2021\/09\/Raport-Centrul-Regional-de-Proceduri-si-Cazare-pentru-Solicitantii-de-Azil-Timisoara.pdf\">Raport privind vizita efectuat\u0103 la Centrul Regional de Proceduri \u0219i Cazare pentru Solicitan\u0163ii de Azil Timi\u015foara<\/a><\/p>\n<p style=\"padding-left: 40px;\"><a href=\"https:\/\/avp.ro\/wp-content\/uploads\/2021\/11\/Raspuns-IGI-CRCPSA-Timisoara.pdf\">&#8211; R\u0103spunsul primit de la Inspectoratul General pentru Imigr\u0103ri<\/a><\/p>\n","protected":false},"excerpt":{"rendered":"<p>&nbsp; CENTRE PENTRU MIGRAN\u021aI &nbsp; 2. Raport privind vizita efectuat\u0103 la Centrul de Cazare a Str\u0103inilor Lua\u021bi \u00een Custodie Public\u0103 Otopeni &#8211; R\u0103spunsul Inspectoratului General pentru Imigr\u0103ri 1. Raport privind&hellip; <\/p>\n","protected":false},"author":1,"featured_media":0,"parent":0,"menu_order":0,"comment_status":"closed","ping_status":"closed","template":"","meta":{"footnotes":""},"class_list":["post-3436","page","type-page","status-publish","hentry"],"yoast_head":"<!-- This site is optimized with the Yoast SEO plugin v27.4 - https:\/\/yoast.com\/product\/yoast-seo-wordpress\/ -->\n<title>CENTRE PENTRU MIGRAN\u021aI 2021 - Institu\u021bia Avocatul Poporului<\/title>\n<meta name=\"robots\" content=\"index, follow, max-snippet:-1, max-image-preview:large, max-video-preview:-1\" \/>\n<link rel=\"canonical\" href=\"https:\/\/avp.ro\/index.php\/centre-pentru-migranti-2021\/\" \/>\n<meta property=\"og:locale\" content=\"en_US\" \/>\n<meta property=\"og:type\" content=\"article\" \/>\n<meta property=\"og:title\" content=\"CENTRE PENTRU MIGRAN\u021aI 2021 - Institu\u021bia Avocatul Poporului\" \/>\n<meta property=\"og:description\" content=\"&nbsp; CENTRE PENTRU MIGRAN\u021aI &nbsp; 2. Raport privind vizita efectuat\u0103 la Centrul de Cazare a Str\u0103inilor Lua\u021bi \u00een Custodie Public\u0103 Otopeni &#8211; R\u0103spunsul Inspectoratului General pentru Imigr\u0103ri 1. Raport privind&hellip;\" \/>\n<meta property=\"og:url\" content=\"https:\/\/avp.ro\/index.php\/centre-pentru-migranti-2021\/\" \/>\n<meta property=\"og:site_name\" content=\"Institu\u021bia Avocatul Poporului\" \/>\n<meta property=\"article:modified_time\" content=\"2021-12-22T12:48:10+00:00\" \/>\n<meta name=\"twitter:card\" content=\"summary_large_image\" \/>\n<meta name=\"twitter:label1\" content=\"Est. reading time\" \/>\n\t<meta name=\"twitter:data1\" content=\"1 minute\" \/>\n<script type=\"application\/ld+json\" class=\"yoast-schema-graph\">{\"@context\":\"https:\\\/\\\/schema.org\",\"@graph\":[{\"@type\":\"WebPage\",\"@id\":\"https:\\\/\\\/avp.ro\\\/index.php\\\/centre-pentru-migranti-2021\\\/\",\"url\":\"https:\\\/\\\/avp.ro\\\/index.php\\\/centre-pentru-migranti-2021\\\/\",\"name\":\"CENTRE PENTRU MIGRAN\u021aI 2021 - Institu\u021bia Avocatul Poporului\",\"isPartOf\":{\"@id\":\"https:\\\/\\\/avp.ro\\\/#website\"},\"datePublished\":\"2021-05-13T11:27:27+00:00\",\"dateModified\":\"2021-12-22T12:48:10+00:00\",\"breadcrumb\":{\"@id\":\"https:\\\/\\\/avp.ro\\\/index.php\\\/centre-pentru-migranti-2021\\\/#breadcrumb\"},\"inLanguage\":\"en-US\",\"potentialAction\":[{\"@type\":\"ReadAction\",\"target\":[\"https:\\\/\\\/avp.ro\\\/index.php\\\/centre-pentru-migranti-2021\\\/\"]}]},{\"@type\":\"BreadcrumbList\",\"@id\":\"https:\\\/\\\/avp.ro\\\/index.php\\\/centre-pentru-migranti-2021\\\/#breadcrumb\",\"itemListElement\":[{\"@type\":\"ListItem\",\"position\":1,\"name\":\"Home\",\"item\":\"https:\\\/\\\/avp.ro\\\/\"},{\"@type\":\"ListItem\",\"position\":2,\"name\":\"CENTRE PENTRU MIGRAN\u021aI 2021\"}]},{\"@type\":\"WebSite\",\"@id\":\"https:\\\/\\\/avp.ro\\\/#website\",\"url\":\"https:\\\/\\\/avp.ro\\\/\",\"name\":\"Institu\u021bia Avocatul Poporului\",\"description\":\"People\u2019s Advocate institution - Office of the Ombudsman\",\"publisher\":{\"@id\":\"https:\\\/\\\/avp.ro\\\/#organization\"},\"potentialAction\":[{\"@type\":\"SearchAction\",\"target\":{\"@type\":\"EntryPoint\",\"urlTemplate\":\"https:\\\/\\\/avp.ro\\\/?s={search_term_string}\"},\"query-input\":{\"@type\":\"PropertyValueSpecification\",\"valueRequired\":true,\"valueName\":\"search_term_string\"}}],\"inLanguage\":\"en-US\"},{\"@type\":\"Organization\",\"@id\":\"https:\\\/\\\/avp.ro\\\/#organization\",\"name\":\"Institutia Avocatul Poporului\",\"url\":\"https:\\\/\\\/avp.ro\\\/\",\"logo\":{\"@type\":\"ImageObject\",\"inLanguage\":\"en-US\",\"@id\":\"https:\\\/\\\/avp.ro\\\/#\\\/schema\\\/logo\\\/image\\\/\",\"url\":\"https:\\\/\\\/avp.ro\\\/wp-content\\\/uploads\\\/2020\\\/09\\\/cropped-AP.jpg\",\"contentUrl\":\"https:\\\/\\\/avp.ro\\\/wp-content\\\/uploads\\\/2020\\\/09\\\/cropped-AP.jpg\",\"width\":160,\"height\":146,\"caption\":\"Institutia Avocatul Poporului\"},\"image\":{\"@id\":\"https:\\\/\\\/avp.ro\\\/#\\\/schema\\\/logo\\\/image\\\/\"}}]}<\/script>\n<!-- \/ Yoast SEO plugin. -->","yoast_head_json":{"title":"CENTRE PENTRU MIGRAN\u021aI 2021 - Institu\u021bia Avocatul Poporului","robots":{"index":"index","follow":"follow","max-snippet":"max-snippet:-1","max-image-preview":"max-image-preview:large","max-video-preview":"max-video-preview:-1"},"canonical":"https:\/\/avp.ro\/index.php\/centre-pentru-migranti-2021\/","og_locale":"en_US","og_type":"article","og_title":"CENTRE PENTRU MIGRAN\u021aI 2021 - Institu\u021bia Avocatul Poporului","og_description":"&nbsp; CENTRE PENTRU MIGRAN\u021aI &nbsp; 2. Raport privind vizita efectuat\u0103 la Centrul de Cazare a Str\u0103inilor Lua\u021bi \u00een Custodie Public\u0103 Otopeni &#8211; R\u0103spunsul Inspectoratului General pentru Imigr\u0103ri 1. Raport privind&hellip;","og_url":"https:\/\/avp.ro\/index.php\/centre-pentru-migranti-2021\/","og_site_name":"Institu\u021bia Avocatul Poporului","article_modified_time":"2021-12-22T12:48:10+00:00","twitter_card":"summary_large_image","twitter_misc":{"Est. reading time":"1 minute"},"schema":{"@context":"https:\/\/schema.org","@graph":[{"@type":"WebPage","@id":"https:\/\/avp.ro\/index.php\/centre-pentru-migranti-2021\/","url":"https:\/\/avp.ro\/index.php\/centre-pentru-migranti-2021\/","name":"CENTRE PENTRU MIGRAN\u021aI 2021 - Institu\u021bia Avocatul Poporului","isPartOf":{"@id":"https:\/\/avp.ro\/#website"},"datePublished":"2021-05-13T11:27:27+00:00","dateModified":"2021-12-22T12:48:10+00:00","breadcrumb":{"@id":"https:\/\/avp.ro\/index.php\/centre-pentru-migranti-2021\/#breadcrumb"},"inLanguage":"en-US","potentialAction":[{"@type":"ReadAction","target":["https:\/\/avp.ro\/index.php\/centre-pentru-migranti-2021\/"]}]},{"@type":"BreadcrumbList","@id":"https:\/\/avp.ro\/index.php\/centre-pentru-migranti-2021\/#breadcrumb","itemListElement":[{"@type":"ListItem","position":1,"name":"Home","item":"https:\/\/avp.ro\/"},{"@type":"ListItem","position":2,"name":"CENTRE PENTRU MIGRAN\u021aI 2021"}]},{"@type":"WebSite","@id":"https:\/\/avp.ro\/#website","url":"https:\/\/avp.ro\/","name":"Institu\u021bia Avocatul Poporului","description":"People\u2019s Advocate institution - Office of the Ombudsman","publisher":{"@id":"https:\/\/avp.ro\/#organization"},"potentialAction":[{"@type":"SearchAction","target":{"@type":"EntryPoint","urlTemplate":"https:\/\/avp.ro\/?s={search_term_string}"},"query-input":{"@type":"PropertyValueSpecification","valueRequired":true,"valueName":"search_term_string"}}],"inLanguage":"en-US"},{"@type":"Organization","@id":"https:\/\/avp.ro\/#organization","name":"Institutia Avocatul Poporului","url":"https:\/\/avp.ro\/","logo":{"@type":"ImageObject","inLanguage":"en-US","@id":"https:\/\/avp.ro\/#\/schema\/logo\/image\/","url":"https:\/\/avp.ro\/wp-content\/uploads\/2020\/09\/cropped-AP.jpg","contentUrl":"https:\/\/avp.ro\/wp-content\/uploads\/2020\/09\/cropped-AP.jpg","width":160,"height":146,"caption":"Institutia Avocatul Poporului"},"image":{"@id":"https:\/\/avp.ro\/#\/schema\/logo\/image\/"}}]}},"_links":{"self":[{"href":"https:\/\/avp.ro\/index.php\/wp-json\/wp\/v2\/pages\/3436","targetHints":{"allow":["GET"]}}],"collection":[{"href":"https:\/\/avp.ro\/index.php\/wp-json\/wp\/v2\/pages"}],"about":[{"href":"https:\/\/avp.ro\/index.php\/wp-json\/wp\/v2\/types\/page"}],"author":[{"embeddable":true,"href":"https:\/\/avp.ro\/index.php\/wp-json\/wp\/v2\/users\/1"}],"replies":[{"embeddable":true,"href":"https:\/\/avp.ro\/index.php\/wp-json\/wp\/v2\/comments?post=3436"}],"version-history":[{"count":7,"href":"https:\/\/avp.ro\/index.php\/wp-json\/wp\/v2\/pages\/3436\/revisions"}],"predecessor-version":[{"id":4996,"href":"https:\/\/avp.ro\/index.php\/wp-json\/wp\/v2\/pages\/3436\/revisions\/4996"}],"wp:attachment":[{"href":"https:\/\/avp.ro\/index.php\/wp-json\/wp\/v2\/media?parent=3436"}],"curies":[{"name":"wp","href":"https:\/\/api.w.org\/{rel}","templated":true}]}}

CENTRE PENTRU MIGRANȚI 2021

<p>&nbsp;</p>
<p><strong>CENTRE PENTRU MIGRANȚI</strong></p>
<p>&nbsp;</p>
<p>2. <a href="https://avp.ro/wp-content/uploads/2021/11/Centrul-de-Cazare-a-Strainilor-Luati-in-Custodie-Publica-Otopeni.pdf">Raport privind vizita efectuată la Centrul de Cazare a Străinilor Luați în Custodie Publică Otopeni</a></p>
<p style="padding-left: 40px;"><a href="https://avp.ro/wp-content/uploads/2021/12/Raspuns-Inspectoratul-General-pentru-Imigrari.pdf">&#8211; Răspunsul Inspectoratului General pentru Imigrări</a></p>
<p>1. <a href="https://avp.ro/wp-content/uploads/2021/09/Raport-Centrul-Regional-de-Proceduri-si-Cazare-pentru-Solicitantii-de-Azil-Timisoara.pdf">Raport privind vizita efectuată la Centrul Regional de Proceduri și Cazare pentru Solicitanţii de Azil Timişoara</a></p>
<p style="padding-left: 40px;"><a href="https://avp.ro/wp-content/uploads/2021/11/Raspuns-IGI-CRCPSA-Timisoara.pdf">&#8211; Răspunsul primit de la Inspectoratul General pentru Imigrări</a></p>

<p>&nbsp; CENTRE PENTRU MIGRANȚI &nbsp; 2. Raport privind vizita efectuată la Centrul de Cazare a Străinilor Luați în Custodie Publică Otopeni &#8211; Răspunsul Inspectoratului General pentru Imigrări 1. Raport privind&hellip; </p>

<!-- This site is optimized with the Yoast SEO plugin v27.4 - https://yoast.com/product/yoast-seo-wordpress/ -->
<title>CENTRE PENTRU MIGRANȚI 2021 - Instituția Avocatul Poporului</title>
<meta name="robots" content="index, follow, max-snippet:-1, max-image-preview:large, max-video-preview:-1" />
<link rel="canonical" href="https://avp.ro/index.php/centre-pentru-migranti-2021/" />
<meta property="og:locale" content="en_US" />
<meta property="og:type" content="article" />
<meta property="og:title" content="CENTRE PENTRU MIGRANȚI 2021 - Instituția Avocatul Poporului" />
<meta property="og:description" content="&nbsp; CENTRE PENTRU MIGRANȚI &nbsp; 2. Raport privind vizita efectuată la Centrul de Cazare a Străinilor Luați în Custodie Publică Otopeni &#8211; Răspunsul Inspectoratului General pentru Imigrări 1. Raport privind&hellip;" />
<meta property="og:url" content="https://avp.ro/index.php/centre-pentru-migranti-2021/" />
<meta property="og:site_name" content="Instituția Avocatul Poporului" />
<meta property="article:modified_time" content="2021-12-22T12:48:10+00:00" />
<meta name="twitter:card" content="summary_large_image" />
<meta name="twitter:label1" content="Est. reading time" />
	<meta name="twitter:data1" content="1 minute" />
<script type="application/ld+json" class="yoast-schema-graph">{"@context":"https:\/\/schema.org","@graph":[{"@type":"WebPage","@id":"https:\/\/avp.ro\/index.php\/centre-pentru-migranti-2021\/","url":"https:\/\/avp.ro\/index.php\/centre-pentru-migranti-2021\/","name":"CENTRE PENTRU MIGRANȚI 2021 - Instituția Avocatul Poporului","isPartOf":{"@id":"https:\/\/avp.ro\/#website"},"datePublished":"2021-05-13T11:27:27+00:00","dateModified":"2021-12-22T12:48:10+00:00","breadcrumb":{"@id":"https:\/\/avp.ro\/index.php\/centre-pentru-migranti-2021\/#breadcrumb"},"inLanguage":"en-US","potentialAction":[{"@type":"ReadAction","target":["https:\/\/avp.ro\/index.php\/centre-pentru-migranti-2021\/"]}]},{"@type":"BreadcrumbList","@id":"https:\/\/avp.ro\/index.php\/centre-pentru-migranti-2021\/#breadcrumb","itemListElement":[{"@type":"ListItem","position":1,"name":"Home","item":"https:\/\/avp.ro\/"},{"@type":"ListItem","position":2,"name":"CENTRE PENTRU MIGRANȚI 2021"}]},{"@type":"WebSite","@id":"https:\/\/avp.ro\/#website","url":"https:\/\/avp.ro\/","name":"Instituția Avocatul Poporului","description":"People’s Advocate institution - Office of the Ombudsman","publisher":{"@id":"https:\/\/avp.ro\/#organization"},"potentialAction":[{"@type":"SearchAction","target":{"@type":"EntryPoint","urlTemplate":"https:\/\/avp.ro\/?s={search_term_string}"},"query-input":{"@type":"PropertyValueSpecification","valueRequired":true,"valueName":"search_term_string"}}],"inLanguage":"en-US"},{"@type":"Organization","@id":"https:\/\/avp.ro\/#organization","name":"Institutia Avocatul Poporului","url":"https:\/\/avp.ro\/","logo":{"@type":"ImageObject","inLanguage":"en-US","@id":"https:\/\/avp.ro\/#\/schema\/logo\/image\/","url":"https:\/\/avp.ro\/wp-content\/uploads\/2020\/09\/cropped-AP.jpg","contentUrl":"https:\/\/avp.ro\/wp-content\/uploads\/2020\/09\/cropped-AP.jpg","width":160,"height":146,"caption":"Institutia Avocatul Poporului"},"image":{"@id":"https:\/\/avp.ro\/#\/schema\/logo\/image\/"}}]}</script>
<!-- / Yoast SEO plugin. -->

CENTRE PENTRU MIGRANȚI 2021 - Instituția Avocatul Poporului

&nbsp; CENTRE PENTRU MIGRANȚI &nbsp; 2. Raport privind vizita efectuată la Centrul de Cazare a Străinilor Luați în Custodie Publică Otopeni &#8211; Răspunsul Inspectoratului General pentru Imigrări 1. Raport privind&hellip;

Instituția Avocatul Poporului
