{"id":3822,"date":"2021-06-17T16:45:39","date_gmt":"2021-06-17T14:45:39","guid":{"rendered":"https:\/\/avp.ro\/?page_id=3822"},"modified":"2021-06-17T17:02:17","modified_gmt":"2021-06-17T15:02:17","slug":"exceptii-de-neconstitutionalitate-2019","status":"publish","type":"page","link":"https:\/\/avp.ro\/index.php\/exceptii-de-neconstitutionalitate-2019\/","title":{"rendered":"Exceptii de neconstitutionalitate 2019"},"content":{"rendered":"<p>&nbsp;<\/p>\n<p>&nbsp;<\/p>\n<p style=\"text-align: center;\"><strong><a href=\"https:\/\/avp.ro\/wp-content\/uploads\/2021\/06\/exceptia12_2019.pdf\">12.Excep\u021bie de neconstitu\u021bionalitate <\/a><\/strong><\/p>\n<p style=\"text-align: center;\"><a href=\"https:\/\/avp.ro\/wp-content\/uploads\/2021\/06\/exceptia12_2019.pdf\">a prevederilor art. 87 alin. (2) din Legea nr. 304\/2004 privind organizarea judiciar\u0103, republicat\u0103 \u0219i modificat\u0103<\/a><\/p>\n<p style=\"text-align: center;\"><a href=\"https:\/\/avp.ro\/wp-content\/uploads\/2021\/06\/exceptia11_2019.pdf\"><strong>11.Excep\u021bie<\/strong> de <strong>neconstitu\u021bionalitate<\/strong><\/a><\/p>\n<p style=\"text-align: center;\"><a href=\"https:\/\/avp.ro\/wp-content\/uploads\/2021\/06\/exceptia11_2019.pdf\"> a prevederilor art. 17 alin. (1) lit. b) din Ordonan\u021ba de urgen\u0163\u0103 a Guvernului nr. 111\/2010 privind concediul \u0219i indemniza\u021bia lunar\u0103 pentru cre\u0219terea copiilor, cu modific\u0103rile \u0219i complet\u0103rile ulterioare<\/a><\/p>\n<p style=\"text-align: center;\"><strong><a href=\"https:\/\/avp.ro\/wp-content\/uploads\/2021\/06\/exceptia10_2019.pdf\">10.Excep\u021bie de neconstitu\u021bionalitate<\/a><\/strong><\/p>\n<p style=\"text-align: center;\"><a href=\"https:\/\/avp.ro\/wp-content\/uploads\/2021\/06\/exceptia10_2019.pdf\"> referitoare la prevederile art. 90 alin. (2) din Legea nr. 127\/2019 privind sistemul public de pensii<\/a><\/p>\n<p style=\"text-align: center;\"><strong><a href=\"https:\/\/avp.ro\/wp-content\/uploads\/2021\/06\/exceptia9_2019.pdf\">9.Excep\u021bie de neconstitu\u021bionalitate<\/a><\/strong><\/p>\n<p style=\"text-align: center;\"><a href=\"https:\/\/avp.ro\/wp-content\/uploads\/2021\/06\/exceptia9_2019.pdf\"> referitoare la prevederile art. 19 alin. (3), art. 29 alin. (1), art. 31 alin. (1) lit. c) \u0219i art. 52 alin. (1) din Legea nr. 304\/2004 privind organizarea judiciar\u0103, republicat\u0103, cu modific\u0103rile \u0219i complet\u0103rile ulterioare<\/a><\/p>\n<p style=\"text-align: center;\"><strong><a href=\"https:\/\/avp.ro\/wp-content\/uploads\/2021\/06\/exceptia8_2019.pdf\">8.Excep\u021bie de neconstitu\u021bionalitate<\/a><\/strong><\/p>\n<p style=\"text-align: center;\"><a href=\"https:\/\/avp.ro\/wp-content\/uploads\/2021\/06\/exceptia8_2019.pdf\"> referitoare la prevederile Ordonan\u021bei de urgen\u021b\u0103 a Guvernului nr. 53\/2019 privind aprobarea Programului multianual de finan\u0163are a investi\u0163iilor pentru modernizarea, reabilitarea, retehnologizarea \u015fi extinderea sau \u00eenfiin\u0163area sistemelor de alimentare centralizat\u0103 cu energie termic\u0103 a localit\u0103\u0163ilor \u015fi pentru modificarea \u015fi completarea Legii serviciilor comunitare de utilit\u0103\u0163i publice nr. 51\/2006, \u00een ansamblul s\u0103u, \u015fi, \u00een special, la dispozi\u0163iile art. II din acela\u015fi act normativ<\/a><\/p>\n<p style=\"text-align: center;\"><strong><a href=\"https:\/\/avp.ro\/wp-content\/uploads\/2021\/06\/exceptia7_2019.pdf\">7.Excep\u021bie de neconstitu\u0163ionalitate<\/a><\/strong><\/p>\n<p style=\"text-align: center;\"><a href=\"https:\/\/avp.ro\/wp-content\/uploads\/2021\/06\/exceptia7_2019.pdf\"> referitoare la prevederile art. 2 alin. (1) lit. e), art. 4 alin. (2) \u0219i ale art. 27 alin. (2) lit. c) teza final\u0103 din Legea nr. 370\/2004 pentru alegerea Pre\u015fedintelui Rom\u00e2niei, republicat\u0103, cu modific\u0103rile \u0219i complet\u0103rile ulterioare,<\/a><\/p>\n<p style=\"text-align: center;\"><a href=\"https:\/\/avp.ro\/wp-content\/uploads\/2021\/06\/exceptia7_2019.pdf\">\u0219i Excep\u021bia de neconstitu\u021bionalitate av\u00e2nd ca obiect prevederile art. 118 alin. (2) din Legea nr. 208\/2015 privind alegerea Senatului \u0219i a Camerei Deputa\u021bilor, precum \u0219i pentru organizarea \u0219i func\u021bionarea Autorit\u0103\u021bii Electorale Permanente, modificat\u0103<\/a><\/p>\n<p style=\"text-align: center;\"><strong><a href=\"https:\/\/avp.ro\/wp-content\/uploads\/2021\/06\/exceptia6_2019.pdf\">6.Excep\u021bie de neconstitu\u021bionalitate<\/a><\/strong><\/p>\n<p style=\"text-align: center;\"><a href=\"https:\/\/avp.ro\/wp-content\/uploads\/2021\/06\/exceptia6_2019.pdf\"> referitoare la prevederile art. 104 alin. (3) ultima tez\u0103 lit. a) \u0219i b) din Ordonan\u021ba de urgen\u021b\u0103 a Guvernului nr. 195\/2002 privind circula\u0163ia pe drumurile publice, republicat\u0103, astfel cum au fost modificate \u0219i completate prin Legea nr. 130\/2019<\/a><\/p>\n<p style=\"text-align: center;\"><strong><a href=\"https:\/\/avp.ro\/wp-content\/uploads\/2021\/06\/exceptia5_2019.pdf\">5.Excep\u021bie de neconstitu\u021bionalitate<\/a><\/strong><\/p>\n<p style=\"text-align: center;\"><a href=\"https:\/\/avp.ro\/wp-content\/uploads\/2021\/06\/exceptia5_2019.pdf\"> referitoare la prevederile pct. 12 \u0219i pct. 13 din Legea nr.144\/2019 pentru modificarea \u015fi completarea Legii nr. 255\/2010 privind exproprierea pentru cauz\u0103 de utilitate public\u0103, necesar\u0103 realiz\u0103rii unor obiective de interes na\u0163ional, jude\u0163ean \u015fi local<\/a><\/p>\n<p style=\"text-align: center;\"><strong><a href=\"https:\/\/avp.ro\/wp-content\/uploads\/2021\/06\/exceptia4_2019.pdf\">4.Excep\u021bie de neconstitu\u021bionalitate<\/a><\/strong><\/p>\n<p style=\"text-align: center;\"><a href=\"https:\/\/avp.ro\/wp-content\/uploads\/2021\/06\/exceptia4_2019.pdf\"> a Ordonan\u021bei de urgen\u0163\u0103 a Guvernului nr. 62\/2019 pentru modificarea \u0219i completarea Ordonan\u021bei de urgen\u0163\u0103 a Guvernului nr. 34\/2008 privind organizarea \u0219i func\u021bionarea Sistemului na\u021bional unic pentru apeluri de urgen\u021b\u0103 \u0219i pentru completarea Ordonan\u0163ei de urgen\u021b\u0103 a Guvernului nr. 111\/2011 privind comunica\u021biile electronice<\/a><\/p>\n<p style=\"text-align: center;\"><strong><a href=\"https:\/\/avp.ro\/wp-content\/uploads\/2021\/06\/exceptia3_2019.pdf\">3.Excep\u021bie de neconstitu\u021bionalitate<\/a><\/strong><\/p>\n<p style=\"text-align: center;\"><a href=\"https:\/\/avp.ro\/wp-content\/uploads\/2021\/06\/exceptia3_2019.pdf\"> a prevederilor art. I pct. 4 din Ordonan\u021ba de urgen\u021b\u0103 a Guvernului nr. 60\/2017 pentru modificarea \u0219i completarea Legii nr. 448\/2006 privind protec\u021bia \u0219i promovarea drepturilor persoanelor cu handicap<\/a><\/p>\n<p style=\"text-align: center;\"><strong><a href=\"https:\/\/avp.ro\/wp-content\/uploads\/2021\/06\/exceptia2_2019.pdf\">2.Excep\u021bie de neconstitu\u021bionalitate<\/a><\/strong><\/p>\n<p style=\"text-align: center;\"><a href=\"https:\/\/avp.ro\/wp-content\/uploads\/2021\/06\/exceptia2_2019.pdf\"> a Ordonan\u021bei de urgen\u021b\u0103 a Guvernului nr. 57\/2019 privind Codul administrativ<\/a><\/p>\n<p style=\"text-align: center;\"><strong><a href=\"https:\/\/avp.ro\/wp-content\/uploads\/2021\/06\/exceptia1_2019.pdf\">1.Excep\u021bie de neconstitu\u021bionalitate<\/a><\/strong><\/p>\n<p style=\"text-align: center;\"><a href=\"https:\/\/avp.ro\/wp-content\/uploads\/2021\/06\/exceptia1_2019.pdf\"> referitoare la prevederile Ordonan\u021bei de urgen\u021b\u0103 a Guvernului nr. 51\/2019 pentru modificarea \u015fi completarea unor acte normative \u00een domeniul transportului de persoane\u00a0<\/a><\/p>\n","protected":false},"excerpt":{"rendered":"<p>&nbsp; &nbsp; 12.Excep\u021bie de neconstitu\u021bionalitate a prevederilor art. 87 alin. (2) din Legea nr. 304\/2004 privind organizarea judiciar\u0103, republicat\u0103 \u0219i modificat\u0103 11.Excep\u021bie de neconstitu\u021bionalitate a prevederilor art. 17 alin. (1)&hellip; <\/p>\n","protected":false},"author":1,"featured_media":0,"parent":0,"menu_order":0,"comment_status":"closed","ping_status":"closed","template":"","meta":{"footnotes":""},"class_list":["post-3822","page","type-page","status-publish","hentry"],"yoast_head":"<!-- This site is optimized with the Yoast SEO plugin v27.3 - https:\/\/yoast.com\/product\/yoast-seo-wordpress\/ -->\n<title>Exceptii de neconstitutionalitate 2019 - Institu\u021bia Avocatul Poporului<\/title>\n<meta name=\"robots\" content=\"index, follow, max-snippet:-1, max-image-preview:large, max-video-preview:-1\" \/>\n<link rel=\"canonical\" href=\"https:\/\/avp.ro\/index.php\/exceptii-de-neconstitutionalitate-2019\/\" \/>\n<meta property=\"og:locale\" content=\"en_US\" \/>\n<meta property=\"og:type\" content=\"article\" \/>\n<meta property=\"og:title\" content=\"Exceptii de neconstitutionalitate 2019 - Institu\u021bia Avocatul Poporului\" \/>\n<meta property=\"og:description\" content=\"&nbsp; &nbsp; 12.Excep\u021bie de neconstitu\u021bionalitate a prevederilor art. 87 alin. (2) din Legea nr. 304\/2004 privind organizarea judiciar\u0103, republicat\u0103 \u0219i modificat\u0103 11.Excep\u021bie de neconstitu\u021bionalitate a prevederilor art. 17 alin. (1)&hellip;\" \/>\n<meta property=\"og:url\" content=\"https:\/\/avp.ro\/index.php\/exceptii-de-neconstitutionalitate-2019\/\" \/>\n<meta property=\"og:site_name\" content=\"Institu\u021bia Avocatul Poporului\" \/>\n<meta property=\"article:modified_time\" content=\"2021-06-17T15:02:17+00:00\" \/>\n<meta name=\"twitter:card\" content=\"summary_large_image\" \/>\n<meta name=\"twitter:label1\" content=\"Est. reading time\" \/>\n\t<meta name=\"twitter:data1\" content=\"2 minutes\" \/>\n<script type=\"application\/ld+json\" class=\"yoast-schema-graph\">{\"@context\":\"https:\\\/\\\/schema.org\",\"@graph\":[{\"@type\":\"WebPage\",\"@id\":\"https:\\\/\\\/avp.ro\\\/index.php\\\/exceptii-de-neconstitutionalitate-2019\\\/\",\"url\":\"https:\\\/\\\/avp.ro\\\/index.php\\\/exceptii-de-neconstitutionalitate-2019\\\/\",\"name\":\"Exceptii de neconstitutionalitate 2019 - Institu\u021bia Avocatul Poporului\",\"isPartOf\":{\"@id\":\"https:\\\/\\\/avp.ro\\\/#website\"},\"datePublished\":\"2021-06-17T14:45:39+00:00\",\"dateModified\":\"2021-06-17T15:02:17+00:00\",\"breadcrumb\":{\"@id\":\"https:\\\/\\\/avp.ro\\\/index.php\\\/exceptii-de-neconstitutionalitate-2019\\\/#breadcrumb\"},\"inLanguage\":\"en-US\",\"potentialAction\":[{\"@type\":\"ReadAction\",\"target\":[\"https:\\\/\\\/avp.ro\\\/index.php\\\/exceptii-de-neconstitutionalitate-2019\\\/\"]}]},{\"@type\":\"BreadcrumbList\",\"@id\":\"https:\\\/\\\/avp.ro\\\/index.php\\\/exceptii-de-neconstitutionalitate-2019\\\/#breadcrumb\",\"itemListElement\":[{\"@type\":\"ListItem\",\"position\":1,\"name\":\"Home\",\"item\":\"https:\\\/\\\/avp.ro\\\/\"},{\"@type\":\"ListItem\",\"position\":2,\"name\":\"Exceptii de neconstitutionalitate 2019\"}]},{\"@type\":\"WebSite\",\"@id\":\"https:\\\/\\\/avp.ro\\\/#website\",\"url\":\"https:\\\/\\\/avp.ro\\\/\",\"name\":\"Institu\u021bia Avocatul Poporului\",\"description\":\"People\u2019s Advocate institution - Office of the Ombudsman\",\"publisher\":{\"@id\":\"https:\\\/\\\/avp.ro\\\/#organization\"},\"potentialAction\":[{\"@type\":\"SearchAction\",\"target\":{\"@type\":\"EntryPoint\",\"urlTemplate\":\"https:\\\/\\\/avp.ro\\\/?s={search_term_string}\"},\"query-input\":{\"@type\":\"PropertyValueSpecification\",\"valueRequired\":true,\"valueName\":\"search_term_string\"}}],\"inLanguage\":\"en-US\"},{\"@type\":\"Organization\",\"@id\":\"https:\\\/\\\/avp.ro\\\/#organization\",\"name\":\"Institutia Avocatul Poporului\",\"url\":\"https:\\\/\\\/avp.ro\\\/\",\"logo\":{\"@type\":\"ImageObject\",\"inLanguage\":\"en-US\",\"@id\":\"https:\\\/\\\/avp.ro\\\/#\\\/schema\\\/logo\\\/image\\\/\",\"url\":\"https:\\\/\\\/avp.ro\\\/wp-content\\\/uploads\\\/2020\\\/09\\\/cropped-AP.jpg\",\"contentUrl\":\"https:\\\/\\\/avp.ro\\\/wp-content\\\/uploads\\\/2020\\\/09\\\/cropped-AP.jpg\",\"width\":160,\"height\":146,\"caption\":\"Institutia Avocatul Poporului\"},\"image\":{\"@id\":\"https:\\\/\\\/avp.ro\\\/#\\\/schema\\\/logo\\\/image\\\/\"}}]}<\/script>\n<!-- \/ Yoast SEO plugin. -->","yoast_head_json":{"title":"Exceptii de neconstitutionalitate 2019 - Institu\u021bia Avocatul Poporului","robots":{"index":"index","follow":"follow","max-snippet":"max-snippet:-1","max-image-preview":"max-image-preview:large","max-video-preview":"max-video-preview:-1"},"canonical":"https:\/\/avp.ro\/index.php\/exceptii-de-neconstitutionalitate-2019\/","og_locale":"en_US","og_type":"article","og_title":"Exceptii de neconstitutionalitate 2019 - Institu\u021bia Avocatul Poporului","og_description":"&nbsp; &nbsp; 12.Excep\u021bie de neconstitu\u021bionalitate a prevederilor art. 87 alin. (2) din Legea nr. 304\/2004 privind organizarea judiciar\u0103, republicat\u0103 \u0219i modificat\u0103 11.Excep\u021bie de neconstitu\u021bionalitate a prevederilor art. 17 alin. (1)&hellip;","og_url":"https:\/\/avp.ro\/index.php\/exceptii-de-neconstitutionalitate-2019\/","og_site_name":"Institu\u021bia Avocatul Poporului","article_modified_time":"2021-06-17T15:02:17+00:00","twitter_card":"summary_large_image","twitter_misc":{"Est. reading time":"2 minutes"},"schema":{"@context":"https:\/\/schema.org","@graph":[{"@type":"WebPage","@id":"https:\/\/avp.ro\/index.php\/exceptii-de-neconstitutionalitate-2019\/","url":"https:\/\/avp.ro\/index.php\/exceptii-de-neconstitutionalitate-2019\/","name":"Exceptii de neconstitutionalitate 2019 - Institu\u021bia Avocatul Poporului","isPartOf":{"@id":"https:\/\/avp.ro\/#website"},"datePublished":"2021-06-17T14:45:39+00:00","dateModified":"2021-06-17T15:02:17+00:00","breadcrumb":{"@id":"https:\/\/avp.ro\/index.php\/exceptii-de-neconstitutionalitate-2019\/#breadcrumb"},"inLanguage":"en-US","potentialAction":[{"@type":"ReadAction","target":["https:\/\/avp.ro\/index.php\/exceptii-de-neconstitutionalitate-2019\/"]}]},{"@type":"BreadcrumbList","@id":"https:\/\/avp.ro\/index.php\/exceptii-de-neconstitutionalitate-2019\/#breadcrumb","itemListElement":[{"@type":"ListItem","position":1,"name":"Home","item":"https:\/\/avp.ro\/"},{"@type":"ListItem","position":2,"name":"Exceptii de neconstitutionalitate 2019"}]},{"@type":"WebSite","@id":"https:\/\/avp.ro\/#website","url":"https:\/\/avp.ro\/","name":"Institu\u021bia Avocatul Poporului","description":"People\u2019s Advocate institution - Office of the Ombudsman","publisher":{"@id":"https:\/\/avp.ro\/#organization"},"potentialAction":[{"@type":"SearchAction","target":{"@type":"EntryPoint","urlTemplate":"https:\/\/avp.ro\/?s={search_term_string}"},"query-input":{"@type":"PropertyValueSpecification","valueRequired":true,"valueName":"search_term_string"}}],"inLanguage":"en-US"},{"@type":"Organization","@id":"https:\/\/avp.ro\/#organization","name":"Institutia Avocatul Poporului","url":"https:\/\/avp.ro\/","logo":{"@type":"ImageObject","inLanguage":"en-US","@id":"https:\/\/avp.ro\/#\/schema\/logo\/image\/","url":"https:\/\/avp.ro\/wp-content\/uploads\/2020\/09\/cropped-AP.jpg","contentUrl":"https:\/\/avp.ro\/wp-content\/uploads\/2020\/09\/cropped-AP.jpg","width":160,"height":146,"caption":"Institutia Avocatul Poporului"},"image":{"@id":"https:\/\/avp.ro\/#\/schema\/logo\/image\/"}}]}},"_links":{"self":[{"href":"https:\/\/avp.ro\/index.php\/wp-json\/wp\/v2\/pages\/3822","targetHints":{"allow":["GET"]}}],"collection":[{"href":"https:\/\/avp.ro\/index.php\/wp-json\/wp\/v2\/pages"}],"about":[{"href":"https:\/\/avp.ro\/index.php\/wp-json\/wp\/v2\/types\/page"}],"author":[{"embeddable":true,"href":"https:\/\/avp.ro\/index.php\/wp-json\/wp\/v2\/users\/1"}],"replies":[{"embeddable":true,"href":"https:\/\/avp.ro\/index.php\/wp-json\/wp\/v2\/comments?post=3822"}],"version-history":[{"count":9,"href":"https:\/\/avp.ro\/index.php\/wp-json\/wp\/v2\/pages\/3822\/revisions"}],"predecessor-version":[{"id":3844,"href":"https:\/\/avp.ro\/index.php\/wp-json\/wp\/v2\/pages\/3822\/revisions\/3844"}],"wp:attachment":[{"href":"https:\/\/avp.ro\/index.php\/wp-json\/wp\/v2\/media?parent=3822"}],"curies":[{"name":"wp","href":"https:\/\/api.w.org\/{rel}","templated":true}]}}