{"id":438,"date":"2020-07-28T07:37:44","date_gmt":"2020-07-28T05:37:44","guid":{"rendered":"https:\/\/avp.ro\/?page_id=438"},"modified":"2020-07-30T10:18:47","modified_gmt":"2020-07-30T08:18:47","slug":"eveniment-7","status":"publish","type":"page","link":"https:\/\/avp.ro\/index.php\/eveniment-7\/","title":{"rendered":"Eveniment 7"},"content":{"rendered":"<p>&nbsp;<\/p>\n<p>&nbsp;<\/p>\n<p style=\"font-weight: 400; text-align: center;\"><em><strong>23 NOIEMBRIE 2018<\/strong><\/em>&nbsp;&#8211; Domnul Victor Ciorbea, Avocatul Poporului, a semnat \u00een Antologia de semn\u0103turi \u201eCartea Centenar\u201d, un proiect al Consiliului Jude\u021bean Alba, \u00een parteneriat cu Muzeul Na\u021bional al Unirii Alba Iulia, prin care se s-a realizat, \u00een anul Centenar, o a doua \u201eCartea de Aur\u201d a Serb\u0103rilor Unirii, o edi\u021bie aniversar\u0103 dedicat\u0103 Centenarului.&nbsp;Antologia de semn\u0103turi \u201eCartea Centenar\u201d este un omagiu adus Marii Uniri de la 1 Decembrie 1918 la ceas aniversar, \u00een momentul Centenarului \u0219i reprezint\u0103 o punte de leg\u0103tur\u0103 \u00eentre trecut \u0219i viitor, realizat\u0103 prin contribu\u021bia contemporan\u0103.&nbsp;\u00cen cadrul acestui proiect au fost invita\u021bi s\u0103 participe la ceremoniile de semnare, \u00eentr-o ordine orientativ\u0103, reprezentan\u021bi ai institu\u021biilor statului, reprezentan\u021bi ai institu\u021biilor de cultur\u0103 din Rom\u00e2nia, veterani de r\u0103zboi, precum \u0219i alte personalit\u0103\u021bi contemporane marcante<\/p>\n<p style=\"font-weight: 400;\"><img loading=\"lazy\" decoding=\"async\" class=\"wp-image-439 aligncenter\" src=\"https:\/\/avp.ro\/wp-content\/uploads\/2020\/07\/1-1.jpg\" alt=\"\" width=\"737\" height=\"492\"><\/p>\n<p>&nbsp;<\/p>\n<p><img loading=\"lazy\" decoding=\"async\" class=\"wp-image-440 aligncenter\" src=\"https:\/\/avp.ro\/wp-content\/uploads\/2020\/07\/2.jpg\" alt=\"\" width=\"738\" height=\"493\"><\/p>\n<p>&nbsp;<\/p>\n<p style=\"font-weight: 400; text-align: center;\">Fotografiile au fost realizate de fotograf acreditat Vasile S\u00e2rb de la Centrul de Cultur\u0103 \u201dAugustin Bena\u201d Alba<\/p>\n<p style=\"font-weight: 400;\">\n","protected":false},"excerpt":{"rendered":"<p>&nbsp; &nbsp; 23 NOIEMBRIE 2018&nbsp;&#8211; Domnul Victor Ciorbea, Avocatul Poporului, a semnat \u00een Antologia de semn\u0103turi \u201eCartea Centenar\u201d, un proiect al Consiliului Jude\u021bean Alba, \u00een parteneriat cu Muzeul Na\u021bional al&hellip; <\/p>\n","protected":false},"author":1,"featured_media":0,"parent":0,"menu_order":0,"comment_status":"closed","ping_status":"closed","template":"","meta":{"footnotes":""},"class_list":["post-438","page","type-page","status-publish","hentry"],"yoast_head":"<!-- This site is optimized with the Yoast SEO plugin v27.4 - https:\/\/yoast.com\/product\/yoast-seo-wordpress\/ -->\n<title>Eveniment 7 - Institu\u021bia Avocatul Poporului<\/title>\n<meta name=\"robots\" content=\"index, follow, max-snippet:-1, max-image-preview:large, max-video-preview:-1\" \/>\n<link rel=\"canonical\" href=\"https:\/\/avp.ro\/index.php\/eveniment-7\/\" \/>\n<meta property=\"og:locale\" content=\"en_US\" \/>\n<meta property=\"og:type\" content=\"article\" \/>\n<meta property=\"og:title\" content=\"Eveniment 7 - Institu\u021bia Avocatul Poporului\" \/>\n<meta property=\"og:description\" content=\"&nbsp; &nbsp; 23 NOIEMBRIE 2018&nbsp;&#8211; Domnul Victor Ciorbea, Avocatul Poporului, a semnat \u00een Antologia de semn\u0103turi \u201eCartea Centenar\u201d, un proiect al Consiliului Jude\u021bean Alba, \u00een parteneriat cu Muzeul Na\u021bional al&hellip;\" \/>\n<meta property=\"og:url\" content=\"https:\/\/avp.ro\/index.php\/eveniment-7\/\" \/>\n<meta property=\"og:site_name\" content=\"Institu\u021bia Avocatul Poporului\" \/>\n<meta property=\"article:modified_time\" content=\"2020-07-30T08:18:47+00:00\" \/>\n<meta property=\"og:image\" content=\"https:\/\/avp.ro\/wp-content\/uploads\/2020\/07\/1-1.jpg\" \/>\n<meta name=\"twitter:card\" content=\"summary_large_image\" \/>\n<meta name=\"twitter:label1\" content=\"Est. reading time\" \/>\n\t<meta name=\"twitter:data1\" content=\"1 minute\" \/>\n<script type=\"application\/ld+json\" class=\"yoast-schema-graph\">{\"@context\":\"https:\\\/\\\/schema.org\",\"@graph\":[{\"@type\":\"WebPage\",\"@id\":\"https:\\\/\\\/avp.ro\\\/index.php\\\/eveniment-7\\\/\",\"url\":\"https:\\\/\\\/avp.ro\\\/index.php\\\/eveniment-7\\\/\",\"name\":\"Eveniment 7 - Institu\u021bia Avocatul Poporului\",\"isPartOf\":{\"@id\":\"https:\\\/\\\/avp.ro\\\/#website\"},\"primaryImageOfPage\":{\"@id\":\"https:\\\/\\\/avp.ro\\\/index.php\\\/eveniment-7\\\/#primaryimage\"},\"image\":{\"@id\":\"https:\\\/\\\/avp.ro\\\/index.php\\\/eveniment-7\\\/#primaryimage\"},\"thumbnailUrl\":\"https:\\\/\\\/avp.ro\\\/wp-content\\\/uploads\\\/2020\\\/07\\\/1-1.jpg\",\"datePublished\":\"2020-07-28T05:37:44+00:00\",\"dateModified\":\"2020-07-30T08:18:47+00:00\",\"breadcrumb\":{\"@id\":\"https:\\\/\\\/avp.ro\\\/index.php\\\/eveniment-7\\\/#breadcrumb\"},\"inLanguage\":\"en-US\",\"potentialAction\":[{\"@type\":\"ReadAction\",\"target\":[\"https:\\\/\\\/avp.ro\\\/index.php\\\/eveniment-7\\\/\"]}]},{\"@type\":\"ImageObject\",\"inLanguage\":\"en-US\",\"@id\":\"https:\\\/\\\/avp.ro\\\/index.php\\\/eveniment-7\\\/#primaryimage\",\"url\":\"https:\\\/\\\/avp.ro\\\/wp-content\\\/uploads\\\/2020\\\/07\\\/1-1.jpg\",\"contentUrl\":\"https:\\\/\\\/avp.ro\\\/wp-content\\\/uploads\\\/2020\\\/07\\\/1-1.jpg\"},{\"@type\":\"BreadcrumbList\",\"@id\":\"https:\\\/\\\/avp.ro\\\/index.php\\\/eveniment-7\\\/#breadcrumb\",\"itemListElement\":[{\"@type\":\"ListItem\",\"position\":1,\"name\":\"Home\",\"item\":\"https:\\\/\\\/avp.ro\\\/\"},{\"@type\":\"ListItem\",\"position\":2,\"name\":\"Eveniment 7\"}]},{\"@type\":\"WebSite\",\"@id\":\"https:\\\/\\\/avp.ro\\\/#website\",\"url\":\"https:\\\/\\\/avp.ro\\\/\",\"name\":\"Institu\u021bia Avocatul Poporului\",\"description\":\"People\u2019s Advocate institution - Office of the Ombudsman\",\"publisher\":{\"@id\":\"https:\\\/\\\/avp.ro\\\/#organization\"},\"potentialAction\":[{\"@type\":\"SearchAction\",\"target\":{\"@type\":\"EntryPoint\",\"urlTemplate\":\"https:\\\/\\\/avp.ro\\\/?s={search_term_string}\"},\"query-input\":{\"@type\":\"PropertyValueSpecification\",\"valueRequired\":true,\"valueName\":\"search_term_string\"}}],\"inLanguage\":\"en-US\"},{\"@type\":\"Organization\",\"@id\":\"https:\\\/\\\/avp.ro\\\/#organization\",\"name\":\"Institutia Avocatul Poporului\",\"url\":\"https:\\\/\\\/avp.ro\\\/\",\"logo\":{\"@type\":\"ImageObject\",\"inLanguage\":\"en-US\",\"@id\":\"https:\\\/\\\/avp.ro\\\/#\\\/schema\\\/logo\\\/image\\\/\",\"url\":\"https:\\\/\\\/avp.ro\\\/wp-content\\\/uploads\\\/2020\\\/09\\\/cropped-AP.jpg\",\"contentUrl\":\"https:\\\/\\\/avp.ro\\\/wp-content\\\/uploads\\\/2020\\\/09\\\/cropped-AP.jpg\",\"width\":160,\"height\":146,\"caption\":\"Institutia Avocatul Poporului\"},\"image\":{\"@id\":\"https:\\\/\\\/avp.ro\\\/#\\\/schema\\\/logo\\\/image\\\/\"}}]}<\/script>\n<!-- \/ Yoast SEO plugin. -->","yoast_head_json":{"title":"Eveniment 7 - Institu\u021bia Avocatul Poporului","robots":{"index":"index","follow":"follow","max-snippet":"max-snippet:-1","max-image-preview":"max-image-preview:large","max-video-preview":"max-video-preview:-1"},"canonical":"https:\/\/avp.ro\/index.php\/eveniment-7\/","og_locale":"en_US","og_type":"article","og_title":"Eveniment 7 - Institu\u021bia Avocatul Poporului","og_description":"&nbsp; &nbsp; 23 NOIEMBRIE 2018&nbsp;&#8211; Domnul Victor Ciorbea, Avocatul Poporului, a semnat \u00een Antologia de semn\u0103turi \u201eCartea Centenar\u201d, un proiect al Consiliului Jude\u021bean Alba, \u00een parteneriat cu Muzeul Na\u021bional al&hellip;","og_url":"https:\/\/avp.ro\/index.php\/eveniment-7\/","og_site_name":"Institu\u021bia Avocatul Poporului","article_modified_time":"2020-07-30T08:18:47+00:00","og_image":[{"url":"https:\/\/avp.ro\/wp-content\/uploads\/2020\/07\/1-1.jpg","type":"","width":"","height":""}],"twitter_card":"summary_large_image","twitter_misc":{"Est. reading time":"1 minute"},"schema":{"@context":"https:\/\/schema.org","@graph":[{"@type":"WebPage","@id":"https:\/\/avp.ro\/index.php\/eveniment-7\/","url":"https:\/\/avp.ro\/index.php\/eveniment-7\/","name":"Eveniment 7 - Institu\u021bia Avocatul Poporului","isPartOf":{"@id":"https:\/\/avp.ro\/#website"},"primaryImageOfPage":{"@id":"https:\/\/avp.ro\/index.php\/eveniment-7\/#primaryimage"},"image":{"@id":"https:\/\/avp.ro\/index.php\/eveniment-7\/#primaryimage"},"thumbnailUrl":"https:\/\/avp.ro\/wp-content\/uploads\/2020\/07\/1-1.jpg","datePublished":"2020-07-28T05:37:44+00:00","dateModified":"2020-07-30T08:18:47+00:00","breadcrumb":{"@id":"https:\/\/avp.ro\/index.php\/eveniment-7\/#breadcrumb"},"inLanguage":"en-US","potentialAction":[{"@type":"ReadAction","target":["https:\/\/avp.ro\/index.php\/eveniment-7\/"]}]},{"@type":"ImageObject","inLanguage":"en-US","@id":"https:\/\/avp.ro\/index.php\/eveniment-7\/#primaryimage","url":"https:\/\/avp.ro\/wp-content\/uploads\/2020\/07\/1-1.jpg","contentUrl":"https:\/\/avp.ro\/wp-content\/uploads\/2020\/07\/1-1.jpg"},{"@type":"BreadcrumbList","@id":"https:\/\/avp.ro\/index.php\/eveniment-7\/#breadcrumb","itemListElement":[{"@type":"ListItem","position":1,"name":"Home","item":"https:\/\/avp.ro\/"},{"@type":"ListItem","position":2,"name":"Eveniment 7"}]},{"@type":"WebSite","@id":"https:\/\/avp.ro\/#website","url":"https:\/\/avp.ro\/","name":"Institu\u021bia Avocatul Poporului","description":"People\u2019s Advocate institution - Office of the Ombudsman","publisher":{"@id":"https:\/\/avp.ro\/#organization"},"potentialAction":[{"@type":"SearchAction","target":{"@type":"EntryPoint","urlTemplate":"https:\/\/avp.ro\/?s={search_term_string}"},"query-input":{"@type":"PropertyValueSpecification","valueRequired":true,"valueName":"search_term_string"}}],"inLanguage":"en-US"},{"@type":"Organization","@id":"https:\/\/avp.ro\/#organization","name":"Institutia Avocatul Poporului","url":"https:\/\/avp.ro\/","logo":{"@type":"ImageObject","inLanguage":"en-US","@id":"https:\/\/avp.ro\/#\/schema\/logo\/image\/","url":"https:\/\/avp.ro\/wp-content\/uploads\/2020\/09\/cropped-AP.jpg","contentUrl":"https:\/\/avp.ro\/wp-content\/uploads\/2020\/09\/cropped-AP.jpg","width":160,"height":146,"caption":"Institutia Avocatul Poporului"},"image":{"@id":"https:\/\/avp.ro\/#\/schema\/logo\/image\/"}}]}},"_links":{"self":[{"href":"https:\/\/avp.ro\/index.php\/wp-json\/wp\/v2\/pages\/438","targetHints":{"allow":["GET"]}}],"collection":[{"href":"https:\/\/avp.ro\/index.php\/wp-json\/wp\/v2\/pages"}],"about":[{"href":"https:\/\/avp.ro\/index.php\/wp-json\/wp\/v2\/types\/page"}],"author":[{"embeddable":true,"href":"https:\/\/avp.ro\/index.php\/wp-json\/wp\/v2\/users\/1"}],"replies":[{"embeddable":true,"href":"https:\/\/avp.ro\/index.php\/wp-json\/wp\/v2\/comments?post=438"}],"version-history":[{"count":3,"href":"https:\/\/avp.ro\/index.php\/wp-json\/wp\/v2\/pages\/438\/revisions"}],"predecessor-version":[{"id":735,"href":"https:\/\/avp.ro\/index.php\/wp-json\/wp\/v2\/pages\/438\/revisions\/735"}],"wp:attachment":[{"href":"https:\/\/avp.ro\/index.php\/wp-json\/wp\/v2\/media?parent=438"}],"curies":[{"name":"wp","href":"https:\/\/api.w.org\/{rel}","templated":true}]}}

<p>&nbsp;</p>
<p>&nbsp;</p>
<p style="font-weight: 400; text-align: center;"><em><strong>23 NOIEMBRIE 2018</strong></em>&nbsp;&#8211; Domnul Victor Ciorbea, Avocatul Poporului, a semnat în Antologia de semnături „Cartea Centenar”, un proiect al Consiliului Județean Alba, în parteneriat cu Muzeul Național al Unirii Alba Iulia, prin care se s-a realizat, în anul Centenar, o a doua „Cartea de Aur” a Serbărilor Unirii, o ediție aniversară dedicată Centenarului.&nbsp;Antologia de semnături „Cartea Centenar” este un omagiu adus Marii Uniri de la 1 Decembrie 1918 la ceas aniversar, în momentul Centenarului și reprezintă o punte de legătură între trecut și viitor, realizată prin contribuția contemporană.&nbsp;În cadrul acestui proiect au fost invitați să participe la ceremoniile de semnare, într-o ordine orientativă, reprezentanți ai instituțiilor statului, reprezentanți ai instituțiilor de cultură din România, veterani de război, precum și alte personalități contemporane marcante</p>
<p style="font-weight: 400;"><img loading="lazy" decoding="async" class="wp-image-439 aligncenter" src="https://avp.ro/wp-content/uploads/2020/07/1-1.jpg" alt="" width="737" height="492"></p>
<p>&nbsp;</p>
<p><img loading="lazy" decoding="async" class="wp-image-440 aligncenter" src="https://avp.ro/wp-content/uploads/2020/07/2.jpg" alt="" width="738" height="493"></p>
<p>&nbsp;</p>
<p style="font-weight: 400; text-align: center;">Fotografiile au fost realizate de fotograf acreditat Vasile Sârb de la Centrul de Cultură ”Augustin Bena” Alba</p>
<p style="font-weight: 400;">

<p>&nbsp; &nbsp; 23 NOIEMBRIE 2018&nbsp;&#8211; Domnul Victor Ciorbea, Avocatul Poporului, a semnat în Antologia de semnături „Cartea Centenar”, un proiect al Consiliului Județean Alba, în parteneriat cu Muzeul Național al&hellip; </p>

<!-- This site is optimized with the Yoast SEO plugin v27.4 - https://yoast.com/product/yoast-seo-wordpress/ -->
<title>Eveniment 7 - Instituția Avocatul Poporului</title>
<meta name="robots" content="index, follow, max-snippet:-1, max-image-preview:large, max-video-preview:-1" />
<link rel="canonical" href="https://avp.ro/index.php/eveniment-7/" />
<meta property="og:locale" content="en_US" />
<meta property="og:type" content="article" />
<meta property="og:title" content="Eveniment 7 - Instituția Avocatul Poporului" />
<meta property="og:description" content="&nbsp; &nbsp; 23 NOIEMBRIE 2018&nbsp;&#8211; Domnul Victor Ciorbea, Avocatul Poporului, a semnat în Antologia de semnături „Cartea Centenar”, un proiect al Consiliului Județean Alba, în parteneriat cu Muzeul Național al&hellip;" />
<meta property="og:url" content="https://avp.ro/index.php/eveniment-7/" />
<meta property="og:site_name" content="Instituția Avocatul Poporului" />
<meta property="article:modified_time" content="2020-07-30T08:18:47+00:00" />
<meta property="og:image" content="https://avp.ro/wp-content/uploads/2020/07/1-1.jpg" />
<meta name="twitter:card" content="summary_large_image" />
<meta name="twitter:label1" content="Est. reading time" />
	<meta name="twitter:data1" content="1 minute" />
<script type="application/ld+json" class="yoast-schema-graph">{"@context":"https:\/\/schema.org","@graph":[{"@type":"WebPage","@id":"https:\/\/avp.ro\/index.php\/eveniment-7\/","url":"https:\/\/avp.ro\/index.php\/eveniment-7\/","name":"Eveniment 7 - Instituția Avocatul Poporului","isPartOf":{"@id":"https:\/\/avp.ro\/#website"},"primaryImageOfPage":{"@id":"https:\/\/avp.ro\/index.php\/eveniment-7\/#primaryimage"},"image":{"@id":"https:\/\/avp.ro\/index.php\/eveniment-7\/#primaryimage"},"thumbnailUrl":"https:\/\/avp.ro\/wp-content\/uploads\/2020\/07\/1-1.jpg","datePublished":"2020-07-28T05:37:44+00:00","dateModified":"2020-07-30T08:18:47+00:00","breadcrumb":{"@id":"https:\/\/avp.ro\/index.php\/eveniment-7\/#breadcrumb"},"inLanguage":"en-US","potentialAction":[{"@type":"ReadAction","target":["https:\/\/avp.ro\/index.php\/eveniment-7\/"]}]},{"@type":"ImageObject","inLanguage":"en-US","@id":"https:\/\/avp.ro\/index.php\/eveniment-7\/#primaryimage","url":"https:\/\/avp.ro\/wp-content\/uploads\/2020\/07\/1-1.jpg","contentUrl":"https:\/\/avp.ro\/wp-content\/uploads\/2020\/07\/1-1.jpg"},{"@type":"BreadcrumbList","@id":"https:\/\/avp.ro\/index.php\/eveniment-7\/#breadcrumb","itemListElement":[{"@type":"ListItem","position":1,"name":"Home","item":"https:\/\/avp.ro\/"},{"@type":"ListItem","position":2,"name":"Eveniment 7"}]},{"@type":"WebSite","@id":"https:\/\/avp.ro\/#website","url":"https:\/\/avp.ro\/","name":"Instituția Avocatul Poporului","description":"People’s Advocate institution - Office of the Ombudsman","publisher":{"@id":"https:\/\/avp.ro\/#organization"},"potentialAction":[{"@type":"SearchAction","target":{"@type":"EntryPoint","urlTemplate":"https:\/\/avp.ro\/?s={search_term_string}"},"query-input":{"@type":"PropertyValueSpecification","valueRequired":true,"valueName":"search_term_string"}}],"inLanguage":"en-US"},{"@type":"Organization","@id":"https:\/\/avp.ro\/#organization","name":"Institutia Avocatul Poporului","url":"https:\/\/avp.ro\/","logo":{"@type":"ImageObject","inLanguage":"en-US","@id":"https:\/\/avp.ro\/#\/schema\/logo\/image\/","url":"https:\/\/avp.ro\/wp-content\/uploads\/2020\/09\/cropped-AP.jpg","contentUrl":"https:\/\/avp.ro\/wp-content\/uploads\/2020\/09\/cropped-AP.jpg","width":160,"height":146,"caption":"Institutia Avocatul Poporului"},"image":{"@id":"https:\/\/avp.ro\/#\/schema\/logo\/image\/"}}]}</script>
<!-- / Yoast SEO plugin. -->

Eveniment 7 - Instituția Avocatul Poporului

&nbsp; &nbsp; 23 NOIEMBRIE 2018&nbsp;&#8211; Domnul Victor Ciorbea, Avocatul Poporului, a semnat în Antologia de semnături „Cartea Centenar”, un proiect al Consiliului Județean Alba, în parteneriat cu Muzeul Național al&hellip;

Instituția Avocatul Poporului
