{"id":5447,"date":"2022-02-16T15:38:43","date_gmt":"2022-02-16T13:38:43","guid":{"rendered":"https:\/\/avp.ro\/?page_id=5447"},"modified":"2023-04-24T08:09:17","modified_gmt":"2023-04-24T06:09:17","slug":"camine-pentru-persoane-varstnice-2022","status":"publish","type":"page","link":"https:\/\/avp.ro\/index.php\/camine-pentru-persoane-varstnice-2022\/","title":{"rendered":"C\u0102MINE PENTRU PERSOANE V\u00c2RSTNICE 2022"},"content":{"rendered":"<p>&nbsp;<\/p>\n<p>&nbsp;<\/p>\n<p>15. <a href=\"https:\/\/avp.ro\/wp-content\/uploads\/2023\/02\/Raport-vizita-CRARSPFA-Victoria-jud-Brasov.pdf\">Raportul privind vizita efectuat\u0103 la Centrul Reziden\u021bial de Asisten\u021b\u0103 \u0219i Reintegrare Social\u0103 pentru Persoane F\u0103r\u0103 Ad\u0103post Victoria, jude\u021bul Bra\u0219ov<\/a><\/p>\n<p style=\"padding-left: 40px;\"><a href=\"https:\/\/avp.ro\/wp-content\/uploads\/2023\/04\/Raspuns-CRARSPFA-Victoria-jud-Brasov.pdf\">-R\u0103spunsul primit de la Centrul Reziden\u021bial de Asisten\u021b\u0103 \u0219i Reintegrare Social\u0103 pentru Persoane F\u0103r\u0103 Ad\u0103post Victoria, jude\u021bul Bra\u0219ov<\/a><\/p>\n<p>14. <a href=\"https:\/\/avp.ro\/wp-content\/uploads\/2022\/11\/RV-CPV-Sf-Teodor-30422_29.11.2022_BLURAT.pdf\">Raportul privind vizita efectuat\u0103 la C\u0103minul de b\u0103tr\u00e2ni ,,Sf\u00e2ntul Teodor\u201d din municipiul Ro\u0219iori de Vede, jude\u021b Teleorman<\/a><\/p>\n<p style=\"padding-left: 40px;\"><a href=\"https:\/\/avp.ro\/wp-content\/uploads\/2022\/12\/Raspuns-CPV-Sf-Teodor_31997_16_12_2022-1.pdf\">-R\u0103spunsul D.A.S.- Prim\u0103ria Ro\u0219iori de Vede pentru C\u0103minul de b\u0103tr\u00e2ni ,,Sf\u00e2ntul Teodor\u201d din Ro\u0219iori de Vede, jude\u021b Teleorman<\/a><\/p>\n<p>13. <a href=\"https:\/\/avp.ro\/wp-content\/uploads\/2022\/11\/Raport-CPV-Uliesti.pdf\">Raportul privind vizita desf\u0103\u0219urat\u0103\u00a0 la Centrul pentru persoane v\u00e2rstnice comuna Ulie\u0219ti, sat Stavropolia, jude\u021bul D\u00e2mbovi\u021ba<\/a><\/p>\n<p style=\"padding-left: 40px;\"><a href=\"https:\/\/avp.ro\/wp-content\/uploads\/2022\/11\/Raspuns-Primaria-Uliesti.pdf\">-R\u0103spunsul Prim\u0103riei Ulie\u0219ti<\/a><\/p>\n<p>12. <a href=\"https:\/\/avp.ro\/wp-content\/uploads\/2022\/10\/raportul-de-vizita-de-la-Centrul-de-ingrijire-si-Asistenta-nr2-Bucuresti.pdf\">Raportul privind vizita efectuat\u0103 la Centrul de \u00cengrijire \u0219i Asisten\u021b\u0103 nr. 2, Bucure\u0219ti<\/a><\/p>\n<p style=\"padding-left: 40px;\"><a href=\"https:\/\/avp.ro\/wp-content\/uploads\/2022\/11\/Raspuns-Centrul-de-Ingrijire-si-Asistenta-nr2-Bucuresti.pdf\">-R\u0103spuns primit de la Centrul de \u00cengrijire \u0219i Asisten\u021b\u0103 nr. 2, Bucure\u0219ti<\/a><\/p>\n<p>11. <a href=\"https:\/\/avp.ro\/wp-content\/uploads\/2022\/10\/Raport-CPV-Cervenia.pdf\">Raportul privind vizita efectuat\u0103 la Centrul pentru persoane v\u00e2rstnice comuna Cervenia, jude\u021bul Teleorman<\/a><\/p>\n<p style=\"padding-left: 40px;\"><a href=\"https:\/\/avp.ro\/wp-content\/uploads\/2022\/12\/Raspuns-DGASPC-Teleorman-3.pdf\">&#8211; R\u0103spunsul DGASPC Teleorman<\/a><\/p>\n<p>10. <a href=\"https:\/\/avp.ro\/wp-content\/uploads\/2022\/10\/Raport-vizita-CAMS-Mogosesti.pdf\">Raportul privind vizita efectuat\u0103 la Centrul de Asisten\u021b\u0103 Medico-Social\u0103 sat Mogo\u0219e\u0219ti, comuna Aduna\u021bii Cop\u0103ceni, jude\u021bul Giurgiu<\/a><\/p>\n<p style=\"padding-left: 40px;\"><a href=\"https:\/\/avp.ro\/wp-content\/uploads\/2022\/12\/Raspuns-CAMS-Mogosesti-2.pdf\">&#8211; R\u0103spunsul Centrului de Asisten\u021b\u0103 Medico-Social\u0103 Mogo\u0219e\u0219ti\u00a0<\/a><\/p>\n<p>9. <a href=\"https:\/\/avp.ro\/wp-content\/uploads\/2022\/10\/Raportul-de-vizita-privind-Caminul-pentru-Persoane-Varstnice-Casa-Maria-Blanca.pdf\">Raportul privind vizita efectuat\u0103 la C\u0103minul pentru Persoane V\u00e2rstnice \u201cCasa Maria Blanca\u201d, jude\u021bul Ilfov<\/a><\/p>\n<p style=\"padding-left: 40px;\"><a href=\"https:\/\/avp.ro\/wp-content\/uploads\/2022\/10\/raspuns-Caminul-pentru-Persoane-Varstnice-Casa-Maria-Blanca-judetul-Ilfov.pdf\">&#8211; R\u0103spunsul primit de la conducerea C\u0103minului pentru Persoane V\u00e2rstnice \u201cCasa Maria Blanca\u201d, jude\u021bul Ilfov<\/a><\/p>\n<p>8.<a href=\"https:\/\/avp.ro\/wp-content\/uploads\/2022\/09\/Raport-de-vizita-CPV-Resita.pdf\">Raportul privind vizita efectuat\u0103 la C\u0103minul pentru Persoane V\u00e2rstnice Re\u0219i\u021ba, jude\u021bul Cara\u0219-Severin<\/a><\/p>\n<p style=\"padding-left: 40px;\"><a href=\"https:\/\/avp.ro\/wp-content\/uploads\/2022\/11\/Raspuns-Recomandari-CPV-Resita.pdf\">-R\u0103spunsul primit de la C\u0103minul pentru Persoane V\u00e2rstnice Re\u0219i\u021ba, jude\u021bul Cara\u0219-Severin<\/a><\/p>\n<p>7. <a href=\"https:\/\/avp.ro\/wp-content\/uploads\/2022\/09\/Raport-vizita-CPV-Floare-Rosie-blurat.pdf\">Raportul privind vizita efectuat\u0103 la Centrul pentru persoane v\u00e2rstnice \u201dFloare Ro\u0219ie\u201d Bucure\u0219ti\u00a0<\/a><\/p>\n<p style=\"padding-left: 40px;\"><a href=\"https:\/\/avp.ro\/wp-content\/uploads\/2022\/09\/Raspuns-DGASPC-Sector-6-Bucuresti-1.pdf\">&#8211; R\u0103spunsul DGASPC, sector 6, Bucure\u0219ti\u00a0<\/a><\/p>\n<p>6.<a href=\"https:\/\/avp.ro\/wp-content\/uploads\/2022\/09\/Raportul-de-vizita-referitor-a-Centrul-Rezidential-Sf-Ecaterina.pdf\">Raportul de vizit\u0103 de la Centrul Reziden\u021bial Sf. Ecaterina, municipiul Tulcea, jude\u021bul Tulcea<\/a><\/p>\n<p style=\"padding-left: 40px;\"><a href=\"https:\/\/avp.ro\/wp-content\/uploads\/2022\/10\/raspuns_Centrul-Rezidential-Sf-Ecaterina.pdf\">&#8211; R\u0103spunsul primit de la Centrul Reziden\u021bial Sf. Ecaterina, jude\u021bul Tulcea<\/a><\/p>\n<p>5. <a href=\"https:\/\/avp.ro\/wp-content\/uploads\/2022\/09\/Raport-Centrul-Rezidential-pentru-Persoane-Varstnice-Casa-Alegria.pdf\">Raportul privind vizita efectuat\u0103 la Centrul Reziden\u021bial pentru Persoane V\u00e2rstnice \u201cCasa Alegria\u201d<\/a><\/p>\n<p style=\"padding-left: 40px;\"><a href=\"https:\/\/avp.ro\/wp-content\/uploads\/2022\/09\/raspuns-sc-alegria.pdf\">-R\u0103spunsul primit de la S.C. Alegria Lux Residence S.R.L.<\/a><\/p>\n<p>4. <a href=\"https:\/\/avp.ro\/wp-content\/uploads\/2022\/08\/Raport-Camin-pensionari-Iasi.pdf\">Raportul privind vizita efectuat\u0103 la C\u0103minul de Pensionari \u201dSf. Cuvioas\u0103 Parascheva\u201d, Ia\u0219i<\/a><\/p>\n<p style=\"padding-left: 40px;\"><a href=\"https:\/\/avp.ro\/wp-content\/uploads\/2022\/12\/Raspuns-Camin-pensionari-Sf-Parascheva-Iasi.pdf\">&#8211; R\u0103spunsul conducerii C\u0103minului pentru pensionari \u201dSf. Parascheva\u201d Ia\u0219i<\/a><\/p>\n<p>3. <a href=\"https:\/\/avp.ro\/wp-content\/uploads\/2022\/07\/20220725133703.pdf\">Raportul de vizit\u0103 de la Centrul de \u00cengrijire \u0219i Asisten\u021b\u0103 pentru Persoane V\u00e2rstnice \u201dSf. Ana\u201d DGASPC Sector 3 Bucure\u0219ti<\/a><\/p>\n<p style=\"padding-left: 40px;\"><a href=\"https:\/\/avp.ro\/wp-content\/uploads\/2022\/09\/20220920105930.pdf\">-R\u0103spunsul primit de la D.G.A.S.P.C. sector 3 Bucure\u0219ti<\/a><\/p>\n<p>2. <a href=\"https:\/\/avp.ro\/wp-content\/uploads\/2022\/07\/Sanotour.pdf\">Raportul privind vizita efectuat\u0103 la Centrul de \u00cengrijire pentru Persoane V\u00e2rstnice \u201cSanotour\u201d, jude\u021bul Prahova<\/a><\/p>\n<p style=\"padding-left: 40px;\"><a href=\"https:\/\/avp.ro\/wp-content\/uploads\/2022\/10\/Caminul-de-Batrani-Sanotour.pdf\">-R\u0103spunsul primit de la C\u0103minul de B\u0103tr\u00e2ni Sanotour, jude\u021bul Prahova<\/a><\/p>\n<p>1. <a href=\"https:\/\/avp.ro\/wp-content\/uploads\/2022\/06\/Raport-de-vizita-CPV-Casa-Bunicilor-Campina.pdf\">Raportul privind vizita efectuat\u0103 la C\u0103minul pentru Persoane V\u00e2rstnice Casa Bunicilor C\u00e2mpina<\/a><\/p>\n<p style=\"padding-left: 40px;\"><a href=\"https:\/\/avp.ro\/wp-content\/uploads\/2022\/08\/Raspuns-CPV-Casa-Bunicilor-20302_17.08.2022.pdf\">-R\u0103spunsul primit de la conducerea C\u0103minului pentru Persoane V\u00e2rstnice \u201dCasa Bunicilor\u201d, C\u00e2mpina, jude\u021b Prahova<\/a><\/p>\n","protected":false},"excerpt":{"rendered":"<p>&nbsp; &nbsp; 15. Raportul privind vizita efectuat\u0103 la Centrul Reziden\u021bial de Asisten\u021b\u0103 \u0219i Reintegrare Social\u0103 pentru Persoane F\u0103r\u0103 Ad\u0103post Victoria, jude\u021bul Bra\u0219ov -R\u0103spunsul primit de la Centrul Reziden\u021bial de Asisten\u021b\u0103&hellip; <\/p>\n","protected":false},"author":1,"featured_media":0,"parent":0,"menu_order":0,"comment_status":"closed","ping_status":"closed","template":"","meta":{"footnotes":""},"class_list":["post-5447","page","type-page","status-publish","hentry"],"yoast_head":"<!-- This site is optimized with the Yoast SEO plugin v27.4 - https:\/\/yoast.com\/product\/yoast-seo-wordpress\/ -->\n<title>C\u0102MINE PENTRU PERSOANE V\u00c2RSTNICE 2022 - Institu\u021bia Avocatul Poporului<\/title>\n<meta name=\"robots\" content=\"index, follow, max-snippet:-1, max-image-preview:large, max-video-preview:-1\" \/>\n<link rel=\"canonical\" href=\"https:\/\/avp.ro\/index.php\/camine-pentru-persoane-varstnice-2022\/\" \/>\n<meta property=\"og:locale\" content=\"en_US\" \/>\n<meta property=\"og:type\" content=\"article\" \/>\n<meta property=\"og:title\" content=\"C\u0102MINE PENTRU PERSOANE V\u00c2RSTNICE 2022 - Institu\u021bia Avocatul Poporului\" \/>\n<meta property=\"og:description\" content=\"&nbsp; &nbsp; 15. Raportul privind vizita efectuat\u0103 la Centrul Reziden\u021bial de Asisten\u021b\u0103 \u0219i Reintegrare Social\u0103 pentru Persoane F\u0103r\u0103 Ad\u0103post Victoria, jude\u021bul Bra\u0219ov -R\u0103spunsul primit de la Centrul Reziden\u021bial de Asisten\u021b\u0103&hellip;\" \/>\n<meta property=\"og:url\" content=\"https:\/\/avp.ro\/index.php\/camine-pentru-persoane-varstnice-2022\/\" \/>\n<meta property=\"og:site_name\" content=\"Institu\u021bia Avocatul Poporului\" \/>\n<meta property=\"article:modified_time\" content=\"2023-04-24T06:09:17+00:00\" \/>\n<meta name=\"twitter:card\" content=\"summary_large_image\" \/>\n<meta name=\"twitter:label1\" content=\"Est. reading time\" \/>\n\t<meta name=\"twitter:data1\" content=\"2 minutes\" \/>\n<script type=\"application\/ld+json\" class=\"yoast-schema-graph\">{\"@context\":\"https:\\\/\\\/schema.org\",\"@graph\":[{\"@type\":\"WebPage\",\"@id\":\"https:\\\/\\\/avp.ro\\\/index.php\\\/camine-pentru-persoane-varstnice-2022\\\/\",\"url\":\"https:\\\/\\\/avp.ro\\\/index.php\\\/camine-pentru-persoane-varstnice-2022\\\/\",\"name\":\"C\u0102MINE PENTRU PERSOANE V\u00c2RSTNICE 2022 - Institu\u021bia Avocatul Poporului\",\"isPartOf\":{\"@id\":\"https:\\\/\\\/avp.ro\\\/#website\"},\"datePublished\":\"2022-02-16T13:38:43+00:00\",\"dateModified\":\"2023-04-24T06:09:17+00:00\",\"breadcrumb\":{\"@id\":\"https:\\\/\\\/avp.ro\\\/index.php\\\/camine-pentru-persoane-varstnice-2022\\\/#breadcrumb\"},\"inLanguage\":\"en-US\",\"potentialAction\":[{\"@type\":\"ReadAction\",\"target\":[\"https:\\\/\\\/avp.ro\\\/index.php\\\/camine-pentru-persoane-varstnice-2022\\\/\"]}]},{\"@type\":\"BreadcrumbList\",\"@id\":\"https:\\\/\\\/avp.ro\\\/index.php\\\/camine-pentru-persoane-varstnice-2022\\\/#breadcrumb\",\"itemListElement\":[{\"@type\":\"ListItem\",\"position\":1,\"name\":\"Home\",\"item\":\"https:\\\/\\\/avp.ro\\\/\"},{\"@type\":\"ListItem\",\"position\":2,\"name\":\"C\u0102MINE PENTRU PERSOANE V\u00c2RSTNICE 2022\"}]},{\"@type\":\"WebSite\",\"@id\":\"https:\\\/\\\/avp.ro\\\/#website\",\"url\":\"https:\\\/\\\/avp.ro\\\/\",\"name\":\"Institu\u021bia Avocatul Poporului\",\"description\":\"People\u2019s Advocate institution - Office of the Ombudsman\",\"publisher\":{\"@id\":\"https:\\\/\\\/avp.ro\\\/#organization\"},\"potentialAction\":[{\"@type\":\"SearchAction\",\"target\":{\"@type\":\"EntryPoint\",\"urlTemplate\":\"https:\\\/\\\/avp.ro\\\/?s={search_term_string}\"},\"query-input\":{\"@type\":\"PropertyValueSpecification\",\"valueRequired\":true,\"valueName\":\"search_term_string\"}}],\"inLanguage\":\"en-US\"},{\"@type\":\"Organization\",\"@id\":\"https:\\\/\\\/avp.ro\\\/#organization\",\"name\":\"Institutia Avocatul Poporului\",\"url\":\"https:\\\/\\\/avp.ro\\\/\",\"logo\":{\"@type\":\"ImageObject\",\"inLanguage\":\"en-US\",\"@id\":\"https:\\\/\\\/avp.ro\\\/#\\\/schema\\\/logo\\\/image\\\/\",\"url\":\"https:\\\/\\\/avp.ro\\\/wp-content\\\/uploads\\\/2020\\\/09\\\/cropped-AP.jpg\",\"contentUrl\":\"https:\\\/\\\/avp.ro\\\/wp-content\\\/uploads\\\/2020\\\/09\\\/cropped-AP.jpg\",\"width\":160,\"height\":146,\"caption\":\"Institutia Avocatul Poporului\"},\"image\":{\"@id\":\"https:\\\/\\\/avp.ro\\\/#\\\/schema\\\/logo\\\/image\\\/\"}}]}<\/script>\n<!-- \/ Yoast SEO plugin. -->","yoast_head_json":{"title":"C\u0102MINE PENTRU PERSOANE V\u00c2RSTNICE 2022 - Institu\u021bia Avocatul Poporului","robots":{"index":"index","follow":"follow","max-snippet":"max-snippet:-1","max-image-preview":"max-image-preview:large","max-video-preview":"max-video-preview:-1"},"canonical":"https:\/\/avp.ro\/index.php\/camine-pentru-persoane-varstnice-2022\/","og_locale":"en_US","og_type":"article","og_title":"C\u0102MINE PENTRU PERSOANE V\u00c2RSTNICE 2022 - Institu\u021bia Avocatul Poporului","og_description":"&nbsp; &nbsp; 15. Raportul privind vizita efectuat\u0103 la Centrul Reziden\u021bial de Asisten\u021b\u0103 \u0219i Reintegrare Social\u0103 pentru Persoane F\u0103r\u0103 Ad\u0103post Victoria, jude\u021bul Bra\u0219ov -R\u0103spunsul primit de la Centrul Reziden\u021bial de Asisten\u021b\u0103&hellip;","og_url":"https:\/\/avp.ro\/index.php\/camine-pentru-persoane-varstnice-2022\/","og_site_name":"Institu\u021bia Avocatul Poporului","article_modified_time":"2023-04-24T06:09:17+00:00","twitter_card":"summary_large_image","twitter_misc":{"Est. reading time":"2 minutes"},"schema":{"@context":"https:\/\/schema.org","@graph":[{"@type":"WebPage","@id":"https:\/\/avp.ro\/index.php\/camine-pentru-persoane-varstnice-2022\/","url":"https:\/\/avp.ro\/index.php\/camine-pentru-persoane-varstnice-2022\/","name":"C\u0102MINE PENTRU PERSOANE V\u00c2RSTNICE 2022 - Institu\u021bia Avocatul Poporului","isPartOf":{"@id":"https:\/\/avp.ro\/#website"},"datePublished":"2022-02-16T13:38:43+00:00","dateModified":"2023-04-24T06:09:17+00:00","breadcrumb":{"@id":"https:\/\/avp.ro\/index.php\/camine-pentru-persoane-varstnice-2022\/#breadcrumb"},"inLanguage":"en-US","potentialAction":[{"@type":"ReadAction","target":["https:\/\/avp.ro\/index.php\/camine-pentru-persoane-varstnice-2022\/"]}]},{"@type":"BreadcrumbList","@id":"https:\/\/avp.ro\/index.php\/camine-pentru-persoane-varstnice-2022\/#breadcrumb","itemListElement":[{"@type":"ListItem","position":1,"name":"Home","item":"https:\/\/avp.ro\/"},{"@type":"ListItem","position":2,"name":"C\u0102MINE PENTRU PERSOANE V\u00c2RSTNICE 2022"}]},{"@type":"WebSite","@id":"https:\/\/avp.ro\/#website","url":"https:\/\/avp.ro\/","name":"Institu\u021bia Avocatul Poporului","description":"People\u2019s Advocate institution - Office of the Ombudsman","publisher":{"@id":"https:\/\/avp.ro\/#organization"},"potentialAction":[{"@type":"SearchAction","target":{"@type":"EntryPoint","urlTemplate":"https:\/\/avp.ro\/?s={search_term_string}"},"query-input":{"@type":"PropertyValueSpecification","valueRequired":true,"valueName":"search_term_string"}}],"inLanguage":"en-US"},{"@type":"Organization","@id":"https:\/\/avp.ro\/#organization","name":"Institutia Avocatul Poporului","url":"https:\/\/avp.ro\/","logo":{"@type":"ImageObject","inLanguage":"en-US","@id":"https:\/\/avp.ro\/#\/schema\/logo\/image\/","url":"https:\/\/avp.ro\/wp-content\/uploads\/2020\/09\/cropped-AP.jpg","contentUrl":"https:\/\/avp.ro\/wp-content\/uploads\/2020\/09\/cropped-AP.jpg","width":160,"height":146,"caption":"Institutia Avocatul Poporului"},"image":{"@id":"https:\/\/avp.ro\/#\/schema\/logo\/image\/"}}]}},"_links":{"self":[{"href":"https:\/\/avp.ro\/index.php\/wp-json\/wp\/v2\/pages\/5447","targetHints":{"allow":["GET"]}}],"collection":[{"href":"https:\/\/avp.ro\/index.php\/wp-json\/wp\/v2\/pages"}],"about":[{"href":"https:\/\/avp.ro\/index.php\/wp-json\/wp\/v2\/types\/page"}],"author":[{"embeddable":true,"href":"https:\/\/avp.ro\/index.php\/wp-json\/wp\/v2\/users\/1"}],"replies":[{"embeddable":true,"href":"https:\/\/avp.ro\/index.php\/wp-json\/wp\/v2\/comments?post=5447"}],"version-history":[{"count":33,"href":"https:\/\/avp.ro\/index.php\/wp-json\/wp\/v2\/pages\/5447\/revisions"}],"predecessor-version":[{"id":8736,"href":"https:\/\/avp.ro\/index.php\/wp-json\/wp\/v2\/pages\/5447\/revisions\/8736"}],"wp:attachment":[{"href":"https:\/\/avp.ro\/index.php\/wp-json\/wp\/v2\/media?parent=5447"}],"curies":[{"name":"wp","href":"https:\/\/api.w.org\/{rel}","templated":true}]}}